{"id":274,"date":"2023-09-29T09:21:14","date_gmt":"2023-09-29T09:21:14","guid":{"rendered":"https:\/\/fgtb-verviers.be\/agenda\/"},"modified":"2023-10-18T11:44:46","modified_gmt":"2023-10-18T11:44:46","slug":"agenda","status":"publish","type":"page","link":"https:\/\/fgtb-verviers.be\/de\/agenda\/","title":{"rendered":"Agenda"},"content":{"rendered":"\n<p>Entdecken Sie die spannenden Veranstaltungen des FGTB Verviers in unserem Terminkalender. Von Schulungen bis zu Kundgebungen &#8211; bleiben Sie auf dem Laufenden \u00fcber unsere Aktivit\u00e4ten f\u00fcr die Arbeitnehmer in der Region. Schlie\u00dfen Sie sich uns an, um Ihren beruflichen Werdegang zu bereichern und Ihre Rechte zu verteidigen.<\/p>\n","protected":false},"excerpt":{"rendered":"<p>Entdecken Sie die spannenden Veranstaltungen des FGTB Verviers in unserem Terminkalender. Von Schulungen bis zu Kundgebungen &#8211; bleiben Sie auf dem Laufenden \u00fcber unsere Aktivit\u00e4ten f\u00fcr die Arbeitnehmer in der Region. Schlie\u00dfen Sie sich uns an, um Ihren beruflichen Werdegang zu bereichern und Ihre Rechte zu verteidigen.<\/p>\n","protected":false},"author":1,"featured_media":248,"parent":0,"menu_order":2,"comment_status":"closed","ping_status":"closed","template":"template-agenda.php","meta":{"_acf_changed":false,"inline_featured_image":false,"footnotes":""},"class_list":["post-274","page","type-page","status-publish","has-post-thumbnail","hentry"],"acf":[],"yoast_head":"<!-- This site is optimized with the Yoast SEO plugin v27.4 - https:\/\/yoast.com\/product\/yoast-seo-wordpress\/ -->\n<title>Agenda - FGTB Verviers<\/title>\n<meta name=\"robots\" content=\"index, follow, max-snippet:-1, max-image-preview:large, max-video-preview:-1\" \/>\n<link rel=\"canonical\" href=\"http:\/\/fgtb-verviers.be\/de\/agenda\/\" \/>\n<meta property=\"og:locale\" content=\"de_DE\" \/>\n<meta property=\"og:type\" content=\"article\" \/>\n<meta property=\"og:title\" content=\"Agenda - FGTB Verviers\" \/>\n<meta property=\"og:description\" content=\"Entdecken Sie die spannenden Veranstaltungen des FGTB Verviers in unserem Terminkalender. Von Schulungen bis zu Kundgebungen &#8211; bleiben Sie auf dem Laufenden \u00fcber unsere Aktivit\u00e4ten f\u00fcr die Arbeitnehmer in der Region. Schlie\u00dfen Sie sich uns an, um Ihren beruflichen Werdegang zu bereichern und Ihre Rechte zu verteidigen.\" \/>\n<meta property=\"og:url\" content=\"http:\/\/fgtb-verviers.be\/de\/agenda\/\" \/>\n<meta property=\"og:site_name\" content=\"FGTB Verviers\" \/>\n<meta property=\"article:modified_time\" content=\"2023-10-18T11:44:46+00:00\" \/>\n<meta property=\"og:image\" content=\"http:\/\/fgtb-verviers.be\/wp-content\/uploads\/2023\/10\/pexels-marc-mueller-380769.jpg\" \/>\n\t<meta property=\"og:image:width\" content=\"1920\" \/>\n\t<meta property=\"og:image:height\" content=\"1078\" \/>\n\t<meta property=\"og:image:type\" content=\"image\/jpeg\" \/>\n<meta name=\"twitter:card\" content=\"summary_large_image\" \/>\n<script type=\"application\/ld+json\" class=\"yoast-schema-graph\">{\"@context\":\"https:\\\/\\\/schema.org\",\"@graph\":[{\"@type\":\"WebPage\",\"@id\":\"http:\\\/\\\/fgtb-verviers.be\\\/de\\\/agenda\\\/\",\"url\":\"http:\\\/\\\/fgtb-verviers.be\\\/de\\\/agenda\\\/\",\"name\":\"Agenda - FGTB Verviers\",\"isPartOf\":{\"@id\":\"http:\\\/\\\/fgtb-verviers.be\\\/#website\"},\"primaryImageOfPage\":{\"@id\":\"http:\\\/\\\/fgtb-verviers.be\\\/de\\\/agenda\\\/#primaryimage\"},\"image\":{\"@id\":\"http:\\\/\\\/fgtb-verviers.be\\\/de\\\/agenda\\\/#primaryimage\"},\"thumbnailUrl\":\"https:\\\/\\\/fgtb-verviers.be\\\/wp-content\\\/uploads\\\/2023\\\/10\\\/pexels-marc-mueller-380769.jpg\",\"datePublished\":\"2023-09-29T09:21:14+00:00\",\"dateModified\":\"2023-10-18T11:44:46+00:00\",\"breadcrumb\":{\"@id\":\"http:\\\/\\\/fgtb-verviers.be\\\/de\\\/agenda\\\/#breadcrumb\"},\"inLanguage\":\"de\",\"potentialAction\":[{\"@type\":\"ReadAction\",\"target\":[\"http:\\\/\\\/fgtb-verviers.be\\\/de\\\/agenda\\\/\"]}]},{\"@type\":\"ImageObject\",\"inLanguage\":\"de\",\"@id\":\"http:\\\/\\\/fgtb-verviers.be\\\/de\\\/agenda\\\/#primaryimage\",\"url\":\"https:\\\/\\\/fgtb-verviers.be\\\/wp-content\\\/uploads\\\/2023\\\/10\\\/pexels-marc-mueller-380769.jpg\",\"contentUrl\":\"https:\\\/\\\/fgtb-verviers.be\\\/wp-content\\\/uploads\\\/2023\\\/10\\\/pexels-marc-mueller-380769.jpg\",\"width\":1920,\"height\":1078},{\"@type\":\"BreadcrumbList\",\"@id\":\"http:\\\/\\\/fgtb-verviers.be\\\/de\\\/agenda\\\/#breadcrumb\",\"itemListElement\":[{\"@type\":\"ListItem\",\"position\":1,\"name\":\"Accueil\",\"item\":\"http:\\\/\\\/fgtb-verviers.be\\\/\"},{\"@type\":\"ListItem\",\"position\":2,\"name\":\"Agenda\"}]},{\"@type\":\"WebSite\",\"@id\":\"http:\\\/\\\/fgtb-verviers.be\\\/#website\",\"url\":\"http:\\\/\\\/fgtb-verviers.be\\\/\",\"name\":\"FGTB Verviers\",\"description\":\"Ensemble, on est plus forts !\",\"potentialAction\":[{\"@type\":\"SearchAction\",\"target\":{\"@type\":\"EntryPoint\",\"urlTemplate\":\"http:\\\/\\\/fgtb-verviers.be\\\/?s={search_term_string}\"},\"query-input\":{\"@type\":\"PropertyValueSpecification\",\"valueRequired\":true,\"valueName\":\"search_term_string\"}}],\"inLanguage\":\"de\"}]}<\/script>\n<!-- \/ Yoast SEO plugin. -->","yoast_head_json":{"title":"Agenda - FGTB Verviers","robots":{"index":"index","follow":"follow","max-snippet":"max-snippet:-1","max-image-preview":"max-image-preview:large","max-video-preview":"max-video-preview:-1"},"canonical":"http:\/\/fgtb-verviers.be\/de\/agenda\/","og_locale":"de_DE","og_type":"article","og_title":"Agenda - FGTB Verviers","og_description":"Entdecken Sie die spannenden Veranstaltungen des FGTB Verviers in unserem Terminkalender. Von Schulungen bis zu Kundgebungen &#8211; bleiben Sie auf dem Laufenden \u00fcber unsere Aktivit\u00e4ten f\u00fcr die Arbeitnehmer in der Region. Schlie\u00dfen Sie sich uns an, um Ihren beruflichen Werdegang zu bereichern und Ihre Rechte zu verteidigen.","og_url":"http:\/\/fgtb-verviers.be\/de\/agenda\/","og_site_name":"FGTB Verviers","article_modified_time":"2023-10-18T11:44:46+00:00","og_image":[{"width":1920,"height":1078,"url":"http:\/\/fgtb-verviers.be\/wp-content\/uploads\/2023\/10\/pexels-marc-mueller-380769.jpg","type":"image\/jpeg"}],"twitter_card":"summary_large_image","schema":{"@context":"https:\/\/schema.org","@graph":[{"@type":"WebPage","@id":"http:\/\/fgtb-verviers.be\/de\/agenda\/","url":"http:\/\/fgtb-verviers.be\/de\/agenda\/","name":"Agenda - FGTB Verviers","isPartOf":{"@id":"http:\/\/fgtb-verviers.be\/#website"},"primaryImageOfPage":{"@id":"http:\/\/fgtb-verviers.be\/de\/agenda\/#primaryimage"},"image":{"@id":"http:\/\/fgtb-verviers.be\/de\/agenda\/#primaryimage"},"thumbnailUrl":"https:\/\/fgtb-verviers.be\/wp-content\/uploads\/2023\/10\/pexels-marc-mueller-380769.jpg","datePublished":"2023-09-29T09:21:14+00:00","dateModified":"2023-10-18T11:44:46+00:00","breadcrumb":{"@id":"http:\/\/fgtb-verviers.be\/de\/agenda\/#breadcrumb"},"inLanguage":"de","potentialAction":[{"@type":"ReadAction","target":["http:\/\/fgtb-verviers.be\/de\/agenda\/"]}]},{"@type":"ImageObject","inLanguage":"de","@id":"http:\/\/fgtb-verviers.be\/de\/agenda\/#primaryimage","url":"https:\/\/fgtb-verviers.be\/wp-content\/uploads\/2023\/10\/pexels-marc-mueller-380769.jpg","contentUrl":"https:\/\/fgtb-verviers.be\/wp-content\/uploads\/2023\/10\/pexels-marc-mueller-380769.jpg","width":1920,"height":1078},{"@type":"BreadcrumbList","@id":"http:\/\/fgtb-verviers.be\/de\/agenda\/#breadcrumb","itemListElement":[{"@type":"ListItem","position":1,"name":"Accueil","item":"http:\/\/fgtb-verviers.be\/"},{"@type":"ListItem","position":2,"name":"Agenda"}]},{"@type":"WebSite","@id":"http:\/\/fgtb-verviers.be\/#website","url":"http:\/\/fgtb-verviers.be\/","name":"FGTB Verviers","description":"Ensemble, on est plus forts !","potentialAction":[{"@type":"SearchAction","target":{"@type":"EntryPoint","urlTemplate":"http:\/\/fgtb-verviers.be\/?s={search_term_string}"},"query-input":{"@type":"PropertyValueSpecification","valueRequired":true,"valueName":"search_term_string"}}],"inLanguage":"de"}]}},"_links":{"self":[{"href":"https:\/\/fgtb-verviers.be\/de\/wp-json\/wp\/v2\/pages\/274","targetHints":{"allow":["GET"]}}],"collection":[{"href":"https:\/\/fgtb-verviers.be\/de\/wp-json\/wp\/v2\/pages"}],"about":[{"href":"https:\/\/fgtb-verviers.be\/de\/wp-json\/wp\/v2\/types\/page"}],"author":[{"embeddable":true,"href":"https:\/\/fgtb-verviers.be\/de\/wp-json\/wp\/v2\/users\/1"}],"replies":[{"embeddable":true,"href":"https:\/\/fgtb-verviers.be\/de\/wp-json\/wp\/v2\/comments?post=274"}],"version-history":[{"count":1,"href":"https:\/\/fgtb-verviers.be\/de\/wp-json\/wp\/v2\/pages\/274\/revisions"}],"predecessor-version":[{"id":275,"href":"https:\/\/fgtb-verviers.be\/de\/wp-json\/wp\/v2\/pages\/274\/revisions\/275"}],"wp:featuredmedia":[{"embeddable":true,"href":"https:\/\/fgtb-verviers.be\/de\/wp-json\/wp\/v2\/media\/248"}],"wp:attachment":[{"href":"https:\/\/fgtb-verviers.be\/de\/wp-json\/wp\/v2\/media?parent=274"}],"curies":[{"name":"wp","href":"https:\/\/api.w.org\/{rel}","templated":true}]}}

<p>Entdecken Sie die spannenden Veranstaltungen des FGTB Verviers in unserem Terminkalender. Von Schulungen bis zu Kundgebungen &#8211; bleiben Sie auf dem Laufenden über unsere Aktivitäten für die Arbeitnehmer in der Region. Schließen Sie sich uns an, um Ihren beruflichen Werdegang zu bereichern und Ihre Rechte zu verteidigen.</p>

<!-- This site is optimized with the Yoast SEO plugin v27.4 - https://yoast.com/product/yoast-seo-wordpress/ -->
<title>Agenda - FGTB Verviers</title>
<meta name="robots" content="index, follow, max-snippet:-1, max-image-preview:large, max-video-preview:-1" />
<link rel="canonical" href="http://fgtb-verviers.be/de/agenda/" />
<meta property="og:locale" content="de_DE" />
<meta property="og:type" content="article" />
<meta property="og:title" content="Agenda - FGTB Verviers" />
<meta property="og:description" content="Entdecken Sie die spannenden Veranstaltungen des FGTB Verviers in unserem Terminkalender. Von Schulungen bis zu Kundgebungen &#8211; bleiben Sie auf dem Laufenden über unsere Aktivitäten für die Arbeitnehmer in der Region. Schließen Sie sich uns an, um Ihren beruflichen Werdegang zu bereichern und Ihre Rechte zu verteidigen." />
<meta property="og:url" content="http://fgtb-verviers.be/de/agenda/" />
<meta property="og:site_name" content="FGTB Verviers" />
<meta property="article:modified_time" content="2023-10-18T11:44:46+00:00" />
<meta property="og:image" content="http://fgtb-verviers.be/wp-content/uploads/2023/10/pexels-marc-mueller-380769.jpg" />
	<meta property="og:image:width" content="1920" />
	<meta property="og:image:height" content="1078" />
	<meta property="og:image:type" content="image/jpeg" />
<meta name="twitter:card" content="summary_large_image" />
<script type="application/ld+json" class="yoast-schema-graph">{"@context":"https:\/\/schema.org","@graph":[{"@type":"WebPage","@id":"http:\/\/fgtb-verviers.be\/de\/agenda\/","url":"http:\/\/fgtb-verviers.be\/de\/agenda\/","name":"Agenda - FGTB Verviers","isPartOf":{"@id":"http:\/\/fgtb-verviers.be\/#website"},"primaryImageOfPage":{"@id":"http:\/\/fgtb-verviers.be\/de\/agenda\/#primaryimage"},"image":{"@id":"http:\/\/fgtb-verviers.be\/de\/agenda\/#primaryimage"},"thumbnailUrl":"https:\/\/fgtb-verviers.be\/wp-content\/uploads\/2023\/10\/pexels-marc-mueller-380769.jpg","datePublished":"2023-09-29T09:21:14+00:00","dateModified":"2023-10-18T11:44:46+00:00","breadcrumb":{"@id":"http:\/\/fgtb-verviers.be\/de\/agenda\/#breadcrumb"},"inLanguage":"de","potentialAction":[{"@type":"ReadAction","target":["http:\/\/fgtb-verviers.be\/de\/agenda\/"]}]},{"@type":"ImageObject","inLanguage":"de","@id":"http:\/\/fgtb-verviers.be\/de\/agenda\/#primaryimage","url":"https:\/\/fgtb-verviers.be\/wp-content\/uploads\/2023\/10\/pexels-marc-mueller-380769.jpg","contentUrl":"https:\/\/fgtb-verviers.be\/wp-content\/uploads\/2023\/10\/pexels-marc-mueller-380769.jpg","width":1920,"height":1078},{"@type":"BreadcrumbList","@id":"http:\/\/fgtb-verviers.be\/de\/agenda\/#breadcrumb","itemListElement":[{"@type":"ListItem","position":1,"name":"Accueil","item":"http:\/\/fgtb-verviers.be\/"},{"@type":"ListItem","position":2,"name":"Agenda"}]},{"@type":"WebSite","@id":"http:\/\/fgtb-verviers.be\/#website","url":"http:\/\/fgtb-verviers.be\/","name":"FGTB Verviers","description":"Ensemble, on est plus forts !","potentialAction":[{"@type":"SearchAction","target":{"@type":"EntryPoint","urlTemplate":"http:\/\/fgtb-verviers.be\/?s={search_term_string}"},"query-input":{"@type":"PropertyValueSpecification","valueRequired":true,"valueName":"search_term_string"}}],"inLanguage":"de"}]}</script>
<!-- / Yoast SEO plugin. -->

Entdecken Sie die spannenden Veranstaltungen des FGTB Verviers in unserem Terminkalender. Von Schulungen bis zu Kundgebungen &#8211; bleiben Sie auf dem Laufenden über unsere Aktivitäten für die Arbeitnehmer in der Region. Schließen Sie sich uns an, um Ihren beruflichen Werdegang zu bereichern und Ihre Rechte zu verteidigen.
