{"id":300,"date":"2023-10-12T09:44:18","date_gmt":"2023-10-12T09:44:18","guid":{"rendered":"https:\/\/fgtb-verviers.be\/centrales\/ernahrungszentrale\/"},"modified":"2023-11-28T13:36:11","modified_gmt":"2023-11-28T13:36:11","slug":"ernahrungszentrale","status":"publish","type":"centrales","link":"https:\/\/fgtb-verviers.be\/de\/centrales\/ernahrungszentrale\/","title":{"rendered":"Horval"},"content":{"rendered":"\n<h2 class=\"wp-block-heading\">Pr\u00e4sentation <\/h2>\n\n\n\n<p>Egal, ob Sie ein Produzent, ein H\u00e4ndler oder ein Lebensmittelprofi sind, die Centrale de l&#8217;Alimentation ist da, um Ihre Bed\u00fcrfnisse zu erf\u00fcllen. Wir bieten Beratungsdienste, Schulungen und innovative L\u00f6sungen f\u00fcr die Herausforderungen der modernen Lebensmittelindustrie. Gemeinsam schaffen wir eine Zukunft, in der Qualit\u00e4t und Nachhaltigkeit auf jedem Teller liegen.<\/p>\n\n\n\n<p>Treten Sie der Centrale de l&#8217;Alimentation bei und werden Sie Teil einer Gemeinschaft, die sich der kontinuierlichen Verbesserung der Lebensmittelindustrie in Belgien verschrieben hat.<\/p>\n","protected":false},"excerpt":{"rendered":"<p>Die Lebensmittelzentrale, Ihr Partner f\u00fcr eine erfolgreiche Lebensmittelindustrie. Mit unserem unersch\u00fctterlichen Engagement f\u00fcr Qualit\u00e4t, Lebensmittelsicherheit und Innovation stehen wir seit vielen Jahren im Zentrum der belgischen Lebensmittelindustrie. Unsere Aufgabe ist es, Unternehmen zu unterst\u00fctzen, Spitzenleistungen zu f\u00f6rdern und sicherzustellen, dass die Verbraucher Zugang zu Lebensmitteln von h\u00f6chster Qualit\u00e4t haben.<\/p>\n","protected":false},"featured_media":1115,"template":"","categories":[],"class_list":["post-300","centrales","type-centrales","status-publish","has-post-thumbnail","hentry"],"acf":[],"yoast_head":"<!-- This site is optimized with the Yoast SEO plugin v27.4 - https:\/\/yoast.com\/product\/yoast-seo-wordpress\/ -->\n<title>Horval - FGTB Verviers<\/title>\n<meta name=\"robots\" content=\"index, follow, max-snippet:-1, max-image-preview:large, max-video-preview:-1\" \/>\n<link rel=\"canonical\" href=\"https:\/\/fgtb-verviers.be\/de\/centrales\/ernahrungszentrale\/\" \/>\n<meta property=\"og:locale\" content=\"de_DE\" \/>\n<meta property=\"og:type\" content=\"article\" \/>\n<meta property=\"og:title\" content=\"Horval - FGTB Verviers\" \/>\n<meta property=\"og:description\" content=\"Die Lebensmittelzentrale, Ihr Partner f\u00fcr eine erfolgreiche Lebensmittelindustrie. Mit unserem unersch\u00fctterlichen Engagement f\u00fcr Qualit\u00e4t, Lebensmittelsicherheit und Innovation stehen wir seit vielen Jahren im Zentrum der belgischen Lebensmittelindustrie. Unsere Aufgabe ist es, Unternehmen zu unterst\u00fctzen, Spitzenleistungen zu f\u00f6rdern und sicherzustellen, dass die Verbraucher Zugang zu Lebensmitteln von h\u00f6chster Qualit\u00e4t haben.\" \/>\n<meta property=\"og:url\" content=\"https:\/\/fgtb-verviers.be\/de\/centrales\/ernahrungszentrale\/\" \/>\n<meta property=\"og:site_name\" content=\"FGTB Verviers\" \/>\n<meta property=\"article:modified_time\" content=\"2023-11-28T13:36:11+00:00\" \/>\n<meta property=\"og:image\" content=\"https:\/\/fgtb-verviers.be\/wp-content\/uploads\/2023\/10\/Horval-verviers-3.png\" \/>\n\t<meta property=\"og:image:width\" content=\"1014\" \/>\n\t<meta property=\"og:image:height\" content=\"265\" \/>\n\t<meta property=\"og:image:type\" content=\"image\/png\" \/>\n<meta name=\"twitter:card\" content=\"summary_large_image\" \/>\n<meta name=\"twitter:label1\" content=\"Gesch\u00e4tzte Lesezeit\" \/>\n\t<meta name=\"twitter:data1\" content=\"1\u00a0Minute\" \/>\n<script type=\"application\/ld+json\" class=\"yoast-schema-graph\">{\"@context\":\"https:\\\/\\\/schema.org\",\"@graph\":[{\"@type\":\"WebPage\",\"@id\":\"https:\\\/\\\/fgtb-verviers.be\\\/de\\\/centrales\\\/ernahrungszentrale\\\/\",\"url\":\"https:\\\/\\\/fgtb-verviers.be\\\/de\\\/centrales\\\/ernahrungszentrale\\\/\",\"name\":\"Horval - FGTB Verviers\",\"isPartOf\":{\"@id\":\"http:\\\/\\\/fgtb-verviers.be\\\/#website\"},\"primaryImageOfPage\":{\"@id\":\"https:\\\/\\\/fgtb-verviers.be\\\/de\\\/centrales\\\/ernahrungszentrale\\\/#primaryimage\"},\"image\":{\"@id\":\"https:\\\/\\\/fgtb-verviers.be\\\/de\\\/centrales\\\/ernahrungszentrale\\\/#primaryimage\"},\"thumbnailUrl\":\"https:\\\/\\\/fgtb-verviers.be\\\/wp-content\\\/uploads\\\/2023\\\/10\\\/Horval-verviers-3.png\",\"datePublished\":\"2023-10-12T09:44:18+00:00\",\"dateModified\":\"2023-11-28T13:36:11+00:00\",\"breadcrumb\":{\"@id\":\"https:\\\/\\\/fgtb-verviers.be\\\/de\\\/centrales\\\/ernahrungszentrale\\\/#breadcrumb\"},\"inLanguage\":\"de\",\"potentialAction\":[{\"@type\":\"ReadAction\",\"target\":[\"https:\\\/\\\/fgtb-verviers.be\\\/de\\\/centrales\\\/ernahrungszentrale\\\/\"]}]},{\"@type\":\"ImageObject\",\"inLanguage\":\"de\",\"@id\":\"https:\\\/\\\/fgtb-verviers.be\\\/de\\\/centrales\\\/ernahrungszentrale\\\/#primaryimage\",\"url\":\"https:\\\/\\\/fgtb-verviers.be\\\/wp-content\\\/uploads\\\/2023\\\/10\\\/Horval-verviers-3.png\",\"contentUrl\":\"https:\\\/\\\/fgtb-verviers.be\\\/wp-content\\\/uploads\\\/2023\\\/10\\\/Horval-verviers-3.png\",\"width\":1014,\"height\":265},{\"@type\":\"BreadcrumbList\",\"@id\":\"https:\\\/\\\/fgtb-verviers.be\\\/de\\\/centrales\\\/ernahrungszentrale\\\/#breadcrumb\",\"itemListElement\":[{\"@type\":\"ListItem\",\"position\":1,\"name\":\"Accueil\",\"item\":\"http:\\\/\\\/fgtb-verviers.be\\\/\"},{\"@type\":\"ListItem\",\"position\":2,\"name\":\"Horval\"}]},{\"@type\":\"WebSite\",\"@id\":\"http:\\\/\\\/fgtb-verviers.be\\\/#website\",\"url\":\"http:\\\/\\\/fgtb-verviers.be\\\/\",\"name\":\"FGTB Verviers\",\"description\":\"Ensemble, on est plus forts !\",\"potentialAction\":[{\"@type\":\"SearchAction\",\"target\":{\"@type\":\"EntryPoint\",\"urlTemplate\":\"http:\\\/\\\/fgtb-verviers.be\\\/?s={search_term_string}\"},\"query-input\":{\"@type\":\"PropertyValueSpecification\",\"valueRequired\":true,\"valueName\":\"search_term_string\"}}],\"inLanguage\":\"de\"}]}<\/script>\n<!-- \/ Yoast SEO plugin. -->","yoast_head_json":{"title":"Horval - FGTB Verviers","robots":{"index":"index","follow":"follow","max-snippet":"max-snippet:-1","max-image-preview":"max-image-preview:large","max-video-preview":"max-video-preview:-1"},"canonical":"https:\/\/fgtb-verviers.be\/de\/centrales\/ernahrungszentrale\/","og_locale":"de_DE","og_type":"article","og_title":"Horval - FGTB Verviers","og_description":"Die Lebensmittelzentrale, Ihr Partner f\u00fcr eine erfolgreiche Lebensmittelindustrie. Mit unserem unersch\u00fctterlichen Engagement f\u00fcr Qualit\u00e4t, Lebensmittelsicherheit und Innovation stehen wir seit vielen Jahren im Zentrum der belgischen Lebensmittelindustrie. Unsere Aufgabe ist es, Unternehmen zu unterst\u00fctzen, Spitzenleistungen zu f\u00f6rdern und sicherzustellen, dass die Verbraucher Zugang zu Lebensmitteln von h\u00f6chster Qualit\u00e4t haben.","og_url":"https:\/\/fgtb-verviers.be\/de\/centrales\/ernahrungszentrale\/","og_site_name":"FGTB Verviers","article_modified_time":"2023-11-28T13:36:11+00:00","og_image":[{"width":1014,"height":265,"url":"https:\/\/fgtb-verviers.be\/wp-content\/uploads\/2023\/10\/Horval-verviers-3.png","type":"image\/png"}],"twitter_card":"summary_large_image","twitter_misc":{"Gesch\u00e4tzte Lesezeit":"1\u00a0Minute"},"schema":{"@context":"https:\/\/schema.org","@graph":[{"@type":"WebPage","@id":"https:\/\/fgtb-verviers.be\/de\/centrales\/ernahrungszentrale\/","url":"https:\/\/fgtb-verviers.be\/de\/centrales\/ernahrungszentrale\/","name":"Horval - FGTB Verviers","isPartOf":{"@id":"http:\/\/fgtb-verviers.be\/#website"},"primaryImageOfPage":{"@id":"https:\/\/fgtb-verviers.be\/de\/centrales\/ernahrungszentrale\/#primaryimage"},"image":{"@id":"https:\/\/fgtb-verviers.be\/de\/centrales\/ernahrungszentrale\/#primaryimage"},"thumbnailUrl":"https:\/\/fgtb-verviers.be\/wp-content\/uploads\/2023\/10\/Horval-verviers-3.png","datePublished":"2023-10-12T09:44:18+00:00","dateModified":"2023-11-28T13:36:11+00:00","breadcrumb":{"@id":"https:\/\/fgtb-verviers.be\/de\/centrales\/ernahrungszentrale\/#breadcrumb"},"inLanguage":"de","potentialAction":[{"@type":"ReadAction","target":["https:\/\/fgtb-verviers.be\/de\/centrales\/ernahrungszentrale\/"]}]},{"@type":"ImageObject","inLanguage":"de","@id":"https:\/\/fgtb-verviers.be\/de\/centrales\/ernahrungszentrale\/#primaryimage","url":"https:\/\/fgtb-verviers.be\/wp-content\/uploads\/2023\/10\/Horval-verviers-3.png","contentUrl":"https:\/\/fgtb-verviers.be\/wp-content\/uploads\/2023\/10\/Horval-verviers-3.png","width":1014,"height":265},{"@type":"BreadcrumbList","@id":"https:\/\/fgtb-verviers.be\/de\/centrales\/ernahrungszentrale\/#breadcrumb","itemListElement":[{"@type":"ListItem","position":1,"name":"Accueil","item":"http:\/\/fgtb-verviers.be\/"},{"@type":"ListItem","position":2,"name":"Horval"}]},{"@type":"WebSite","@id":"http:\/\/fgtb-verviers.be\/#website","url":"http:\/\/fgtb-verviers.be\/","name":"FGTB Verviers","description":"Ensemble, on est plus forts !","potentialAction":[{"@type":"SearchAction","target":{"@type":"EntryPoint","urlTemplate":"http:\/\/fgtb-verviers.be\/?s={search_term_string}"},"query-input":{"@type":"PropertyValueSpecification","valueRequired":true,"valueName":"search_term_string"}}],"inLanguage":"de"}]}},"_links":{"self":[{"href":"https:\/\/fgtb-verviers.be\/de\/wp-json\/wp\/v2\/centrales\/300","targetHints":{"allow":["GET"]}}],"collection":[{"href":"https:\/\/fgtb-verviers.be\/de\/wp-json\/wp\/v2\/centrales"}],"about":[{"href":"https:\/\/fgtb-verviers.be\/de\/wp-json\/wp\/v2\/types\/centrales"}],"wp:featuredmedia":[{"embeddable":true,"href":"https:\/\/fgtb-verviers.be\/de\/wp-json\/wp\/v2\/media\/1115"}],"wp:attachment":[{"href":"https:\/\/fgtb-verviers.be\/de\/wp-json\/wp\/v2\/media?parent=300"}],"wp:term":[{"taxonomy":"category","embeddable":true,"href":"https:\/\/fgtb-verviers.be\/de\/wp-json\/wp\/v2\/categories?post=300"}],"curies":[{"name":"wp","href":"https:\/\/api.w.org\/{rel}","templated":true}]}}

<h2 class="wp-block-heading">Präsentation </h2>



<p>Egal, ob Sie ein Produzent, ein Händler oder ein Lebensmittelprofi sind, die Centrale de l&#8217;Alimentation ist da, um Ihre Bedürfnisse zu erfüllen. Wir bieten Beratungsdienste, Schulungen und innovative Lösungen für die Herausforderungen der modernen Lebensmittelindustrie. Gemeinsam schaffen wir eine Zukunft, in der Qualität und Nachhaltigkeit auf jedem Teller liegen.</p>



<p>Treten Sie der Centrale de l&#8217;Alimentation bei und werden Sie Teil einer Gemeinschaft, die sich der kontinuierlichen Verbesserung der Lebensmittelindustrie in Belgien verschrieben hat.</p>

<p>Die Lebensmittelzentrale, Ihr Partner für eine erfolgreiche Lebensmittelindustrie. Mit unserem unerschütterlichen Engagement für Qualität, Lebensmittelsicherheit und Innovation stehen wir seit vielen Jahren im Zentrum der belgischen Lebensmittelindustrie. Unsere Aufgabe ist es, Unternehmen zu unterstützen, Spitzenleistungen zu fördern und sicherzustellen, dass die Verbraucher Zugang zu Lebensmitteln von höchster Qualität haben.</p>

<!-- This site is optimized with the Yoast SEO plugin v27.4 - https://yoast.com/product/yoast-seo-wordpress/ -->
<title>Horval - FGTB Verviers</title>
<meta name="robots" content="index, follow, max-snippet:-1, max-image-preview:large, max-video-preview:-1" />
<link rel="canonical" href="https://fgtb-verviers.be/de/centrales/ernahrungszentrale/" />
<meta property="og:locale" content="de_DE" />
<meta property="og:type" content="article" />
<meta property="og:title" content="Horval - FGTB Verviers" />
<meta property="og:description" content="Die Lebensmittelzentrale, Ihr Partner für eine erfolgreiche Lebensmittelindustrie. Mit unserem unerschütterlichen Engagement für Qualität, Lebensmittelsicherheit und Innovation stehen wir seit vielen Jahren im Zentrum der belgischen Lebensmittelindustrie. Unsere Aufgabe ist es, Unternehmen zu unterstützen, Spitzenleistungen zu fördern und sicherzustellen, dass die Verbraucher Zugang zu Lebensmitteln von höchster Qualität haben." />
<meta property="og:url" content="https://fgtb-verviers.be/de/centrales/ernahrungszentrale/" />
<meta property="og:site_name" content="FGTB Verviers" />
<meta property="article:modified_time" content="2023-11-28T13:36:11+00:00" />
<meta property="og:image" content="https://fgtb-verviers.be/wp-content/uploads/2023/10/Horval-verviers-3.png" />
	<meta property="og:image:width" content="1014" />
	<meta property="og:image:height" content="265" />
	<meta property="og:image:type" content="image/png" />
<meta name="twitter:card" content="summary_large_image" />
<meta name="twitter:label1" content="Geschätzte Lesezeit" />
	<meta name="twitter:data1" content="1 Minute" />
<script type="application/ld+json" class="yoast-schema-graph">{"@context":"https:\/\/schema.org","@graph":[{"@type":"WebPage","@id":"https:\/\/fgtb-verviers.be\/de\/centrales\/ernahrungszentrale\/","url":"https:\/\/fgtb-verviers.be\/de\/centrales\/ernahrungszentrale\/","name":"Horval - FGTB Verviers","isPartOf":{"@id":"http:\/\/fgtb-verviers.be\/#website"},"primaryImageOfPage":{"@id":"https:\/\/fgtb-verviers.be\/de\/centrales\/ernahrungszentrale\/#primaryimage"},"image":{"@id":"https:\/\/fgtb-verviers.be\/de\/centrales\/ernahrungszentrale\/#primaryimage"},"thumbnailUrl":"https:\/\/fgtb-verviers.be\/wp-content\/uploads\/2023\/10\/Horval-verviers-3.png","datePublished":"2023-10-12T09:44:18+00:00","dateModified":"2023-11-28T13:36:11+00:00","breadcrumb":{"@id":"https:\/\/fgtb-verviers.be\/de\/centrales\/ernahrungszentrale\/#breadcrumb"},"inLanguage":"de","potentialAction":[{"@type":"ReadAction","target":["https:\/\/fgtb-verviers.be\/de\/centrales\/ernahrungszentrale\/"]}]},{"@type":"ImageObject","inLanguage":"de","@id":"https:\/\/fgtb-verviers.be\/de\/centrales\/ernahrungszentrale\/#primaryimage","url":"https:\/\/fgtb-verviers.be\/wp-content\/uploads\/2023\/10\/Horval-verviers-3.png","contentUrl":"https:\/\/fgtb-verviers.be\/wp-content\/uploads\/2023\/10\/Horval-verviers-3.png","width":1014,"height":265},{"@type":"BreadcrumbList","@id":"https:\/\/fgtb-verviers.be\/de\/centrales\/ernahrungszentrale\/#breadcrumb","itemListElement":[{"@type":"ListItem","position":1,"name":"Accueil","item":"http:\/\/fgtb-verviers.be\/"},{"@type":"ListItem","position":2,"name":"Horval"}]},{"@type":"WebSite","@id":"http:\/\/fgtb-verviers.be\/#website","url":"http:\/\/fgtb-verviers.be\/","name":"FGTB Verviers","description":"Ensemble, on est plus forts !","potentialAction":[{"@type":"SearchAction","target":{"@type":"EntryPoint","urlTemplate":"http:\/\/fgtb-verviers.be\/?s={search_term_string}"},"query-input":{"@type":"PropertyValueSpecification","valueRequired":true,"valueName":"search_term_string"}}],"inLanguage":"de"}]}</script>
<!-- / Yoast SEO plugin. -->

Die Lebensmittelzentrale, Ihr Partner für eine erfolgreiche Lebensmittelindustrie. Mit unserem unerschütterlichen Engagement für Qualität, Lebensmittelsicherheit und Innovation stehen wir seit vielen Jahren im Zentrum der belgischen Lebensmittelindustrie. Unsere Aufgabe ist es, Unternehmen zu unterstützen, Spitzenleistungen zu fördern und sicherzustellen, dass die Verbraucher Zugang zu Lebensmitteln von höchster Qualität haben.
