{"id":299,"date":"2023-10-12T09:48:52","date_gmt":"2023-10-12T09:48:52","guid":{"rendered":"https:\/\/fgtb-verviers.be\/centrales\/allgemeine-zentrale\/"},"modified":"2023-11-20T12:27:07","modified_gmt":"2023-11-20T12:27:07","slug":"allgemeine-zentrale","status":"publish","type":"centrales","link":"https:\/\/fgtb-verviers.be\/de\/centrales\/allgemeine-zentrale\/","title":{"rendered":"Allgemeine Zentrale"},"content":{"rendered":"\n<h2 class=\"wp-block-heading\">Pr\u00e4sentation<\/h2>\n\n\n\n<p>Egal, ob Sie Angestellter, Techniker oder leitender Angestellter sind, die Centrale G\u00e9n\u00e9rale ist f\u00fcr Sie da. Wir arbeiten unerm\u00fcdlich daran, faire Tarifvertr\u00e4ge auszuhandeln, soziale Gerechtigkeit zu f\u00f6rdern und Ihre Interessen in allen relevanten Gremien zu vertreten. Unser Engagement f\u00fcr Solidarit\u00e4t und die Verteidigung von Arbeitnehmerrechten ist unersch\u00fctterlich.<\/p>\n\n\n\n<p>Wenn Sie der Centrale G\u00e9n\u00e9rale beitreten, werden Sie zu einem wesentlichen Teil der Gewerkschaftsbewegung, die die Zukunft der Arbeit in Belgien gestaltet. Schlie\u00dfen Sie sich uns noch heute an und verschaffen Sie Ihrer Stimme Geh\u00f6r, denn gemeinsam sind wir st\u00e4rker.<\/p>\n","protected":false},"excerpt":{"rendered":"<p>Die Generalzentrale, eine vereinte Kraft im Dienste der Arbeitnehmer. Seit vielen Jahrzehnten sind wir die Speerspitze bei der Verteidigung der Rechte und Interessen der Arbeitnehmerinnen und Arbeitnehmer in Belgien. Als dynamische und einflussreiche Gewerkschaft ist es unsere wichtigste Aufgabe, bessere Arbeitsbedingungen, faire L\u00f6hne und sichere Arbeitsumgebungen f\u00fcr unsere Mitglieder zu gew\u00e4hrleisten.<\/p>\n","protected":false},"featured_media":1117,"template":"","categories":[],"class_list":["post-299","centrales","type-centrales","status-publish","has-post-thumbnail","hentry"],"acf":[],"yoast_head":"<!-- This site is optimized with the Yoast SEO plugin v27.4 - https:\/\/yoast.com\/product\/yoast-seo-wordpress\/ -->\n<title>Allgemeine Zentrale - FGTB Verviers<\/title>\n<meta name=\"robots\" content=\"index, follow, max-snippet:-1, max-image-preview:large, max-video-preview:-1\" \/>\n<link rel=\"canonical\" href=\"http:\/\/fgtb-verviers.be\/de\/centrales\/allgemeine-zentrale\/\" \/>\n<meta property=\"og:locale\" content=\"de_DE\" \/>\n<meta property=\"og:type\" content=\"article\" \/>\n<meta property=\"og:title\" content=\"Allgemeine Zentrale - FGTB Verviers\" \/>\n<meta property=\"og:description\" content=\"Die Generalzentrale, eine vereinte Kraft im Dienste der Arbeitnehmer. Seit vielen Jahrzehnten sind wir die Speerspitze bei der Verteidigung der Rechte und Interessen der Arbeitnehmerinnen und Arbeitnehmer in Belgien. Als dynamische und einflussreiche Gewerkschaft ist es unsere wichtigste Aufgabe, bessere Arbeitsbedingungen, faire L\u00f6hne und sichere Arbeitsumgebungen f\u00fcr unsere Mitglieder zu gew\u00e4hrleisten.\" \/>\n<meta property=\"og:url\" content=\"http:\/\/fgtb-verviers.be\/de\/centrales\/allgemeine-zentrale\/\" \/>\n<meta property=\"og:site_name\" content=\"FGTB Verviers\" \/>\n<meta property=\"article:modified_time\" content=\"2023-11-20T12:27:07+00:00\" \/>\n<meta property=\"og:image\" content=\"http:\/\/fgtb-verviers.be\/wp-content\/uploads\/2023\/10\/CG-7.png\" \/>\n\t<meta property=\"og:image:width\" content=\"1131\" \/>\n\t<meta property=\"og:image:height\" content=\"299\" \/>\n\t<meta property=\"og:image:type\" content=\"image\/png\" \/>\n<meta name=\"twitter:card\" content=\"summary_large_image\" \/>\n<script type=\"application\/ld+json\" class=\"yoast-schema-graph\">{\"@context\":\"https:\\\/\\\/schema.org\",\"@graph\":[{\"@type\":\"WebPage\",\"@id\":\"http:\\\/\\\/fgtb-verviers.be\\\/de\\\/centrales\\\/allgemeine-zentrale\\\/\",\"url\":\"http:\\\/\\\/fgtb-verviers.be\\\/de\\\/centrales\\\/allgemeine-zentrale\\\/\",\"name\":\"Allgemeine Zentrale - FGTB Verviers\",\"isPartOf\":{\"@id\":\"http:\\\/\\\/fgtb-verviers.be\\\/#website\"},\"primaryImageOfPage\":{\"@id\":\"http:\\\/\\\/fgtb-verviers.be\\\/de\\\/centrales\\\/allgemeine-zentrale\\\/#primaryimage\"},\"image\":{\"@id\":\"http:\\\/\\\/fgtb-verviers.be\\\/de\\\/centrales\\\/allgemeine-zentrale\\\/#primaryimage\"},\"thumbnailUrl\":\"https:\\\/\\\/fgtb-verviers.be\\\/wp-content\\\/uploads\\\/2023\\\/10\\\/CG-7.png\",\"datePublished\":\"2023-10-12T09:48:52+00:00\",\"dateModified\":\"2023-11-20T12:27:07+00:00\",\"breadcrumb\":{\"@id\":\"http:\\\/\\\/fgtb-verviers.be\\\/de\\\/centrales\\\/allgemeine-zentrale\\\/#breadcrumb\"},\"inLanguage\":\"de\",\"potentialAction\":[{\"@type\":\"ReadAction\",\"target\":[\"http:\\\/\\\/fgtb-verviers.be\\\/de\\\/centrales\\\/allgemeine-zentrale\\\/\"]}]},{\"@type\":\"ImageObject\",\"inLanguage\":\"de\",\"@id\":\"http:\\\/\\\/fgtb-verviers.be\\\/de\\\/centrales\\\/allgemeine-zentrale\\\/#primaryimage\",\"url\":\"https:\\\/\\\/fgtb-verviers.be\\\/wp-content\\\/uploads\\\/2023\\\/10\\\/CG-7.png\",\"contentUrl\":\"https:\\\/\\\/fgtb-verviers.be\\\/wp-content\\\/uploads\\\/2023\\\/10\\\/CG-7.png\",\"width\":1131,\"height\":299},{\"@type\":\"BreadcrumbList\",\"@id\":\"http:\\\/\\\/fgtb-verviers.be\\\/de\\\/centrales\\\/allgemeine-zentrale\\\/#breadcrumb\",\"itemListElement\":[{\"@type\":\"ListItem\",\"position\":1,\"name\":\"Accueil\",\"item\":\"http:\\\/\\\/fgtb-verviers.be\\\/\"},{\"@type\":\"ListItem\",\"position\":2,\"name\":\"Allgemeine Zentrale\"}]},{\"@type\":\"WebSite\",\"@id\":\"http:\\\/\\\/fgtb-verviers.be\\\/#website\",\"url\":\"http:\\\/\\\/fgtb-verviers.be\\\/\",\"name\":\"FGTB Verviers\",\"description\":\"Ensemble, on est plus forts !\",\"potentialAction\":[{\"@type\":\"SearchAction\",\"target\":{\"@type\":\"EntryPoint\",\"urlTemplate\":\"http:\\\/\\\/fgtb-verviers.be\\\/?s={search_term_string}\"},\"query-input\":{\"@type\":\"PropertyValueSpecification\",\"valueRequired\":true,\"valueName\":\"search_term_string\"}}],\"inLanguage\":\"de\"}]}<\/script>\n<!-- \/ Yoast SEO plugin. -->","yoast_head_json":{"title":"Allgemeine Zentrale - FGTB Verviers","robots":{"index":"index","follow":"follow","max-snippet":"max-snippet:-1","max-image-preview":"max-image-preview:large","max-video-preview":"max-video-preview:-1"},"canonical":"http:\/\/fgtb-verviers.be\/de\/centrales\/allgemeine-zentrale\/","og_locale":"de_DE","og_type":"article","og_title":"Allgemeine Zentrale - FGTB Verviers","og_description":"Die Generalzentrale, eine vereinte Kraft im Dienste der Arbeitnehmer. Seit vielen Jahrzehnten sind wir die Speerspitze bei der Verteidigung der Rechte und Interessen der Arbeitnehmerinnen und Arbeitnehmer in Belgien. Als dynamische und einflussreiche Gewerkschaft ist es unsere wichtigste Aufgabe, bessere Arbeitsbedingungen, faire L\u00f6hne und sichere Arbeitsumgebungen f\u00fcr unsere Mitglieder zu gew\u00e4hrleisten.","og_url":"http:\/\/fgtb-verviers.be\/de\/centrales\/allgemeine-zentrale\/","og_site_name":"FGTB Verviers","article_modified_time":"2023-11-20T12:27:07+00:00","og_image":[{"width":1131,"height":299,"url":"http:\/\/fgtb-verviers.be\/wp-content\/uploads\/2023\/10\/CG-7.png","type":"image\/png"}],"twitter_card":"summary_large_image","schema":{"@context":"https:\/\/schema.org","@graph":[{"@type":"WebPage","@id":"http:\/\/fgtb-verviers.be\/de\/centrales\/allgemeine-zentrale\/","url":"http:\/\/fgtb-verviers.be\/de\/centrales\/allgemeine-zentrale\/","name":"Allgemeine Zentrale - FGTB Verviers","isPartOf":{"@id":"http:\/\/fgtb-verviers.be\/#website"},"primaryImageOfPage":{"@id":"http:\/\/fgtb-verviers.be\/de\/centrales\/allgemeine-zentrale\/#primaryimage"},"image":{"@id":"http:\/\/fgtb-verviers.be\/de\/centrales\/allgemeine-zentrale\/#primaryimage"},"thumbnailUrl":"https:\/\/fgtb-verviers.be\/wp-content\/uploads\/2023\/10\/CG-7.png","datePublished":"2023-10-12T09:48:52+00:00","dateModified":"2023-11-20T12:27:07+00:00","breadcrumb":{"@id":"http:\/\/fgtb-verviers.be\/de\/centrales\/allgemeine-zentrale\/#breadcrumb"},"inLanguage":"de","potentialAction":[{"@type":"ReadAction","target":["http:\/\/fgtb-verviers.be\/de\/centrales\/allgemeine-zentrale\/"]}]},{"@type":"ImageObject","inLanguage":"de","@id":"http:\/\/fgtb-verviers.be\/de\/centrales\/allgemeine-zentrale\/#primaryimage","url":"https:\/\/fgtb-verviers.be\/wp-content\/uploads\/2023\/10\/CG-7.png","contentUrl":"https:\/\/fgtb-verviers.be\/wp-content\/uploads\/2023\/10\/CG-7.png","width":1131,"height":299},{"@type":"BreadcrumbList","@id":"http:\/\/fgtb-verviers.be\/de\/centrales\/allgemeine-zentrale\/#breadcrumb","itemListElement":[{"@type":"ListItem","position":1,"name":"Accueil","item":"http:\/\/fgtb-verviers.be\/"},{"@type":"ListItem","position":2,"name":"Allgemeine Zentrale"}]},{"@type":"WebSite","@id":"http:\/\/fgtb-verviers.be\/#website","url":"http:\/\/fgtb-verviers.be\/","name":"FGTB Verviers","description":"Ensemble, on est plus forts !","potentialAction":[{"@type":"SearchAction","target":{"@type":"EntryPoint","urlTemplate":"http:\/\/fgtb-verviers.be\/?s={search_term_string}"},"query-input":{"@type":"PropertyValueSpecification","valueRequired":true,"valueName":"search_term_string"}}],"inLanguage":"de"}]}},"_links":{"self":[{"href":"https:\/\/fgtb-verviers.be\/de\/wp-json\/wp\/v2\/centrales\/299","targetHints":{"allow":["GET"]}}],"collection":[{"href":"https:\/\/fgtb-verviers.be\/de\/wp-json\/wp\/v2\/centrales"}],"about":[{"href":"https:\/\/fgtb-verviers.be\/de\/wp-json\/wp\/v2\/types\/centrales"}],"wp:featuredmedia":[{"embeddable":true,"href":"https:\/\/fgtb-verviers.be\/de\/wp-json\/wp\/v2\/media\/1117"}],"wp:attachment":[{"href":"https:\/\/fgtb-verviers.be\/de\/wp-json\/wp\/v2\/media?parent=299"}],"wp:term":[{"taxonomy":"category","embeddable":true,"href":"https:\/\/fgtb-verviers.be\/de\/wp-json\/wp\/v2\/categories?post=299"}],"curies":[{"name":"wp","href":"https:\/\/api.w.org\/{rel}","templated":true}]}}

<h2 class="wp-block-heading">Präsentation</h2>



<p>Egal, ob Sie Angestellter, Techniker oder leitender Angestellter sind, die Centrale Générale ist für Sie da. Wir arbeiten unermüdlich daran, faire Tarifverträge auszuhandeln, soziale Gerechtigkeit zu fördern und Ihre Interessen in allen relevanten Gremien zu vertreten. Unser Engagement für Solidarität und die Verteidigung von Arbeitnehmerrechten ist unerschütterlich.</p>



<p>Wenn Sie der Centrale Générale beitreten, werden Sie zu einem wesentlichen Teil der Gewerkschaftsbewegung, die die Zukunft der Arbeit in Belgien gestaltet. Schließen Sie sich uns noch heute an und verschaffen Sie Ihrer Stimme Gehör, denn gemeinsam sind wir stärker.</p>

<p>Die Generalzentrale, eine vereinte Kraft im Dienste der Arbeitnehmer. Seit vielen Jahrzehnten sind wir die Speerspitze bei der Verteidigung der Rechte und Interessen der Arbeitnehmerinnen und Arbeitnehmer in Belgien. Als dynamische und einflussreiche Gewerkschaft ist es unsere wichtigste Aufgabe, bessere Arbeitsbedingungen, faire Löhne und sichere Arbeitsumgebungen für unsere Mitglieder zu gewährleisten.</p>

<!-- This site is optimized with the Yoast SEO plugin v27.4 - https://yoast.com/product/yoast-seo-wordpress/ -->
<title>Allgemeine Zentrale - FGTB Verviers</title>
<meta name="robots" content="index, follow, max-snippet:-1, max-image-preview:large, max-video-preview:-1" />
<link rel="canonical" href="http://fgtb-verviers.be/de/centrales/allgemeine-zentrale/" />
<meta property="og:locale" content="de_DE" />
<meta property="og:type" content="article" />
<meta property="og:title" content="Allgemeine Zentrale - FGTB Verviers" />
<meta property="og:description" content="Die Generalzentrale, eine vereinte Kraft im Dienste der Arbeitnehmer. Seit vielen Jahrzehnten sind wir die Speerspitze bei der Verteidigung der Rechte und Interessen der Arbeitnehmerinnen und Arbeitnehmer in Belgien. Als dynamische und einflussreiche Gewerkschaft ist es unsere wichtigste Aufgabe, bessere Arbeitsbedingungen, faire Löhne und sichere Arbeitsumgebungen für unsere Mitglieder zu gewährleisten." />
<meta property="og:url" content="http://fgtb-verviers.be/de/centrales/allgemeine-zentrale/" />
<meta property="og:site_name" content="FGTB Verviers" />
<meta property="article:modified_time" content="2023-11-20T12:27:07+00:00" />
<meta property="og:image" content="http://fgtb-verviers.be/wp-content/uploads/2023/10/CG-7.png" />
	<meta property="og:image:width" content="1131" />
	<meta property="og:image:height" content="299" />
	<meta property="og:image:type" content="image/png" />
<meta name="twitter:card" content="summary_large_image" />
<script type="application/ld+json" class="yoast-schema-graph">{"@context":"https:\/\/schema.org","@graph":[{"@type":"WebPage","@id":"http:\/\/fgtb-verviers.be\/de\/centrales\/allgemeine-zentrale\/","url":"http:\/\/fgtb-verviers.be\/de\/centrales\/allgemeine-zentrale\/","name":"Allgemeine Zentrale - FGTB Verviers","isPartOf":{"@id":"http:\/\/fgtb-verviers.be\/#website"},"primaryImageOfPage":{"@id":"http:\/\/fgtb-verviers.be\/de\/centrales\/allgemeine-zentrale\/#primaryimage"},"image":{"@id":"http:\/\/fgtb-verviers.be\/de\/centrales\/allgemeine-zentrale\/#primaryimage"},"thumbnailUrl":"https:\/\/fgtb-verviers.be\/wp-content\/uploads\/2023\/10\/CG-7.png","datePublished":"2023-10-12T09:48:52+00:00","dateModified":"2023-11-20T12:27:07+00:00","breadcrumb":{"@id":"http:\/\/fgtb-verviers.be\/de\/centrales\/allgemeine-zentrale\/#breadcrumb"},"inLanguage":"de","potentialAction":[{"@type":"ReadAction","target":["http:\/\/fgtb-verviers.be\/de\/centrales\/allgemeine-zentrale\/"]}]},{"@type":"ImageObject","inLanguage":"de","@id":"http:\/\/fgtb-verviers.be\/de\/centrales\/allgemeine-zentrale\/#primaryimage","url":"https:\/\/fgtb-verviers.be\/wp-content\/uploads\/2023\/10\/CG-7.png","contentUrl":"https:\/\/fgtb-verviers.be\/wp-content\/uploads\/2023\/10\/CG-7.png","width":1131,"height":299},{"@type":"BreadcrumbList","@id":"http:\/\/fgtb-verviers.be\/de\/centrales\/allgemeine-zentrale\/#breadcrumb","itemListElement":[{"@type":"ListItem","position":1,"name":"Accueil","item":"http:\/\/fgtb-verviers.be\/"},{"@type":"ListItem","position":2,"name":"Allgemeine Zentrale"}]},{"@type":"WebSite","@id":"http:\/\/fgtb-verviers.be\/#website","url":"http:\/\/fgtb-verviers.be\/","name":"FGTB Verviers","description":"Ensemble, on est plus forts !","potentialAction":[{"@type":"SearchAction","target":{"@type":"EntryPoint","urlTemplate":"http:\/\/fgtb-verviers.be\/?s={search_term_string}"},"query-input":{"@type":"PropertyValueSpecification","valueRequired":true,"valueName":"search_term_string"}}],"inLanguage":"de"}]}</script>
<!-- / Yoast SEO plugin. -->

Die Generalzentrale, eine vereinte Kraft im Dienste der Arbeitnehmer. Seit vielen Jahrzehnten sind wir die Speerspitze bei der Verteidigung der Rechte und Interessen der Arbeitnehmerinnen und Arbeitnehmer in Belgien. Als dynamische und einflussreiche Gewerkschaft ist es unsere wichtigste Aufgabe, bessere Arbeitsbedingungen, faire Löhne und sichere Arbeitsumgebungen für unsere Mitglieder zu gewährleisten.
