{"id":298,"date":"2023-10-12T09:49:56","date_gmt":"2023-10-12T09:49:56","guid":{"rendered":"https:\/\/fgtb-verviers.be\/centrales\/setca\/"},"modified":"2023-11-20T12:42:16","modified_gmt":"2023-11-20T12:42:16","slug":"setca","status":"publish","type":"centrales","link":"https:\/\/fgtb-verviers.be\/de\/centrales\/setca\/","title":{"rendered":"SETCa"},"content":{"rendered":"\n<h2 class=\"wp-block-heading\">\ud83c\udf3e <strong>Die CTSA: Ein unverzichtbarer Verb\u00fcndeter f\u00fcr Lebensmittelarbeiter<\/strong><\/h2>\n\n\n\n<p>Die Centrale des Travailleurs du Secteur Alimentaire (Zentralverband der Arbeitnehmer des Lebensmittelsektors) ist ihrem unersch\u00fctterlichen Engagement f\u00fcr die Besch\u00e4ftigten in der Lebensmittelindustrie treu geblieben und setzt sich tagt\u00e4glich f\u00fcr ein faireres, sichereres und gerechteres Arbeitsumfeld ein. Wir glauben daran, dass die Stimmen all derer, die unerm\u00fcdlich daran arbeiten, unsere Gemeinschaften zu ern\u00e4hren, vereint werden k\u00f6nnen, und stehen entschlossen an der Seite jedes einzelnen Akteurs, vom Feld bis auf den Teller.<\/p>\n\n\n\n<h3 class=\"wp-block-heading\">\ud83e\udd1d <strong>Unsere Mission: St\u00e4rken, Sch\u00fctzen und F\u00f6rdern<\/strong><\/h3>\n\n\n\n<p>Unsere Mission schimmert in jedem geernteten Reiskorn und jedem gebackenen Brot durch &#8211; die Arbeiter zu unterst\u00fctzen, die unsere Welt ern\u00e4hren. Wir widmen uns :<\/p>\n\n\n\n<ul class=\"wp-block-list\">\n<li><strong>St\u00e4rkung<\/strong> der Kompetenzen und des Wohlbefindens der Arbeitnehmerinnen und Arbeitnehmer.<\/li>\n\n\n\n<li>Ihre Rechte zu <strong>sch\u00fctzen<\/strong> und sichere und faire Arbeitsbedingungen zu gew\u00e4hrleisten.<\/li>\n\n\n\n<li><strong>F\u00f6rderung<\/strong> einer nachhaltigen und sozial verantwortlichen Lebensmittelindustrie.<\/li>\n<\/ul>\n\n\n\n<h3 class=\"wp-block-heading\">\ud83c\udf0d D <strong>ie Zukunft ernten: Arbeiten f\u00fcr einen nachhaltigen Sektor<\/strong><\/h3>\n\n\n\n<p>Die CTSA steht im Zentrum der Initiative zum Aufbau eines Lebensmittelsektors, der die Menschen und den Planeten nicht nur ern\u00e4hrt, sondern auch respektiert. Wir verpflichten uns zu :<\/p>\n\n\n\n<ul class=\"wp-block-list\">\n<li><strong>F\u00f6rderung nachhaltiger Praktiken<\/strong>, um eine lebenswerte \u00f6kologische Zukunft zu sichern.<\/li>\n\n\n\n<li><strong>Forderung nach Fairness<\/strong> in der Lebensmittelwertsch\u00f6pfungskette.<\/li>\n\n\n\n<li><strong>F\u00f6rderung von Innovationen<\/strong>, um den zeitgen\u00f6ssischen Herausforderungen der Industrie gerecht zu werden.<\/li>\n<\/ul>\n\n\n\n<h3 class=\"wp-block-heading\">\ud83d\udcbc <strong>Ihre Karriere, Unsere Priorit\u00e4t<\/strong><\/h3>\n\n\n\n<p>Wir betrachten jeden Lebensmittelarbeiter als den wahren Helden unserer Gesellschaft. Die CTSA widmet sich :<\/p>\n\n\n\n<ul class=\"wp-block-list\">\n<li><strong>Unterst\u00fctzung der Karriereentwicklung<\/strong> durch Schulungen und M\u00f6glichkeiten zum lebenslangen Lernen.<\/li>\n\n\n\n<li><strong>Die Rechte der Arbeitnehmerinnen und Arbeitnehmer garantieren<\/strong>, indem sie sicherstellen, dass jede Stimme geh\u00f6rt und respektiert wird.<\/li>\n\n\n\n<li><strong>Gew\u00e4hrleistung der Sicherheit<\/strong> am Arbeitsplatz, indem Gesundheit und Wohlbefinden oberste Priorit\u00e4t haben.<\/li>\n<\/ul>\n\n\n\n<h3 class=\"wp-block-heading\">\ud83e\udd32 <strong>Begleiten Sie uns auf der Suche nach einer fairen und erfolgreichen Lebensmittelindustrie<\/strong>.<\/h3>\n\n\n\n<p>Werden Sie mit der CTSA Teil einer Bewegung, die danach strebt, eine Industrie zu gestalten, in der jeder Arbeiter gesch\u00e4tzt wird, jedes Produkt sorgf\u00e4ltig hergestellt wird und Integrit\u00e4t an erster Stelle steht.<\/p>\n\n\n\n<ul class=\"wp-block-list\">\n<li><strong>Werden Sie Mitglied<\/strong> und profitieren Sie von einer Reihe von Ressourcen und Unterst\u00fctzungen.<\/li>\n\n\n\n<li><strong>Bilden Sie sich<\/strong> mithilfe unserer speziellen Programme und Workshops weiter.<\/li>\n\n\n\n<li><strong>Lassen Sie Ihre Stimme<\/strong> in einem Kollektiv h\u00f6ren, das sich f\u00fcr positive Ver\u00e4nderungen einsetzt.<\/li>\n<\/ul>\n\n\n\n<h3 class=\"wp-block-heading\">\ud83d\udce2 <strong>Wir sind die CTSA, und gemeinsam n\u00e4hren wir die Zukunft<\/strong>.<\/h3>\n\n\n\n<p>\n            <strong>Gemeinsam sind wir st\u00e4rker. Gemeinsam k\u00f6nnen wir eine Zukunft gestalten, in der jeder Arbeiter respektiert wird und jeder Bissen auf ethische und nachhaltige Weise hergestellt wird.<\/strong>\n          <\/p>\n\n\n\n<p>\ud83d\udc49 <a href=\"https:\/\/chat.openai.com\/c\/d578582b-0472-4887-8213-474d67a95098#\">Treten Sie der CTSA bei Heute<\/a> \ud83d\udc48.<\/p>\n","protected":false},"excerpt":{"rendered":"<p>Die SETca, Ihre Gewerkschaft f\u00fcr Angestellte, Techniker und F\u00fchrungskr\u00e4fte, ist dazu da, Sie zu vertreten und Ihre Rechte am Arbeitsplatz zu verteidigen. Mit unserer langj\u00e4hrigen Erfahrung sind wir ein zuverl\u00e4ssiger Partner f\u00fcr Arbeiter in allen Branchen. Wir k\u00e4mpfen f\u00fcr bessere Arbeitsbedingungen, faire L\u00f6hne und mehr Arbeitsplatzsicherheit. Mit der SETca haben Sie Zugang zu einem Team von engagierten Experten, die bereit sind, Sie bei Ihren beruflichen Anspr\u00fcchen zu unterst\u00fctzen. <\/p>\n","protected":false},"featured_media":1073,"template":"","categories":[],"class_list":["post-298","centrales","type-centrales","status-publish","has-post-thumbnail","hentry"],"acf":[],"yoast_head":"<!-- This site is optimized with the Yoast SEO plugin v27.4 - https:\/\/yoast.com\/product\/yoast-seo-wordpress\/ -->\n<title>SETCa - FGTB Verviers<\/title>\n<meta name=\"robots\" content=\"index, follow, max-snippet:-1, max-image-preview:large, max-video-preview:-1\" \/>\n<link rel=\"canonical\" href=\"http:\/\/fgtb-verviers.be\/de\/centrales\/setca\/\" \/>\n<meta property=\"og:locale\" content=\"de_DE\" \/>\n<meta property=\"og:type\" content=\"article\" \/>\n<meta property=\"og:title\" content=\"SETCa - FGTB Verviers\" \/>\n<meta property=\"og:description\" content=\"Die SETca, Ihre Gewerkschaft f\u00fcr Angestellte, Techniker und F\u00fchrungskr\u00e4fte, ist dazu da, Sie zu vertreten und Ihre Rechte am Arbeitsplatz zu verteidigen. Mit unserer langj\u00e4hrigen Erfahrung sind wir ein zuverl\u00e4ssiger Partner f\u00fcr Arbeiter in allen Branchen. Wir k\u00e4mpfen f\u00fcr bessere Arbeitsbedingungen, faire L\u00f6hne und mehr Arbeitsplatzsicherheit. Mit der SETca haben Sie Zugang zu einem Team von engagierten Experten, die bereit sind, Sie bei Ihren beruflichen Anspr\u00fcchen zu unterst\u00fctzen.\" \/>\n<meta property=\"og:url\" content=\"http:\/\/fgtb-verviers.be\/de\/centrales\/setca\/\" \/>\n<meta property=\"og:site_name\" content=\"FGTB Verviers\" \/>\n<meta property=\"article:modified_time\" content=\"2023-11-20T12:42:16+00:00\" \/>\n<meta property=\"og:image\" content=\"http:\/\/fgtb-verviers.be\/wp-content\/uploads\/2023\/10\/Setca-groupe-2.png\" \/>\n\t<meta property=\"og:image:width\" content=\"1630\" \/>\n\t<meta property=\"og:image:height\" content=\"430\" \/>\n\t<meta property=\"og:image:type\" content=\"image\/png\" \/>\n<meta name=\"twitter:card\" content=\"summary_large_image\" \/>\n<meta name=\"twitter:label1\" content=\"Gesch\u00e4tzte Lesezeit\" \/>\n\t<meta name=\"twitter:data1\" content=\"2\u00a0Minuten\" \/>\n<script type=\"application\/ld+json\" class=\"yoast-schema-graph\">{\"@context\":\"https:\\\/\\\/schema.org\",\"@graph\":[{\"@type\":\"WebPage\",\"@id\":\"http:\\\/\\\/fgtb-verviers.be\\\/de\\\/centrales\\\/setca\\\/\",\"url\":\"http:\\\/\\\/fgtb-verviers.be\\\/de\\\/centrales\\\/setca\\\/\",\"name\":\"SETCa - FGTB Verviers\",\"isPartOf\":{\"@id\":\"http:\\\/\\\/fgtb-verviers.be\\\/#website\"},\"primaryImageOfPage\":{\"@id\":\"http:\\\/\\\/fgtb-verviers.be\\\/de\\\/centrales\\\/setca\\\/#primaryimage\"},\"image\":{\"@id\":\"http:\\\/\\\/fgtb-verviers.be\\\/de\\\/centrales\\\/setca\\\/#primaryimage\"},\"thumbnailUrl\":\"https:\\\/\\\/fgtb-verviers.be\\\/wp-content\\\/uploads\\\/2023\\\/10\\\/Setca-groupe-2.png\",\"datePublished\":\"2023-10-12T09:49:56+00:00\",\"dateModified\":\"2023-11-20T12:42:16+00:00\",\"breadcrumb\":{\"@id\":\"http:\\\/\\\/fgtb-verviers.be\\\/de\\\/centrales\\\/setca\\\/#breadcrumb\"},\"inLanguage\":\"de\",\"potentialAction\":[{\"@type\":\"ReadAction\",\"target\":[\"http:\\\/\\\/fgtb-verviers.be\\\/de\\\/centrales\\\/setca\\\/\"]}]},{\"@type\":\"ImageObject\",\"inLanguage\":\"de\",\"@id\":\"http:\\\/\\\/fgtb-verviers.be\\\/de\\\/centrales\\\/setca\\\/#primaryimage\",\"url\":\"https:\\\/\\\/fgtb-verviers.be\\\/wp-content\\\/uploads\\\/2023\\\/10\\\/Setca-groupe-2.png\",\"contentUrl\":\"https:\\\/\\\/fgtb-verviers.be\\\/wp-content\\\/uploads\\\/2023\\\/10\\\/Setca-groupe-2.png\",\"width\":1630,\"height\":430},{\"@type\":\"BreadcrumbList\",\"@id\":\"http:\\\/\\\/fgtb-verviers.be\\\/de\\\/centrales\\\/setca\\\/#breadcrumb\",\"itemListElement\":[{\"@type\":\"ListItem\",\"position\":1,\"name\":\"Accueil\",\"item\":\"http:\\\/\\\/fgtb-verviers.be\\\/\"},{\"@type\":\"ListItem\",\"position\":2,\"name\":\"SETCa\"}]},{\"@type\":\"WebSite\",\"@id\":\"http:\\\/\\\/fgtb-verviers.be\\\/#website\",\"url\":\"http:\\\/\\\/fgtb-verviers.be\\\/\",\"name\":\"FGTB Verviers\",\"description\":\"Ensemble, on est plus forts !\",\"potentialAction\":[{\"@type\":\"SearchAction\",\"target\":{\"@type\":\"EntryPoint\",\"urlTemplate\":\"http:\\\/\\\/fgtb-verviers.be\\\/?s={search_term_string}\"},\"query-input\":{\"@type\":\"PropertyValueSpecification\",\"valueRequired\":true,\"valueName\":\"search_term_string\"}}],\"inLanguage\":\"de\"}]}<\/script>\n<!-- \/ Yoast SEO plugin. -->","yoast_head_json":{"title":"SETCa - FGTB Verviers","robots":{"index":"index","follow":"follow","max-snippet":"max-snippet:-1","max-image-preview":"max-image-preview:large","max-video-preview":"max-video-preview:-1"},"canonical":"http:\/\/fgtb-verviers.be\/de\/centrales\/setca\/","og_locale":"de_DE","og_type":"article","og_title":"SETCa - FGTB Verviers","og_description":"Die SETca, Ihre Gewerkschaft f\u00fcr Angestellte, Techniker und F\u00fchrungskr\u00e4fte, ist dazu da, Sie zu vertreten und Ihre Rechte am Arbeitsplatz zu verteidigen. Mit unserer langj\u00e4hrigen Erfahrung sind wir ein zuverl\u00e4ssiger Partner f\u00fcr Arbeiter in allen Branchen. Wir k\u00e4mpfen f\u00fcr bessere Arbeitsbedingungen, faire L\u00f6hne und mehr Arbeitsplatzsicherheit. Mit der SETca haben Sie Zugang zu einem Team von engagierten Experten, die bereit sind, Sie bei Ihren beruflichen Anspr\u00fcchen zu unterst\u00fctzen.","og_url":"http:\/\/fgtb-verviers.be\/de\/centrales\/setca\/","og_site_name":"FGTB Verviers","article_modified_time":"2023-11-20T12:42:16+00:00","og_image":[{"width":1630,"height":430,"url":"http:\/\/fgtb-verviers.be\/wp-content\/uploads\/2023\/10\/Setca-groupe-2.png","type":"image\/png"}],"twitter_card":"summary_large_image","twitter_misc":{"Gesch\u00e4tzte Lesezeit":"2\u00a0Minuten"},"schema":{"@context":"https:\/\/schema.org","@graph":[{"@type":"WebPage","@id":"http:\/\/fgtb-verviers.be\/de\/centrales\/setca\/","url":"http:\/\/fgtb-verviers.be\/de\/centrales\/setca\/","name":"SETCa - FGTB Verviers","isPartOf":{"@id":"http:\/\/fgtb-verviers.be\/#website"},"primaryImageOfPage":{"@id":"http:\/\/fgtb-verviers.be\/de\/centrales\/setca\/#primaryimage"},"image":{"@id":"http:\/\/fgtb-verviers.be\/de\/centrales\/setca\/#primaryimage"},"thumbnailUrl":"https:\/\/fgtb-verviers.be\/wp-content\/uploads\/2023\/10\/Setca-groupe-2.png","datePublished":"2023-10-12T09:49:56+00:00","dateModified":"2023-11-20T12:42:16+00:00","breadcrumb":{"@id":"http:\/\/fgtb-verviers.be\/de\/centrales\/setca\/#breadcrumb"},"inLanguage":"de","potentialAction":[{"@type":"ReadAction","target":["http:\/\/fgtb-verviers.be\/de\/centrales\/setca\/"]}]},{"@type":"ImageObject","inLanguage":"de","@id":"http:\/\/fgtb-verviers.be\/de\/centrales\/setca\/#primaryimage","url":"https:\/\/fgtb-verviers.be\/wp-content\/uploads\/2023\/10\/Setca-groupe-2.png","contentUrl":"https:\/\/fgtb-verviers.be\/wp-content\/uploads\/2023\/10\/Setca-groupe-2.png","width":1630,"height":430},{"@type":"BreadcrumbList","@id":"http:\/\/fgtb-verviers.be\/de\/centrales\/setca\/#breadcrumb","itemListElement":[{"@type":"ListItem","position":1,"name":"Accueil","item":"http:\/\/fgtb-verviers.be\/"},{"@type":"ListItem","position":2,"name":"SETCa"}]},{"@type":"WebSite","@id":"http:\/\/fgtb-verviers.be\/#website","url":"http:\/\/fgtb-verviers.be\/","name":"FGTB Verviers","description":"Ensemble, on est plus forts !","potentialAction":[{"@type":"SearchAction","target":{"@type":"EntryPoint","urlTemplate":"http:\/\/fgtb-verviers.be\/?s={search_term_string}"},"query-input":{"@type":"PropertyValueSpecification","valueRequired":true,"valueName":"search_term_string"}}],"inLanguage":"de"}]}},"_links":{"self":[{"href":"https:\/\/fgtb-verviers.be\/de\/wp-json\/wp\/v2\/centrales\/298","targetHints":{"allow":["GET"]}}],"collection":[{"href":"https:\/\/fgtb-verviers.be\/de\/wp-json\/wp\/v2\/centrales"}],"about":[{"href":"https:\/\/fgtb-verviers.be\/de\/wp-json\/wp\/v2\/types\/centrales"}],"wp:featuredmedia":[{"embeddable":true,"href":"https:\/\/fgtb-verviers.be\/de\/wp-json\/wp\/v2\/media\/1073"}],"wp:attachment":[{"href":"https:\/\/fgtb-verviers.be\/de\/wp-json\/wp\/v2\/media?parent=298"}],"wp:term":[{"taxonomy":"category","embeddable":true,"href":"https:\/\/fgtb-verviers.be\/de\/wp-json\/wp\/v2\/categories?post=298"}],"curies":[{"name":"wp","href":"https:\/\/api.w.org\/{rel}","templated":true}]}}

<h2 class="wp-block-heading">🌾 <strong>Die CTSA: Ein unverzichtbarer Verbündeter für Lebensmittelarbeiter</strong></h2>



<p>Die Centrale des Travailleurs du Secteur Alimentaire (Zentralverband der Arbeitnehmer des Lebensmittelsektors) ist ihrem unerschütterlichen Engagement für die Beschäftigten in der Lebensmittelindustrie treu geblieben und setzt sich tagtäglich für ein faireres, sichereres und gerechteres Arbeitsumfeld ein. Wir glauben daran, dass die Stimmen all derer, die unermüdlich daran arbeiten, unsere Gemeinschaften zu ernähren, vereint werden können, und stehen entschlossen an der Seite jedes einzelnen Akteurs, vom Feld bis auf den Teller.</p>



<h3 class="wp-block-heading">🤝 <strong>Unsere Mission: Stärken, Schützen und Fördern</strong></h3>



<p>Unsere Mission schimmert in jedem geernteten Reiskorn und jedem gebackenen Brot durch &#8211; die Arbeiter zu unterstützen, die unsere Welt ernähren. Wir widmen uns :</p>



<ul class="wp-block-list">
<li><strong>Stärkung</strong> der Kompetenzen und des Wohlbefindens der Arbeitnehmerinnen und Arbeitnehmer.</li>



<li>Ihre Rechte zu <strong>schützen</strong> und sichere und faire Arbeitsbedingungen zu gewährleisten.</li>



<li><strong>Förderung</strong> einer nachhaltigen und sozial verantwortlichen Lebensmittelindustrie.</li>
</ul>



<h3 class="wp-block-heading">🌍 D <strong>ie Zukunft ernten: Arbeiten für einen nachhaltigen Sektor</strong></h3>



<p>Die CTSA steht im Zentrum der Initiative zum Aufbau eines Lebensmittelsektors, der die Menschen und den Planeten nicht nur ernährt, sondern auch respektiert. Wir verpflichten uns zu :</p>



<ul class="wp-block-list">
<li><strong>Förderung nachhaltiger Praktiken</strong>, um eine lebenswerte ökologische Zukunft zu sichern.</li>



<li><strong>Forderung nach Fairness</strong> in der Lebensmittelwertschöpfungskette.</li>



<li><strong>Förderung von Innovationen</strong>, um den zeitgenössischen Herausforderungen der Industrie gerecht zu werden.</li>
</ul>



<h3 class="wp-block-heading">💼 <strong>Ihre Karriere, Unsere Priorität</strong></h3>



<p>Wir betrachten jeden Lebensmittelarbeiter als den wahren Helden unserer Gesellschaft. Die CTSA widmet sich :</p>



<ul class="wp-block-list">
<li><strong>Unterstützung der Karriereentwicklung</strong> durch Schulungen und Möglichkeiten zum lebenslangen Lernen.</li>



<li><strong>Die Rechte der Arbeitnehmerinnen und Arbeitnehmer garantieren</strong>, indem sie sicherstellen, dass jede Stimme gehört und respektiert wird.</li>



<li><strong>Gewährleistung der Sicherheit</strong> am Arbeitsplatz, indem Gesundheit und Wohlbefinden oberste Priorität haben.</li>
</ul>



<h3 class="wp-block-heading">🤲 <strong>Begleiten Sie uns auf der Suche nach einer fairen und erfolgreichen Lebensmittelindustrie</strong>.</h3>



<p>Werden Sie mit der CTSA Teil einer Bewegung, die danach strebt, eine Industrie zu gestalten, in der jeder Arbeiter geschätzt wird, jedes Produkt sorgfältig hergestellt wird und Integrität an erster Stelle steht.</p>



<ul class="wp-block-list">
<li><strong>Werden Sie Mitglied</strong> und profitieren Sie von einer Reihe von Ressourcen und Unterstützungen.</li>



<li><strong>Bilden Sie sich</strong> mithilfe unserer speziellen Programme und Workshops weiter.</li>



<li><strong>Lassen Sie Ihre Stimme</strong> in einem Kollektiv hören, das sich für positive Veränderungen einsetzt.</li>
</ul>



<h3 class="wp-block-heading">📢 <strong>Wir sind die CTSA, und gemeinsam nähren wir die Zukunft</strong>.</h3>



<p>
            <strong>Gemeinsam sind wir stärker. Gemeinsam können wir eine Zukunft gestalten, in der jeder Arbeiter respektiert wird und jeder Bissen auf ethische und nachhaltige Weise hergestellt wird.</strong>
          </p>



<p>👉 <a href="https://chat.openai.com/c/d578582b-0472-4887-8213-474d67a95098#">Treten Sie der CTSA bei Heute</a> 👈.</p>

<p>Die SETca, Ihre Gewerkschaft für Angestellte, Techniker und Führungskräfte, ist dazu da, Sie zu vertreten und Ihre Rechte am Arbeitsplatz zu verteidigen. Mit unserer langjährigen Erfahrung sind wir ein zuverlässiger Partner für Arbeiter in allen Branchen. Wir kämpfen für bessere Arbeitsbedingungen, faire Löhne und mehr Arbeitsplatzsicherheit. Mit der SETca haben Sie Zugang zu einem Team von engagierten Experten, die bereit sind, Sie bei Ihren beruflichen Ansprüchen zu unterstützen. </p>

<!-- This site is optimized with the Yoast SEO plugin v27.4 - https://yoast.com/product/yoast-seo-wordpress/ -->
<title>SETCa - FGTB Verviers</title>
<meta name="robots" content="index, follow, max-snippet:-1, max-image-preview:large, max-video-preview:-1" />
<link rel="canonical" href="http://fgtb-verviers.be/de/centrales/setca/" />
<meta property="og:locale" content="de_DE" />
<meta property="og:type" content="article" />
<meta property="og:title" content="SETCa - FGTB Verviers" />
<meta property="og:description" content="Die SETca, Ihre Gewerkschaft für Angestellte, Techniker und Führungskräfte, ist dazu da, Sie zu vertreten und Ihre Rechte am Arbeitsplatz zu verteidigen. Mit unserer langjährigen Erfahrung sind wir ein zuverlässiger Partner für Arbeiter in allen Branchen. Wir kämpfen für bessere Arbeitsbedingungen, faire Löhne und mehr Arbeitsplatzsicherheit. Mit der SETca haben Sie Zugang zu einem Team von engagierten Experten, die bereit sind, Sie bei Ihren beruflichen Ansprüchen zu unterstützen." />
<meta property="og:url" content="http://fgtb-verviers.be/de/centrales/setca/" />
<meta property="og:site_name" content="FGTB Verviers" />
<meta property="article:modified_time" content="2023-11-20T12:42:16+00:00" />
<meta property="og:image" content="http://fgtb-verviers.be/wp-content/uploads/2023/10/Setca-groupe-2.png" />
	<meta property="og:image:width" content="1630" />
	<meta property="og:image:height" content="430" />
	<meta property="og:image:type" content="image/png" />
<meta name="twitter:card" content="summary_large_image" />
<meta name="twitter:label1" content="Geschätzte Lesezeit" />
	<meta name="twitter:data1" content="2 Minuten" />
<script type="application/ld+json" class="yoast-schema-graph">{"@context":"https:\/\/schema.org","@graph":[{"@type":"WebPage","@id":"http:\/\/fgtb-verviers.be\/de\/centrales\/setca\/","url":"http:\/\/fgtb-verviers.be\/de\/centrales\/setca\/","name":"SETCa - FGTB Verviers","isPartOf":{"@id":"http:\/\/fgtb-verviers.be\/#website"},"primaryImageOfPage":{"@id":"http:\/\/fgtb-verviers.be\/de\/centrales\/setca\/#primaryimage"},"image":{"@id":"http:\/\/fgtb-verviers.be\/de\/centrales\/setca\/#primaryimage"},"thumbnailUrl":"https:\/\/fgtb-verviers.be\/wp-content\/uploads\/2023\/10\/Setca-groupe-2.png","datePublished":"2023-10-12T09:49:56+00:00","dateModified":"2023-11-20T12:42:16+00:00","breadcrumb":{"@id":"http:\/\/fgtb-verviers.be\/de\/centrales\/setca\/#breadcrumb"},"inLanguage":"de","potentialAction":[{"@type":"ReadAction","target":["http:\/\/fgtb-verviers.be\/de\/centrales\/setca\/"]}]},{"@type":"ImageObject","inLanguage":"de","@id":"http:\/\/fgtb-verviers.be\/de\/centrales\/setca\/#primaryimage","url":"https:\/\/fgtb-verviers.be\/wp-content\/uploads\/2023\/10\/Setca-groupe-2.png","contentUrl":"https:\/\/fgtb-verviers.be\/wp-content\/uploads\/2023\/10\/Setca-groupe-2.png","width":1630,"height":430},{"@type":"BreadcrumbList","@id":"http:\/\/fgtb-verviers.be\/de\/centrales\/setca\/#breadcrumb","itemListElement":[{"@type":"ListItem","position":1,"name":"Accueil","item":"http:\/\/fgtb-verviers.be\/"},{"@type":"ListItem","position":2,"name":"SETCa"}]},{"@type":"WebSite","@id":"http:\/\/fgtb-verviers.be\/#website","url":"http:\/\/fgtb-verviers.be\/","name":"FGTB Verviers","description":"Ensemble, on est plus forts !","potentialAction":[{"@type":"SearchAction","target":{"@type":"EntryPoint","urlTemplate":"http:\/\/fgtb-verviers.be\/?s={search_term_string}"},"query-input":{"@type":"PropertyValueSpecification","valueRequired":true,"valueName":"search_term_string"}}],"inLanguage":"de"}]}</script>
<!-- / Yoast SEO plugin. -->

Die SETca, Ihre Gewerkschaft für Angestellte, Techniker und Führungskräfte, ist dazu da, Sie zu vertreten und Ihre Rechte am Arbeitsplatz zu verteidigen. Mit unserer langjährigen Erfahrung sind wir ein zuverlässiger Partner für Arbeiter in allen Branchen. Wir kämpfen für bessere Arbeitsbedingungen, faire Löhne und mehr Arbeitsplatzsicherheit. Mit der SETca haben Sie Zugang zu einem Team von engagierten Experten, die bereit sind, Sie bei Ihren beruflichen Ansprüchen zu unterstützen.
