{"id":295,"date":"2023-10-17T09:52:32","date_gmt":"2023-10-17T09:52:32","guid":{"rendered":"https:\/\/fgtb-verviers.be\/centrales\/cgsp-welkenraedt\/"},"modified":"2024-01-29T14:39:39","modified_gmt":"2024-01-29T14:39:39","slug":"cgsp-welkenraedt","status":"publish","type":"centrales","link":"https:\/\/fgtb-verviers.be\/de\/centrales\/cgsp-welkenraedt\/","title":{"rendered":"CGSP Welkenraedt"},"content":{"rendered":"\n<h2 class=\"wp-block-heading\">Stundenplan<\/h2>\n\n\n\n<p><strong>\u00d6ffnungszeiten der B\u00fcros&nbsp;<\/strong>: T\u00e4glich von 8.30 bis 12.00 Uhr<\/p>\n","protected":false},"excerpt":{"rendered":"<p>Die CGSP Welkenraedt, Ihre lokale Gewerkschaft, die sich f\u00fcr Ihre Rechte und Interessen einsetzt. Wir sind stolz darauf, unserer Gemeinschaft zu dienen, indem wir uns f\u00fcr die Rechte der Arbeitnehmer in der Region Welkenraedt einsetzen. Unser engagiertes Team unterst\u00fctzt Sie in allen arbeitsbezogenen Fragen, sei es in Bezug auf Arbeitsbedingungen, Lohnverhandlungen oder Gewerkschaftsvertretung.   <\/p>\n","protected":false},"featured_media":1061,"template":"","categories":[],"class_list":["post-295","centrales","type-centrales","status-publish","has-post-thumbnail","hentry"],"acf":[],"yoast_head":"<!-- This site is optimized with the Yoast SEO plugin v27.4 - https:\/\/yoast.com\/product\/yoast-seo-wordpress\/ -->\n<title>CGSP Welkenraedt - FGTB Verviers<\/title>\n<meta name=\"robots\" content=\"index, follow, max-snippet:-1, max-image-preview:large, max-video-preview:-1\" \/>\n<link rel=\"canonical\" href=\"https:\/\/fgtb-verviers.be\/de\/centrales\/cgsp-welkenraedt\/\" \/>\n<meta property=\"og:locale\" content=\"de_DE\" \/>\n<meta property=\"og:type\" content=\"article\" \/>\n<meta property=\"og:title\" content=\"CGSP Welkenraedt - FGTB Verviers\" \/>\n<meta property=\"og:description\" content=\"Die CGSP Welkenraedt, Ihre lokale Gewerkschaft, die sich f\u00fcr Ihre Rechte und Interessen einsetzt. Wir sind stolz darauf, unserer Gemeinschaft zu dienen, indem wir uns f\u00fcr die Rechte der Arbeitnehmer in der Region Welkenraedt einsetzen. Unser engagiertes Team unterst\u00fctzt Sie in allen arbeitsbezogenen Fragen, sei es in Bezug auf Arbeitsbedingungen, Lohnverhandlungen oder Gewerkschaftsvertretung.\" \/>\n<meta property=\"og:url\" content=\"https:\/\/fgtb-verviers.be\/de\/centrales\/cgsp-welkenraedt\/\" \/>\n<meta property=\"og:site_name\" content=\"FGTB Verviers\" \/>\n<meta property=\"article:modified_time\" content=\"2024-01-29T14:39:39+00:00\" \/>\n<meta property=\"og:image\" content=\"https:\/\/fgtb-verviers.be\/wp-content\/uploads\/2023\/10\/CGSP-3.png\" \/>\n\t<meta property=\"og:image:width\" content=\"362\" \/>\n\t<meta property=\"og:image:height\" content=\"112\" \/>\n\t<meta property=\"og:image:type\" content=\"image\/png\" \/>\n<meta name=\"twitter:card\" content=\"summary_large_image\" \/>\n<script type=\"application\/ld+json\" class=\"yoast-schema-graph\">{\"@context\":\"https:\\\/\\\/schema.org\",\"@graph\":[{\"@type\":\"WebPage\",\"@id\":\"https:\\\/\\\/fgtb-verviers.be\\\/de\\\/centrales\\\/cgsp-welkenraedt\\\/\",\"url\":\"https:\\\/\\\/fgtb-verviers.be\\\/de\\\/centrales\\\/cgsp-welkenraedt\\\/\",\"name\":\"CGSP Welkenraedt - FGTB Verviers\",\"isPartOf\":{\"@id\":\"http:\\\/\\\/fgtb-verviers.be\\\/#website\"},\"primaryImageOfPage\":{\"@id\":\"https:\\\/\\\/fgtb-verviers.be\\\/de\\\/centrales\\\/cgsp-welkenraedt\\\/#primaryimage\"},\"image\":{\"@id\":\"https:\\\/\\\/fgtb-verviers.be\\\/de\\\/centrales\\\/cgsp-welkenraedt\\\/#primaryimage\"},\"thumbnailUrl\":\"https:\\\/\\\/fgtb-verviers.be\\\/wp-content\\\/uploads\\\/2023\\\/10\\\/CGSP-3.png\",\"datePublished\":\"2023-10-17T09:52:32+00:00\",\"dateModified\":\"2024-01-29T14:39:39+00:00\",\"breadcrumb\":{\"@id\":\"https:\\\/\\\/fgtb-verviers.be\\\/de\\\/centrales\\\/cgsp-welkenraedt\\\/#breadcrumb\"},\"inLanguage\":\"de\",\"potentialAction\":[{\"@type\":\"ReadAction\",\"target\":[\"https:\\\/\\\/fgtb-verviers.be\\\/de\\\/centrales\\\/cgsp-welkenraedt\\\/\"]}]},{\"@type\":\"ImageObject\",\"inLanguage\":\"de\",\"@id\":\"https:\\\/\\\/fgtb-verviers.be\\\/de\\\/centrales\\\/cgsp-welkenraedt\\\/#primaryimage\",\"url\":\"https:\\\/\\\/fgtb-verviers.be\\\/wp-content\\\/uploads\\\/2023\\\/10\\\/CGSP-3.png\",\"contentUrl\":\"https:\\\/\\\/fgtb-verviers.be\\\/wp-content\\\/uploads\\\/2023\\\/10\\\/CGSP-3.png\",\"width\":362,\"height\":112},{\"@type\":\"BreadcrumbList\",\"@id\":\"https:\\\/\\\/fgtb-verviers.be\\\/de\\\/centrales\\\/cgsp-welkenraedt\\\/#breadcrumb\",\"itemListElement\":[{\"@type\":\"ListItem\",\"position\":1,\"name\":\"Accueil\",\"item\":\"http:\\\/\\\/fgtb-verviers.be\\\/\"},{\"@type\":\"ListItem\",\"position\":2,\"name\":\"CGSP Welkenraedt\"}]},{\"@type\":\"WebSite\",\"@id\":\"http:\\\/\\\/fgtb-verviers.be\\\/#website\",\"url\":\"http:\\\/\\\/fgtb-verviers.be\\\/\",\"name\":\"FGTB Verviers\",\"description\":\"Ensemble, on est plus forts !\",\"potentialAction\":[{\"@type\":\"SearchAction\",\"target\":{\"@type\":\"EntryPoint\",\"urlTemplate\":\"http:\\\/\\\/fgtb-verviers.be\\\/?s={search_term_string}\"},\"query-input\":{\"@type\":\"PropertyValueSpecification\",\"valueRequired\":true,\"valueName\":\"search_term_string\"}}],\"inLanguage\":\"de\"}]}<\/script>\n<!-- \/ Yoast SEO plugin. -->","yoast_head_json":{"title":"CGSP Welkenraedt - FGTB Verviers","robots":{"index":"index","follow":"follow","max-snippet":"max-snippet:-1","max-image-preview":"max-image-preview:large","max-video-preview":"max-video-preview:-1"},"canonical":"https:\/\/fgtb-verviers.be\/de\/centrales\/cgsp-welkenraedt\/","og_locale":"de_DE","og_type":"article","og_title":"CGSP Welkenraedt - FGTB Verviers","og_description":"Die CGSP Welkenraedt, Ihre lokale Gewerkschaft, die sich f\u00fcr Ihre Rechte und Interessen einsetzt. Wir sind stolz darauf, unserer Gemeinschaft zu dienen, indem wir uns f\u00fcr die Rechte der Arbeitnehmer in der Region Welkenraedt einsetzen. Unser engagiertes Team unterst\u00fctzt Sie in allen arbeitsbezogenen Fragen, sei es in Bezug auf Arbeitsbedingungen, Lohnverhandlungen oder Gewerkschaftsvertretung.","og_url":"https:\/\/fgtb-verviers.be\/de\/centrales\/cgsp-welkenraedt\/","og_site_name":"FGTB Verviers","article_modified_time":"2024-01-29T14:39:39+00:00","og_image":[{"width":362,"height":112,"url":"https:\/\/fgtb-verviers.be\/wp-content\/uploads\/2023\/10\/CGSP-3.png","type":"image\/png"}],"twitter_card":"summary_large_image","schema":{"@context":"https:\/\/schema.org","@graph":[{"@type":"WebPage","@id":"https:\/\/fgtb-verviers.be\/de\/centrales\/cgsp-welkenraedt\/","url":"https:\/\/fgtb-verviers.be\/de\/centrales\/cgsp-welkenraedt\/","name":"CGSP Welkenraedt - FGTB Verviers","isPartOf":{"@id":"http:\/\/fgtb-verviers.be\/#website"},"primaryImageOfPage":{"@id":"https:\/\/fgtb-verviers.be\/de\/centrales\/cgsp-welkenraedt\/#primaryimage"},"image":{"@id":"https:\/\/fgtb-verviers.be\/de\/centrales\/cgsp-welkenraedt\/#primaryimage"},"thumbnailUrl":"https:\/\/fgtb-verviers.be\/wp-content\/uploads\/2023\/10\/CGSP-3.png","datePublished":"2023-10-17T09:52:32+00:00","dateModified":"2024-01-29T14:39:39+00:00","breadcrumb":{"@id":"https:\/\/fgtb-verviers.be\/de\/centrales\/cgsp-welkenraedt\/#breadcrumb"},"inLanguage":"de","potentialAction":[{"@type":"ReadAction","target":["https:\/\/fgtb-verviers.be\/de\/centrales\/cgsp-welkenraedt\/"]}]},{"@type":"ImageObject","inLanguage":"de","@id":"https:\/\/fgtb-verviers.be\/de\/centrales\/cgsp-welkenraedt\/#primaryimage","url":"https:\/\/fgtb-verviers.be\/wp-content\/uploads\/2023\/10\/CGSP-3.png","contentUrl":"https:\/\/fgtb-verviers.be\/wp-content\/uploads\/2023\/10\/CGSP-3.png","width":362,"height":112},{"@type":"BreadcrumbList","@id":"https:\/\/fgtb-verviers.be\/de\/centrales\/cgsp-welkenraedt\/#breadcrumb","itemListElement":[{"@type":"ListItem","position":1,"name":"Accueil","item":"http:\/\/fgtb-verviers.be\/"},{"@type":"ListItem","position":2,"name":"CGSP Welkenraedt"}]},{"@type":"WebSite","@id":"http:\/\/fgtb-verviers.be\/#website","url":"http:\/\/fgtb-verviers.be\/","name":"FGTB Verviers","description":"Ensemble, on est plus forts !","potentialAction":[{"@type":"SearchAction","target":{"@type":"EntryPoint","urlTemplate":"http:\/\/fgtb-verviers.be\/?s={search_term_string}"},"query-input":{"@type":"PropertyValueSpecification","valueRequired":true,"valueName":"search_term_string"}}],"inLanguage":"de"}]}},"_links":{"self":[{"href":"https:\/\/fgtb-verviers.be\/de\/wp-json\/wp\/v2\/centrales\/295","targetHints":{"allow":["GET"]}}],"collection":[{"href":"https:\/\/fgtb-verviers.be\/de\/wp-json\/wp\/v2\/centrales"}],"about":[{"href":"https:\/\/fgtb-verviers.be\/de\/wp-json\/wp\/v2\/types\/centrales"}],"wp:featuredmedia":[{"embeddable":true,"href":"https:\/\/fgtb-verviers.be\/de\/wp-json\/wp\/v2\/media\/1061"}],"wp:attachment":[{"href":"https:\/\/fgtb-verviers.be\/de\/wp-json\/wp\/v2\/media?parent=295"}],"wp:term":[{"taxonomy":"category","embeddable":true,"href":"https:\/\/fgtb-verviers.be\/de\/wp-json\/wp\/v2\/categories?post=295"}],"curies":[{"name":"wp","href":"https:\/\/api.w.org\/{rel}","templated":true}]}}

<h2 class="wp-block-heading">Stundenplan</h2>



<p><strong>Öffnungszeiten der Büros&nbsp;</strong>: Täglich von 8.30 bis 12.00 Uhr</p>

<p>Die CGSP Welkenraedt, Ihre lokale Gewerkschaft, die sich für Ihre Rechte und Interessen einsetzt. Wir sind stolz darauf, unserer Gemeinschaft zu dienen, indem wir uns für die Rechte der Arbeitnehmer in der Region Welkenraedt einsetzen. Unser engagiertes Team unterstützt Sie in allen arbeitsbezogenen Fragen, sei es in Bezug auf Arbeitsbedingungen, Lohnverhandlungen oder Gewerkschaftsvertretung.   </p>

<!-- This site is optimized with the Yoast SEO plugin v27.4 - https://yoast.com/product/yoast-seo-wordpress/ -->
<title>CGSP Welkenraedt - FGTB Verviers</title>
<meta name="robots" content="index, follow, max-snippet:-1, max-image-preview:large, max-video-preview:-1" />
<link rel="canonical" href="https://fgtb-verviers.be/de/centrales/cgsp-welkenraedt/" />
<meta property="og:locale" content="de_DE" />
<meta property="og:type" content="article" />
<meta property="og:title" content="CGSP Welkenraedt - FGTB Verviers" />
<meta property="og:description" content="Die CGSP Welkenraedt, Ihre lokale Gewerkschaft, die sich für Ihre Rechte und Interessen einsetzt. Wir sind stolz darauf, unserer Gemeinschaft zu dienen, indem wir uns für die Rechte der Arbeitnehmer in der Region Welkenraedt einsetzen. Unser engagiertes Team unterstützt Sie in allen arbeitsbezogenen Fragen, sei es in Bezug auf Arbeitsbedingungen, Lohnverhandlungen oder Gewerkschaftsvertretung." />
<meta property="og:url" content="https://fgtb-verviers.be/de/centrales/cgsp-welkenraedt/" />
<meta property="og:site_name" content="FGTB Verviers" />
<meta property="article:modified_time" content="2024-01-29T14:39:39+00:00" />
<meta property="og:image" content="https://fgtb-verviers.be/wp-content/uploads/2023/10/CGSP-3.png" />
	<meta property="og:image:width" content="362" />
	<meta property="og:image:height" content="112" />
	<meta property="og:image:type" content="image/png" />
<meta name="twitter:card" content="summary_large_image" />
<script type="application/ld+json" class="yoast-schema-graph">{"@context":"https:\/\/schema.org","@graph":[{"@type":"WebPage","@id":"https:\/\/fgtb-verviers.be\/de\/centrales\/cgsp-welkenraedt\/","url":"https:\/\/fgtb-verviers.be\/de\/centrales\/cgsp-welkenraedt\/","name":"CGSP Welkenraedt - FGTB Verviers","isPartOf":{"@id":"http:\/\/fgtb-verviers.be\/#website"},"primaryImageOfPage":{"@id":"https:\/\/fgtb-verviers.be\/de\/centrales\/cgsp-welkenraedt\/#primaryimage"},"image":{"@id":"https:\/\/fgtb-verviers.be\/de\/centrales\/cgsp-welkenraedt\/#primaryimage"},"thumbnailUrl":"https:\/\/fgtb-verviers.be\/wp-content\/uploads\/2023\/10\/CGSP-3.png","datePublished":"2023-10-17T09:52:32+00:00","dateModified":"2024-01-29T14:39:39+00:00","breadcrumb":{"@id":"https:\/\/fgtb-verviers.be\/de\/centrales\/cgsp-welkenraedt\/#breadcrumb"},"inLanguage":"de","potentialAction":[{"@type":"ReadAction","target":["https:\/\/fgtb-verviers.be\/de\/centrales\/cgsp-welkenraedt\/"]}]},{"@type":"ImageObject","inLanguage":"de","@id":"https:\/\/fgtb-verviers.be\/de\/centrales\/cgsp-welkenraedt\/#primaryimage","url":"https:\/\/fgtb-verviers.be\/wp-content\/uploads\/2023\/10\/CGSP-3.png","contentUrl":"https:\/\/fgtb-verviers.be\/wp-content\/uploads\/2023\/10\/CGSP-3.png","width":362,"height":112},{"@type":"BreadcrumbList","@id":"https:\/\/fgtb-verviers.be\/de\/centrales\/cgsp-welkenraedt\/#breadcrumb","itemListElement":[{"@type":"ListItem","position":1,"name":"Accueil","item":"http:\/\/fgtb-verviers.be\/"},{"@type":"ListItem","position":2,"name":"CGSP Welkenraedt"}]},{"@type":"WebSite","@id":"http:\/\/fgtb-verviers.be\/#website","url":"http:\/\/fgtb-verviers.be\/","name":"FGTB Verviers","description":"Ensemble, on est plus forts !","potentialAction":[{"@type":"SearchAction","target":{"@type":"EntryPoint","urlTemplate":"http:\/\/fgtb-verviers.be\/?s={search_term_string}"},"query-input":{"@type":"PropertyValueSpecification","valueRequired":true,"valueName":"search_term_string"}}],"inLanguage":"de"}]}</script>
<!-- / Yoast SEO plugin. -->

Die CGSP Welkenraedt, Ihre lokale Gewerkschaft, die sich für Ihre Rechte und Interessen einsetzt. Wir sind stolz darauf, unserer Gemeinschaft zu dienen, indem wir uns für die Rechte der Arbeitnehmer in der Region Welkenraedt einsetzen. Unser engagiertes Team unterstützt Sie in allen arbeitsbezogenen Fragen, sei es in Bezug auf Arbeitsbedingungen, Lohnverhandlungen oder Gewerkschaftsvertretung.
