{"version":"1.0","provider_name":"FGTB Verviers","provider_url":"https:\/\/fgtb-verviers.be\/de\/","author_name":"admin","author_url":"https:\/\/fgtb-verviers.be\/de\/centrale\/ohmedias\/","title":"Arbeitslosenamt - FGTB Verviers","type":"rich","width":600,"height":338,"html":"<blockquote class=\"wp-embedded-content\" data-secret=\"G50DMIvVKF\"><a href=\"https:\/\/fgtb-verviers.be\/de\/services\/arbeitslosenamt\/\">Arbeitslosenamt<\/a><\/blockquote><iframe sandbox=\"allow-scripts\" security=\"restricted\" src=\"https:\/\/fgtb-verviers.be\/de\/services\/arbeitslosenamt\/embed\/#?secret=G50DMIvVKF\" width=\"600\" height=\"338\" title=\"&#8222;Arbeitslosenamt&#8220; &#8211; FGTB Verviers\" data-secret=\"G50DMIvVKF\" frameborder=\"0\" marginwidth=\"0\" marginheight=\"0\" scrolling=\"no\" class=\"wp-embedded-content\"><\/iframe><script type=\"text\/javascript\">\n\/* <![CDATA[ *\/\n\/*! This file is auto-generated *\/\n!function(d,l){\"use strict\";l.querySelector&&d.addEventListener&&\"undefined\"!=typeof URL&&(d.wp=d.wp||{},d.wp.receiveEmbedMessage||(d.wp.receiveEmbedMessage=function(e){var t=e.data;if((t||t.secret||t.message||t.value)&&!\/[^a-zA-Z0-9]\/.test(t.secret)){for(var s,r,n,a=l.querySelectorAll('iframe[data-secret=\"'+t.secret+'\"]'),o=l.querySelectorAll('blockquote[data-secret=\"'+t.secret+'\"]'),c=new RegExp(\"^https?:$\",\"i\"),i=0;i<o.length;i++)o[i].style.display=\"none\";for(i=0;i<a.length;i++)s=a[i],e.source===s.contentWindow&&(s.removeAttribute(\"style\"),\"height\"===t.message?(1e3<(r=parseInt(t.value,10))?r=1e3:~~r<200&&(r=200),s.height=r):\"link\"===t.message&&(r=new URL(s.getAttribute(\"src\")),n=new URL(t.value),c.test(n.protocol))&&n.host===r.host&&l.activeElement===s&&(d.top.location.href=t.value))}},d.addEventListener(\"message\",d.wp.receiveEmbedMessage,!1),l.addEventListener(\"DOMContentLoaded\",function(){for(var e,t,s=l.querySelectorAll(\"iframe.wp-embedded-content\"),r=0;r<s.length;r++)(t=(e=s[r]).getAttribute(\"data-secret\"))||(t=Math.random().toString(36).substring(2,12),e.src+=\"#?secret=\"+t,e.setAttribute(\"data-secret\",t)),e.contentWindow.postMessage({message:\"ready\",secret:t},\"*\")},!1)))}(window,document);\n\/\/# sourceURL=https:\/\/fgtb-verviers.be\/wp-includes\/js\/wp-embed.min.js\n\/* ]]> *\/\n<\/script>\n","thumbnail_url":"http:\/\/fgtb-verviers.be\/wp-content\/uploads\/2023\/10\/office_droit_sociaux.jpg","thumbnail_width":1920,"thumbnail_height":1280,"description":"Entdecken Sie die Arbeitslosenabteilung der FGTB, Ihr Verb\u00fcndeter in schwierigen Zeiten. Wir sind da, um Sie bei jedem Schritt auf Ihrem Weg in die Arbeitslosigkeit zu unterst\u00fctzen. Nutzen Sie unser Fachwissen f\u00fcr vereinfachte Verfahren und optimierte Sozialleistungen. Unser Engagement: Ihnen dabei helfen, zu neuen Chancen abzuprallen. Schlie\u00dfen Sie sich uns noch heute an und machen Sie die FGTB zu Ihrem vertrauensw\u00fcrdigen Partner in Sachen Arbeitslosigkeit."}

Entdecken Sie die Arbeitslosenabteilung der FGTB, Ihr Verbündeter in schwierigen Zeiten. Wir sind da, um Sie bei jedem Schritt auf Ihrem Weg in die Arbeitslosigkeit zu unterstützen. Nutzen Sie unser Fachwissen für vereinfachte Verfahren und optimierte Sozialleistungen. Unser Engagement: Ihnen dabei helfen, zu neuen Chancen abzuprallen. Schließen Sie sich uns noch heute an und machen Sie die FGTB zu Ihrem vertrauenswürdigen Partner in Sachen Arbeitslosigkeit.
