{"version":"1.0","provider_name":"FGTB Verviers","provider_url":"https:\/\/fgtb-verviers.be\/de\/","author_name":"admin","author_url":"https:\/\/fgtb-verviers.be\/de\/centrale\/ohmedias\/","title":"Allgemeine Zentrale - FGTB Verviers","type":"rich","width":600,"height":338,"html":"<blockquote class=\"wp-embedded-content\" data-secret=\"t8O8zr9oE6\"><a href=\"https:\/\/fgtb-verviers.be\/de\/centrales\/allgemeine-zentrale\/\">Allgemeine Zentrale<\/a><\/blockquote><iframe sandbox=\"allow-scripts\" security=\"restricted\" src=\"https:\/\/fgtb-verviers.be\/de\/centrales\/allgemeine-zentrale\/embed\/#?secret=t8O8zr9oE6\" width=\"600\" height=\"338\" title=\"&#8222;Allgemeine Zentrale&#8220; &#8211; FGTB Verviers\" data-secret=\"t8O8zr9oE6\" frameborder=\"0\" marginwidth=\"0\" marginheight=\"0\" scrolling=\"no\" class=\"wp-embedded-content\"><\/iframe><script type=\"text\/javascript\">\n\/* <![CDATA[ *\/\n\/*! This file is auto-generated *\/\n!function(d,l){\"use strict\";l.querySelector&&d.addEventListener&&\"undefined\"!=typeof URL&&(d.wp=d.wp||{},d.wp.receiveEmbedMessage||(d.wp.receiveEmbedMessage=function(e){var t=e.data;if((t||t.secret||t.message||t.value)&&!\/[^a-zA-Z0-9]\/.test(t.secret)){for(var s,r,n,a=l.querySelectorAll('iframe[data-secret=\"'+t.secret+'\"]'),o=l.querySelectorAll('blockquote[data-secret=\"'+t.secret+'\"]'),c=new RegExp(\"^https?:$\",\"i\"),i=0;i<o.length;i++)o[i].style.display=\"none\";for(i=0;i<a.length;i++)s=a[i],e.source===s.contentWindow&&(s.removeAttribute(\"style\"),\"height\"===t.message?(1e3<(r=parseInt(t.value,10))?r=1e3:~~r<200&&(r=200),s.height=r):\"link\"===t.message&&(r=new URL(s.getAttribute(\"src\")),n=new URL(t.value),c.test(n.protocol))&&n.host===r.host&&l.activeElement===s&&(d.top.location.href=t.value))}},d.addEventListener(\"message\",d.wp.receiveEmbedMessage,!1),l.addEventListener(\"DOMContentLoaded\",function(){for(var e,t,s=l.querySelectorAll(\"iframe.wp-embedded-content\"),r=0;r<s.length;r++)(t=(e=s[r]).getAttribute(\"data-secret\"))||(t=Math.random().toString(36).substring(2,12),e.src+=\"#?secret=\"+t,e.setAttribute(\"data-secret\",t)),e.contentWindow.postMessage({message:\"ready\",secret:t},\"*\")},!1)))}(window,document);\n\/\/# sourceURL=https:\/\/fgtb-verviers.be\/wp-includes\/js\/wp-embed.min.js\n\/* ]]> *\/\n<\/script>\n","thumbnail_url":"http:\/\/fgtb-verviers.be\/wp-content\/uploads\/2023\/10\/CG-7.png","thumbnail_width":1131,"thumbnail_height":299,"description":"Die Generalzentrale, eine vereinte Kraft im Dienste der Arbeitnehmer. Seit vielen Jahrzehnten sind wir die Speerspitze bei der Verteidigung der Rechte und Interessen der Arbeitnehmerinnen und Arbeitnehmer in Belgien. Als dynamische und einflussreiche Gewerkschaft ist es unsere wichtigste Aufgabe, bessere Arbeitsbedingungen, faire L\u00f6hne und sichere Arbeitsumgebungen f\u00fcr unsere Mitglieder zu gew\u00e4hrleisten."}

Die Generalzentrale, eine vereinte Kraft im Dienste der Arbeitnehmer. Seit vielen Jahrzehnten sind wir die Speerspitze bei der Verteidigung der Rechte und Interessen der Arbeitnehmerinnen und Arbeitnehmer in Belgien. Als dynamische und einflussreiche Gewerkschaft ist es unsere wichtigste Aufgabe, bessere Arbeitsbedingungen, faire Löhne und sichere Arbeitsumgebungen für unsere Mitglieder zu gewährleisten.
