{"id":288,"date":"2023-10-11T15:21:36","date_gmt":"2023-10-11T15:21:36","guid":{"rendered":"https:\/\/fgtb-verviers.be\/services\/amt-fur-auslanderrechte\/"},"modified":"2023-10-18T13:00:23","modified_gmt":"2023-10-18T13:00:23","slug":"amt-fur-auslanderrechte","status":"publish","type":"services","link":"http:\/\/fgtb-verviers.be\/de\/services\/amt-fur-auslanderrechte\/","title":{"rendered":"Amt f\u00fcr Ausl\u00e4nderrechte"},"content":{"rendered":"\n<h2 class=\"wp-block-heading\">\n            <strong>Ort und Zeit<\/strong>\n          <\/h2>\n\n\n\n<p>Am ersten Montag jedes Monats per Telefon und E-Mail (oder bei Bedarf auch pers\u00f6nlich, aber&nbsp;<strong>nur nach Vereinbarung)<\/strong>.<\/p>\n\n\n\n<p>Pont aux Lions 23 &#8211; <sup>5<\/sup>. Stock&nbsp; \u00e0 4800 Verviers<\/p>\n\n\n\n<h3 class=\"wp-block-heading\">\n            <strong>Kontakt<\/strong>\n          <\/h3>\n\n\n\n<p>081\/26.51.89 &#8211;&nbsp;<strong>0478\/88.23.10<\/strong><\/p>\n\n\n\n<p><a href=\"mailto:Robin.SPRUMONT@cepag.be\" target=\"_blank\" rel=\"noreferrer noopener\">E-Mail<\/a>&nbsp;: Robin.SPRUMONT@cepag.be<\/p>\n\n\n\n<h2 class=\"wp-block-heading\">\n            <strong>Unverzichtbare Modalit\u00e4ten<\/strong>\n          <\/h2>\n\n\n\n<p>Ihren Personalausweis oder Reisepass mitbringen<\/p>\n\n\n\n<h3 class=\"wp-block-heading\">\n            <strong>F\u00fcr wen<\/strong>\n          <\/h3>\n\n\n\n<p>Alle ausl\u00e4ndischen Personen, die sich in Belgien aufhalten, unabh\u00e4ngig von ihrem Aufenthaltsstatus (Europ\u00e4er, Drittstaatsangeh\u00f6riger, Sans-Papiers, &#8230;) und die sich Fragen stellen in Bezug auf :<\/p>\n\n\n\n<ul class=\"wp-block-list\">\n<li>Familienzusammenf\u00fchrung&nbsp;;<\/li>\n\n\n\n<li>Arbeitserlaubnis&nbsp;;<\/li>\n\n\n\n<li>Recht gegen\u00fcber dem Arbeitgeber (auch f\u00fcr undokumentierte Personen)&nbsp;;<\/li>\n\n\n\n<li>Regularisierung des Aufenthalts&nbsp;;<\/li>\n\n\n\n<li>Asylantrag&nbsp;;<\/li>\n\n\n\n<li>Recht auf Sozialhilfe (und medizinische Nothilfe)&nbsp;;<\/li>\n\n\n\n<li>Problematik der sozialen Sicherheit (Arbeitslosigkeit, Krankenkasse, &#8230;)&nbsp;;<\/li>\n\n\n\n<li>&#8230;<\/li>\n<\/ul>\n","protected":false},"excerpt":{"rendered":"<p>Der Rechtsinformationsdienst &#8222;Ausl\u00e4nderrecht&#8220; der FGTB Verviers informiert Sie kostenlos, ber\u00e4t Sie und hilft Ihnen, die zu unternehmenden Verwaltungsschritte und die zur Wahrung Ihrer Rechte erforderlichen Gerichtsverfahren zu verstehen.<\/p>\n","protected":false},"featured_media":256,"template":"","class_list":["post-288","services","type-services","status-publish","has-post-thumbnail","hentry"],"acf":[],"yoast_head":"<!-- This site is optimized with the Yoast SEO plugin v27.4 - https:\/\/yoast.com\/product\/yoast-seo-wordpress\/ -->\n<title>Amt f\u00fcr Ausl\u00e4nderrechte - FGTB Verviers<\/title>\n<meta name=\"robots\" content=\"index, follow, max-snippet:-1, max-image-preview:large, max-video-preview:-1\" \/>\n<link rel=\"canonical\" href=\"http:\/\/fgtb-verviers.be\/de\/services\/amt-fur-auslanderrechte\/\" \/>\n<meta property=\"og:locale\" content=\"de_DE\" \/>\n<meta property=\"og:type\" content=\"article\" \/>\n<meta property=\"og:title\" content=\"Amt f\u00fcr Ausl\u00e4nderrechte - FGTB Verviers\" \/>\n<meta property=\"og:description\" content=\"Der Rechtsinformationsdienst &quot;Ausl\u00e4nderrecht&quot; der FGTB Verviers informiert Sie kostenlos, ber\u00e4t Sie und hilft Ihnen, die zu unternehmenden Verwaltungsschritte und die zur Wahrung Ihrer Rechte erforderlichen Gerichtsverfahren zu verstehen.\" \/>\n<meta property=\"og:url\" content=\"http:\/\/fgtb-verviers.be\/de\/services\/amt-fur-auslanderrechte\/\" \/>\n<meta property=\"og:site_name\" content=\"FGTB Verviers\" \/>\n<meta property=\"article:modified_time\" content=\"2023-10-18T13:00:23+00:00\" \/>\n<meta property=\"og:image\" content=\"http:\/\/fgtb-verviers.be\/wp-content\/uploads\/2023\/10\/droits_etrangers.jpg\" \/>\n\t<meta property=\"og:image:width\" content=\"1920\" \/>\n\t<meta property=\"og:image:height\" content=\"1280\" \/>\n\t<meta property=\"og:image:type\" content=\"image\/jpeg\" \/>\n<meta name=\"twitter:card\" content=\"summary_large_image\" \/>\n<script type=\"application\/ld+json\" class=\"yoast-schema-graph\">{\"@context\":\"https:\\\/\\\/schema.org\",\"@graph\":[{\"@type\":\"WebPage\",\"@id\":\"http:\\\/\\\/fgtb-verviers.be\\\/de\\\/services\\\/amt-fur-auslanderrechte\\\/\",\"url\":\"http:\\\/\\\/fgtb-verviers.be\\\/de\\\/services\\\/amt-fur-auslanderrechte\\\/\",\"name\":\"Amt f\u00fcr Ausl\u00e4nderrechte - FGTB Verviers\",\"isPartOf\":{\"@id\":\"http:\\\/\\\/fgtb-verviers.be\\\/#website\"},\"primaryImageOfPage\":{\"@id\":\"http:\\\/\\\/fgtb-verviers.be\\\/de\\\/services\\\/amt-fur-auslanderrechte\\\/#primaryimage\"},\"image\":{\"@id\":\"http:\\\/\\\/fgtb-verviers.be\\\/de\\\/services\\\/amt-fur-auslanderrechte\\\/#primaryimage\"},\"thumbnailUrl\":\"http:\\\/\\\/fgtb-verviers.be\\\/wp-content\\\/uploads\\\/2023\\\/10\\\/droits_etrangers.jpg\",\"datePublished\":\"2023-10-11T15:21:36+00:00\",\"dateModified\":\"2023-10-18T13:00:23+00:00\",\"breadcrumb\":{\"@id\":\"http:\\\/\\\/fgtb-verviers.be\\\/de\\\/services\\\/amt-fur-auslanderrechte\\\/#breadcrumb\"},\"inLanguage\":\"de\",\"potentialAction\":[{\"@type\":\"ReadAction\",\"target\":[\"http:\\\/\\\/fgtb-verviers.be\\\/de\\\/services\\\/amt-fur-auslanderrechte\\\/\"]}]},{\"@type\":\"ImageObject\",\"inLanguage\":\"de\",\"@id\":\"http:\\\/\\\/fgtb-verviers.be\\\/de\\\/services\\\/amt-fur-auslanderrechte\\\/#primaryimage\",\"url\":\"http:\\\/\\\/fgtb-verviers.be\\\/wp-content\\\/uploads\\\/2023\\\/10\\\/droits_etrangers.jpg\",\"contentUrl\":\"http:\\\/\\\/fgtb-verviers.be\\\/wp-content\\\/uploads\\\/2023\\\/10\\\/droits_etrangers.jpg\",\"width\":1920,\"height\":1280},{\"@type\":\"BreadcrumbList\",\"@id\":\"http:\\\/\\\/fgtb-verviers.be\\\/de\\\/services\\\/amt-fur-auslanderrechte\\\/#breadcrumb\",\"itemListElement\":[{\"@type\":\"ListItem\",\"position\":1,\"name\":\"Accueil\",\"item\":\"http:\\\/\\\/fgtb-verviers.be\\\/\"},{\"@type\":\"ListItem\",\"position\":2,\"name\":\"Amt f\u00fcr Ausl\u00e4nderrechte\"}]},{\"@type\":\"WebSite\",\"@id\":\"http:\\\/\\\/fgtb-verviers.be\\\/#website\",\"url\":\"http:\\\/\\\/fgtb-verviers.be\\\/\",\"name\":\"FGTB Verviers\",\"description\":\"Ensemble, on est plus forts !\",\"potentialAction\":[{\"@type\":\"SearchAction\",\"target\":{\"@type\":\"EntryPoint\",\"urlTemplate\":\"http:\\\/\\\/fgtb-verviers.be\\\/?s={search_term_string}\"},\"query-input\":{\"@type\":\"PropertyValueSpecification\",\"valueRequired\":true,\"valueName\":\"search_term_string\"}}],\"inLanguage\":\"de\"}]}<\/script>\n<!-- \/ Yoast SEO plugin. -->","yoast_head_json":{"title":"Amt f\u00fcr Ausl\u00e4nderrechte - FGTB Verviers","robots":{"index":"index","follow":"follow","max-snippet":"max-snippet:-1","max-image-preview":"max-image-preview:large","max-video-preview":"max-video-preview:-1"},"canonical":"http:\/\/fgtb-verviers.be\/de\/services\/amt-fur-auslanderrechte\/","og_locale":"de_DE","og_type":"article","og_title":"Amt f\u00fcr Ausl\u00e4nderrechte - FGTB Verviers","og_description":"Der Rechtsinformationsdienst \"Ausl\u00e4nderrecht\" der FGTB Verviers informiert Sie kostenlos, ber\u00e4t Sie und hilft Ihnen, die zu unternehmenden Verwaltungsschritte und die zur Wahrung Ihrer Rechte erforderlichen Gerichtsverfahren zu verstehen.","og_url":"http:\/\/fgtb-verviers.be\/de\/services\/amt-fur-auslanderrechte\/","og_site_name":"FGTB Verviers","article_modified_time":"2023-10-18T13:00:23+00:00","og_image":[{"width":1920,"height":1280,"url":"http:\/\/fgtb-verviers.be\/wp-content\/uploads\/2023\/10\/droits_etrangers.jpg","type":"image\/jpeg"}],"twitter_card":"summary_large_image","schema":{"@context":"https:\/\/schema.org","@graph":[{"@type":"WebPage","@id":"http:\/\/fgtb-verviers.be\/de\/services\/amt-fur-auslanderrechte\/","url":"http:\/\/fgtb-verviers.be\/de\/services\/amt-fur-auslanderrechte\/","name":"Amt f\u00fcr Ausl\u00e4nderrechte - FGTB Verviers","isPartOf":{"@id":"http:\/\/fgtb-verviers.be\/#website"},"primaryImageOfPage":{"@id":"http:\/\/fgtb-verviers.be\/de\/services\/amt-fur-auslanderrechte\/#primaryimage"},"image":{"@id":"http:\/\/fgtb-verviers.be\/de\/services\/amt-fur-auslanderrechte\/#primaryimage"},"thumbnailUrl":"http:\/\/fgtb-verviers.be\/wp-content\/uploads\/2023\/10\/droits_etrangers.jpg","datePublished":"2023-10-11T15:21:36+00:00","dateModified":"2023-10-18T13:00:23+00:00","breadcrumb":{"@id":"http:\/\/fgtb-verviers.be\/de\/services\/amt-fur-auslanderrechte\/#breadcrumb"},"inLanguage":"de","potentialAction":[{"@type":"ReadAction","target":["http:\/\/fgtb-verviers.be\/de\/services\/amt-fur-auslanderrechte\/"]}]},{"@type":"ImageObject","inLanguage":"de","@id":"http:\/\/fgtb-verviers.be\/de\/services\/amt-fur-auslanderrechte\/#primaryimage","url":"http:\/\/fgtb-verviers.be\/wp-content\/uploads\/2023\/10\/droits_etrangers.jpg","contentUrl":"http:\/\/fgtb-verviers.be\/wp-content\/uploads\/2023\/10\/droits_etrangers.jpg","width":1920,"height":1280},{"@type":"BreadcrumbList","@id":"http:\/\/fgtb-verviers.be\/de\/services\/amt-fur-auslanderrechte\/#breadcrumb","itemListElement":[{"@type":"ListItem","position":1,"name":"Accueil","item":"http:\/\/fgtb-verviers.be\/"},{"@type":"ListItem","position":2,"name":"Amt f\u00fcr Ausl\u00e4nderrechte"}]},{"@type":"WebSite","@id":"http:\/\/fgtb-verviers.be\/#website","url":"http:\/\/fgtb-verviers.be\/","name":"FGTB Verviers","description":"Ensemble, on est plus forts !","potentialAction":[{"@type":"SearchAction","target":{"@type":"EntryPoint","urlTemplate":"http:\/\/fgtb-verviers.be\/?s={search_term_string}"},"query-input":{"@type":"PropertyValueSpecification","valueRequired":true,"valueName":"search_term_string"}}],"inLanguage":"de"}]}},"_links":{"self":[{"href":"http:\/\/fgtb-verviers.be\/de\/wp-json\/wp\/v2\/services\/288","targetHints":{"allow":["GET"]}}],"collection":[{"href":"http:\/\/fgtb-verviers.be\/de\/wp-json\/wp\/v2\/services"}],"about":[{"href":"http:\/\/fgtb-verviers.be\/de\/wp-json\/wp\/v2\/types\/services"}],"wp:featuredmedia":[{"embeddable":true,"href":"http:\/\/fgtb-verviers.be\/de\/wp-json\/wp\/v2\/media\/256"}],"wp:attachment":[{"href":"http:\/\/fgtb-verviers.be\/de\/wp-json\/wp\/v2\/media?parent=288"}],"curies":[{"name":"wp","href":"https:\/\/api.w.org\/{rel}","templated":true}]}}

Amt für Ausländerrechte

<h2 class="wp-block-heading">
            <strong>Ort und Zeit</strong>
          </h2>



<p>Am ersten Montag jedes Monats per Telefon und E-Mail (oder bei Bedarf auch persönlich, aber&nbsp;<strong>nur nach Vereinbarung)</strong>.</p>



<p>Pont aux Lions 23 &#8211; <sup>5</sup>. Stock&nbsp; à 4800 Verviers</p>



<h3 class="wp-block-heading">
            <strong>Kontakt</strong>
          </h3>



<p>081/26.51.89 &#8211;&nbsp;<strong>0478/88.23.10</strong></p>



<p><a href="mailto:Robin.SPRUMONT@cepag.be" target="_blank" rel="noreferrer noopener">E-Mail</a>&nbsp;: Robin.SPRUMONT@cepag.be</p>



<h2 class="wp-block-heading">
            <strong>Unverzichtbare Modalitäten</strong>
          </h2>



<p>Ihren Personalausweis oder Reisepass mitbringen</p>



<h3 class="wp-block-heading">
            <strong>Für wen</strong>
          </h3>



<p>Alle ausländischen Personen, die sich in Belgien aufhalten, unabhängig von ihrem Aufenthaltsstatus (Europäer, Drittstaatsangehöriger, Sans-Papiers, &#8230;) und die sich Fragen stellen in Bezug auf :</p>



<ul class="wp-block-list">
<li>Familienzusammenführung&nbsp;;</li>



<li>Arbeitserlaubnis&nbsp;;</li>



<li>Recht gegenüber dem Arbeitgeber (auch für undokumentierte Personen)&nbsp;;</li>



<li>Regularisierung des Aufenthalts&nbsp;;</li>



<li>Asylantrag&nbsp;;</li>



<li>Recht auf Sozialhilfe (und medizinische Nothilfe)&nbsp;;</li>



<li>Problematik der sozialen Sicherheit (Arbeitslosigkeit, Krankenkasse, &#8230;)&nbsp;;</li>



<li>&#8230;</li>
</ul>

<p>Der Rechtsinformationsdienst &#8222;Ausländerrecht&#8220; der FGTB Verviers informiert Sie kostenlos, berät Sie und hilft Ihnen, die zu unternehmenden Verwaltungsschritte und die zur Wahrung Ihrer Rechte erforderlichen Gerichtsverfahren zu verstehen.</p>

<!-- This site is optimized with the Yoast SEO plugin v27.4 - https://yoast.com/product/yoast-seo-wordpress/ -->
<title>Amt für Ausländerrechte - FGTB Verviers</title>
<meta name="robots" content="index, follow, max-snippet:-1, max-image-preview:large, max-video-preview:-1" />
<link rel="canonical" href="http://fgtb-verviers.be/de/services/amt-fur-auslanderrechte/" />
<meta property="og:locale" content="de_DE" />
<meta property="og:type" content="article" />
<meta property="og:title" content="Amt für Ausländerrechte - FGTB Verviers" />
<meta property="og:description" content="Der Rechtsinformationsdienst &quot;Ausländerrecht&quot; der FGTB Verviers informiert Sie kostenlos, berät Sie und hilft Ihnen, die zu unternehmenden Verwaltungsschritte und die zur Wahrung Ihrer Rechte erforderlichen Gerichtsverfahren zu verstehen." />
<meta property="og:url" content="http://fgtb-verviers.be/de/services/amt-fur-auslanderrechte/" />
<meta property="og:site_name" content="FGTB Verviers" />
<meta property="article:modified_time" content="2023-10-18T13:00:23+00:00" />
<meta property="og:image" content="http://fgtb-verviers.be/wp-content/uploads/2023/10/droits_etrangers.jpg" />
	<meta property="og:image:width" content="1920" />
	<meta property="og:image:height" content="1280" />
	<meta property="og:image:type" content="image/jpeg" />
<meta name="twitter:card" content="summary_large_image" />
<script type="application/ld+json" class="yoast-schema-graph">{"@context":"https:\/\/schema.org","@graph":[{"@type":"WebPage","@id":"http:\/\/fgtb-verviers.be\/de\/services\/amt-fur-auslanderrechte\/","url":"http:\/\/fgtb-verviers.be\/de\/services\/amt-fur-auslanderrechte\/","name":"Amt für Ausländerrechte - FGTB Verviers","isPartOf":{"@id":"http:\/\/fgtb-verviers.be\/#website"},"primaryImageOfPage":{"@id":"http:\/\/fgtb-verviers.be\/de\/services\/amt-fur-auslanderrechte\/#primaryimage"},"image":{"@id":"http:\/\/fgtb-verviers.be\/de\/services\/amt-fur-auslanderrechte\/#primaryimage"},"thumbnailUrl":"http:\/\/fgtb-verviers.be\/wp-content\/uploads\/2023\/10\/droits_etrangers.jpg","datePublished":"2023-10-11T15:21:36+00:00","dateModified":"2023-10-18T13:00:23+00:00","breadcrumb":{"@id":"http:\/\/fgtb-verviers.be\/de\/services\/amt-fur-auslanderrechte\/#breadcrumb"},"inLanguage":"de","potentialAction":[{"@type":"ReadAction","target":["http:\/\/fgtb-verviers.be\/de\/services\/amt-fur-auslanderrechte\/"]}]},{"@type":"ImageObject","inLanguage":"de","@id":"http:\/\/fgtb-verviers.be\/de\/services\/amt-fur-auslanderrechte\/#primaryimage","url":"http:\/\/fgtb-verviers.be\/wp-content\/uploads\/2023\/10\/droits_etrangers.jpg","contentUrl":"http:\/\/fgtb-verviers.be\/wp-content\/uploads\/2023\/10\/droits_etrangers.jpg","width":1920,"height":1280},{"@type":"BreadcrumbList","@id":"http:\/\/fgtb-verviers.be\/de\/services\/amt-fur-auslanderrechte\/#breadcrumb","itemListElement":[{"@type":"ListItem","position":1,"name":"Accueil","item":"http:\/\/fgtb-verviers.be\/"},{"@type":"ListItem","position":2,"name":"Amt für Ausländerrechte"}]},{"@type":"WebSite","@id":"http:\/\/fgtb-verviers.be\/#website","url":"http:\/\/fgtb-verviers.be\/","name":"FGTB Verviers","description":"Ensemble, on est plus forts !","potentialAction":[{"@type":"SearchAction","target":{"@type":"EntryPoint","urlTemplate":"http:\/\/fgtb-verviers.be\/?s={search_term_string}"},"query-input":{"@type":"PropertyValueSpecification","valueRequired":true,"valueName":"search_term_string"}}],"inLanguage":"de"}]}</script>
<!-- / Yoast SEO plugin. -->

Amt für Ausländerrechte - FGTB Verviers

Der Rechtsinformationsdienst "Ausländerrecht" der FGTB Verviers informiert Sie kostenlos, berät Sie und hilft Ihnen, die zu unternehmenden Verwaltungsschritte und die zur Wahrung Ihrer Rechte erforderlichen Gerichtsverfahren zu verstehen.
