{"id":296,"date":"2023-10-17T09:23:47","date_gmt":"2023-10-17T09:23:47","guid":{"rendered":"https:\/\/fgtb-verviers.be\/centrales\/metaller-verviers-ostbelgien\/"},"modified":"2023-11-20T13:53:44","modified_gmt":"2023-11-20T13:53:44","slug":"metaller-verviers-ostbelgien","status":"publish","type":"centrales","link":"http:\/\/fgtb-verviers.be\/de\/centrales\/metaller-verviers-ostbelgien\/","title":{"rendered":"Metallos Verviers-Ostbelgien"},"content":{"rendered":"\n<h2 class=\"wp-block-heading\">\u00d6ffnungszeiten<\/h2>\n\n\n\n<ul class=\"wp-block-list\">\n<li>Montag bis Donnerstag von 8:30 bis 12:00 Uhr und von 13:15 bis 17:00 Uhr<\/li>\n\n\n\n<li>Freitags von 8:30 bis 12:00 Uhr<\/li>\n<\/ul>\n\n\n\n<p>Terminm\u00f6glichkeit vorbehaltlich unserer Verf\u00fcgbarkeit.<\/p>\n\n\n\n<h2 class=\"wp-block-heading\">Wir behandeln die folgenden Themen:<\/h2>\n\n\n\n<ul class=\"wp-block-list\">\n<li>Verschiedene Fragen zu Ihrer Besch\u00e4ftigung und\/oder Ihrem Arbeitgeber<\/li>\n\n\n\n<li>Administrative Hilfe bei vor\u00fcbergehender Arbeitslosigkeit<\/li>\n\n\n\n<li>Erste Zeile der Rechtsabteilung<\/li>\n\n\n\n<li>Auszahlung der Entsch\u00e4digungen aus dem Fonds f\u00fcr Existenzsicherheit der Metallverarbeitung sowie der verschiedenen Sozialfonds (Krankengeld, Arbeitslosengeld, GRV, Kinderbetreuung, &#8230;).<\/li>\n\n\n\n<li>Zahlung der Gewerkschaftspr\u00e4mie<\/li>\n\n\n\n<li>Zahlung von Jahresendpr\u00e4mien f\u00fcr Zeitarbeitskr\u00e4fte<\/li>\n\n\n\n<li>Zahlung von Streikgeld<\/li>\n<\/ul>\n\n\n\n<h2 class=\"wp-block-heading\">Parit\u00e4tische Kommissionen<\/h2>\n\n\n\n<ul class=\"wp-block-list\">\n<li><strong>CP111.01-02-03<\/strong>: Metallherstellung, Monteure und Zimmerleute<\/li>\n\n\n\n<li><strong>CP104<\/strong>: Stahlindustrie<\/li>\n\n\n\n<li><strong>CP105<\/strong>: Nicht eisenhaltig<\/li>\n\n\n\n<li><strong>CP112<\/strong>: Garagen<\/li>\n\n\n\n<li><strong>CP142.01<\/strong>: R\u00fcckgewinnung von Metallen<\/li>\n\n\n\n<li><strong>CP149.02<\/strong>: Karosseriebau<\/li>\n\n\n\n<li><strong>CP149.01<\/strong>: Elektriker\/in<\/li>\n\n\n\n<li><strong>CP149.03<\/strong>: Edelmetalle<\/li>\n\n\n\n<li><strong>CP149.04<\/strong>: Metallhandel<\/li>\n\n\n\n<li><strong>CP315.02<\/strong>: Luftfahrt<\/li>\n<\/ul>\n","protected":false},"excerpt":{"rendered":"<p>Die Sektion Metallerinnen und Metaller von Verviers-Ostbelgien kann Ihnen bei Fragen zu Ihrer Besch\u00e4ftigung, Arbeitslosigkeit oder rechtlichen Fragen zur Erstversorgung behilflich sein.<\/p>\n","protected":false},"featured_media":1065,"template":"","categories":[],"class_list":["post-296","centrales","type-centrales","status-publish","has-post-thumbnail","hentry"],"acf":[],"yoast_head":"<!-- This site is optimized with the Yoast SEO plugin v27.4 - https:\/\/yoast.com\/product\/yoast-seo-wordpress\/ -->\n<title>Metallos Verviers-Ostbelgien - FGTB Verviers<\/title>\n<meta name=\"robots\" content=\"index, follow, max-snippet:-1, max-image-preview:large, max-video-preview:-1\" \/>\n<link rel=\"canonical\" href=\"http:\/\/fgtb-verviers.be\/de\/centrales\/metaller-verviers-ostbelgien\/\" \/>\n<meta property=\"og:locale\" content=\"de_DE\" \/>\n<meta property=\"og:type\" content=\"article\" \/>\n<meta property=\"og:title\" content=\"Metallos Verviers-Ostbelgien - FGTB Verviers\" \/>\n<meta property=\"og:description\" content=\"Die Sektion Metallerinnen und Metaller von Verviers-Ostbelgien kann Ihnen bei Fragen zu Ihrer Besch\u00e4ftigung, Arbeitslosigkeit oder rechtlichen Fragen zur Erstversorgung behilflich sein.\" \/>\n<meta property=\"og:url\" content=\"http:\/\/fgtb-verviers.be\/de\/centrales\/metaller-verviers-ostbelgien\/\" \/>\n<meta property=\"og:site_name\" content=\"FGTB Verviers\" \/>\n<meta property=\"article:modified_time\" content=\"2023-11-20T13:53:44+00:00\" \/>\n<meta property=\"og:image\" content=\"http:\/\/fgtb-verviers.be\/wp-content\/uploads\/2023\/10\/mwb-logo.png\" \/>\n\t<meta property=\"og:image:width\" content=\"234\" \/>\n\t<meta property=\"og:image:height\" content=\"112\" \/>\n\t<meta property=\"og:image:type\" content=\"image\/png\" \/>\n<meta name=\"twitter:card\" content=\"summary_large_image\" \/>\n<meta name=\"twitter:label1\" content=\"Gesch\u00e4tzte Lesezeit\" \/>\n\t<meta name=\"twitter:data1\" content=\"1\u00a0Minute\" \/>\n<script type=\"application\/ld+json\" class=\"yoast-schema-graph\">{\"@context\":\"https:\\\/\\\/schema.org\",\"@graph\":[{\"@type\":\"WebPage\",\"@id\":\"http:\\\/\\\/fgtb-verviers.be\\\/de\\\/centrales\\\/metaller-verviers-ostbelgien\\\/\",\"url\":\"http:\\\/\\\/fgtb-verviers.be\\\/de\\\/centrales\\\/metaller-verviers-ostbelgien\\\/\",\"name\":\"Metallos Verviers-Ostbelgien - FGTB Verviers\",\"isPartOf\":{\"@id\":\"http:\\\/\\\/fgtb-verviers.be\\\/#website\"},\"primaryImageOfPage\":{\"@id\":\"http:\\\/\\\/fgtb-verviers.be\\\/de\\\/centrales\\\/metaller-verviers-ostbelgien\\\/#primaryimage\"},\"image\":{\"@id\":\"http:\\\/\\\/fgtb-verviers.be\\\/de\\\/centrales\\\/metaller-verviers-ostbelgien\\\/#primaryimage\"},\"thumbnailUrl\":\"http:\\\/\\\/fgtb-verviers.be\\\/wp-content\\\/uploads\\\/2023\\\/10\\\/mwb-logo.png\",\"datePublished\":\"2023-10-17T09:23:47+00:00\",\"dateModified\":\"2023-11-20T13:53:44+00:00\",\"breadcrumb\":{\"@id\":\"http:\\\/\\\/fgtb-verviers.be\\\/de\\\/centrales\\\/metaller-verviers-ostbelgien\\\/#breadcrumb\"},\"inLanguage\":\"de\",\"potentialAction\":[{\"@type\":\"ReadAction\",\"target\":[\"http:\\\/\\\/fgtb-verviers.be\\\/de\\\/centrales\\\/metaller-verviers-ostbelgien\\\/\"]}]},{\"@type\":\"ImageObject\",\"inLanguage\":\"de\",\"@id\":\"http:\\\/\\\/fgtb-verviers.be\\\/de\\\/centrales\\\/metaller-verviers-ostbelgien\\\/#primaryimage\",\"url\":\"http:\\\/\\\/fgtb-verviers.be\\\/wp-content\\\/uploads\\\/2023\\\/10\\\/mwb-logo.png\",\"contentUrl\":\"http:\\\/\\\/fgtb-verviers.be\\\/wp-content\\\/uploads\\\/2023\\\/10\\\/mwb-logo.png\",\"width\":234,\"height\":112},{\"@type\":\"BreadcrumbList\",\"@id\":\"http:\\\/\\\/fgtb-verviers.be\\\/de\\\/centrales\\\/metaller-verviers-ostbelgien\\\/#breadcrumb\",\"itemListElement\":[{\"@type\":\"ListItem\",\"position\":1,\"name\":\"Accueil\",\"item\":\"http:\\\/\\\/fgtb-verviers.be\\\/\"},{\"@type\":\"ListItem\",\"position\":2,\"name\":\"Metallos Verviers-Ostbelgien\"}]},{\"@type\":\"WebSite\",\"@id\":\"http:\\\/\\\/fgtb-verviers.be\\\/#website\",\"url\":\"http:\\\/\\\/fgtb-verviers.be\\\/\",\"name\":\"FGTB Verviers\",\"description\":\"Ensemble, on est plus forts !\",\"potentialAction\":[{\"@type\":\"SearchAction\",\"target\":{\"@type\":\"EntryPoint\",\"urlTemplate\":\"http:\\\/\\\/fgtb-verviers.be\\\/?s={search_term_string}\"},\"query-input\":{\"@type\":\"PropertyValueSpecification\",\"valueRequired\":true,\"valueName\":\"search_term_string\"}}],\"inLanguage\":\"de\"}]}<\/script>\n<!-- \/ Yoast SEO plugin. -->","yoast_head_json":{"title":"Metallos Verviers-Ostbelgien - FGTB Verviers","robots":{"index":"index","follow":"follow","max-snippet":"max-snippet:-1","max-image-preview":"max-image-preview:large","max-video-preview":"max-video-preview:-1"},"canonical":"http:\/\/fgtb-verviers.be\/de\/centrales\/metaller-verviers-ostbelgien\/","og_locale":"de_DE","og_type":"article","og_title":"Metallos Verviers-Ostbelgien - FGTB Verviers","og_description":"Die Sektion Metallerinnen und Metaller von Verviers-Ostbelgien kann Ihnen bei Fragen zu Ihrer Besch\u00e4ftigung, Arbeitslosigkeit oder rechtlichen Fragen zur Erstversorgung behilflich sein.","og_url":"http:\/\/fgtb-verviers.be\/de\/centrales\/metaller-verviers-ostbelgien\/","og_site_name":"FGTB Verviers","article_modified_time":"2023-11-20T13:53:44+00:00","og_image":[{"width":234,"height":112,"url":"http:\/\/fgtb-verviers.be\/wp-content\/uploads\/2023\/10\/mwb-logo.png","type":"image\/png"}],"twitter_card":"summary_large_image","twitter_misc":{"Gesch\u00e4tzte Lesezeit":"1\u00a0Minute"},"schema":{"@context":"https:\/\/schema.org","@graph":[{"@type":"WebPage","@id":"http:\/\/fgtb-verviers.be\/de\/centrales\/metaller-verviers-ostbelgien\/","url":"http:\/\/fgtb-verviers.be\/de\/centrales\/metaller-verviers-ostbelgien\/","name":"Metallos Verviers-Ostbelgien - FGTB Verviers","isPartOf":{"@id":"http:\/\/fgtb-verviers.be\/#website"},"primaryImageOfPage":{"@id":"http:\/\/fgtb-verviers.be\/de\/centrales\/metaller-verviers-ostbelgien\/#primaryimage"},"image":{"@id":"http:\/\/fgtb-verviers.be\/de\/centrales\/metaller-verviers-ostbelgien\/#primaryimage"},"thumbnailUrl":"http:\/\/fgtb-verviers.be\/wp-content\/uploads\/2023\/10\/mwb-logo.png","datePublished":"2023-10-17T09:23:47+00:00","dateModified":"2023-11-20T13:53:44+00:00","breadcrumb":{"@id":"http:\/\/fgtb-verviers.be\/de\/centrales\/metaller-verviers-ostbelgien\/#breadcrumb"},"inLanguage":"de","potentialAction":[{"@type":"ReadAction","target":["http:\/\/fgtb-verviers.be\/de\/centrales\/metaller-verviers-ostbelgien\/"]}]},{"@type":"ImageObject","inLanguage":"de","@id":"http:\/\/fgtb-verviers.be\/de\/centrales\/metaller-verviers-ostbelgien\/#primaryimage","url":"http:\/\/fgtb-verviers.be\/wp-content\/uploads\/2023\/10\/mwb-logo.png","contentUrl":"http:\/\/fgtb-verviers.be\/wp-content\/uploads\/2023\/10\/mwb-logo.png","width":234,"height":112},{"@type":"BreadcrumbList","@id":"http:\/\/fgtb-verviers.be\/de\/centrales\/metaller-verviers-ostbelgien\/#breadcrumb","itemListElement":[{"@type":"ListItem","position":1,"name":"Accueil","item":"http:\/\/fgtb-verviers.be\/"},{"@type":"ListItem","position":2,"name":"Metallos Verviers-Ostbelgien"}]},{"@type":"WebSite","@id":"http:\/\/fgtb-verviers.be\/#website","url":"http:\/\/fgtb-verviers.be\/","name":"FGTB Verviers","description":"Ensemble, on est plus forts !","potentialAction":[{"@type":"SearchAction","target":{"@type":"EntryPoint","urlTemplate":"http:\/\/fgtb-verviers.be\/?s={search_term_string}"},"query-input":{"@type":"PropertyValueSpecification","valueRequired":true,"valueName":"search_term_string"}}],"inLanguage":"de"}]}},"_links":{"self":[{"href":"http:\/\/fgtb-verviers.be\/de\/wp-json\/wp\/v2\/centrales\/296","targetHints":{"allow":["GET"]}}],"collection":[{"href":"http:\/\/fgtb-verviers.be\/de\/wp-json\/wp\/v2\/centrales"}],"about":[{"href":"http:\/\/fgtb-verviers.be\/de\/wp-json\/wp\/v2\/types\/centrales"}],"wp:featuredmedia":[{"embeddable":true,"href":"http:\/\/fgtb-verviers.be\/de\/wp-json\/wp\/v2\/media\/1065"}],"wp:attachment":[{"href":"http:\/\/fgtb-verviers.be\/de\/wp-json\/wp\/v2\/media?parent=296"}],"wp:term":[{"taxonomy":"category","embeddable":true,"href":"http:\/\/fgtb-verviers.be\/de\/wp-json\/wp\/v2\/categories?post=296"}],"curies":[{"name":"wp","href":"https:\/\/api.w.org\/{rel}","templated":true}]}}

<h2 class="wp-block-heading">Öffnungszeiten</h2>



<ul class="wp-block-list">
<li>Montag bis Donnerstag von 8:30 bis 12:00 Uhr und von 13:15 bis 17:00 Uhr</li>



<li>Freitags von 8:30 bis 12:00 Uhr</li>
</ul>



<p>Terminmöglichkeit vorbehaltlich unserer Verfügbarkeit.</p>



<h2 class="wp-block-heading">Wir behandeln die folgenden Themen:</h2>



<ul class="wp-block-list">
<li>Verschiedene Fragen zu Ihrer Beschäftigung und/oder Ihrem Arbeitgeber</li>



<li>Administrative Hilfe bei vorübergehender Arbeitslosigkeit</li>



<li>Erste Zeile der Rechtsabteilung</li>



<li>Auszahlung der Entschädigungen aus dem Fonds für Existenzsicherheit der Metallverarbeitung sowie der verschiedenen Sozialfonds (Krankengeld, Arbeitslosengeld, GRV, Kinderbetreuung, &#8230;).</li>



<li>Zahlung der Gewerkschaftsprämie</li>



<li>Zahlung von Jahresendprämien für Zeitarbeitskräfte</li>



<li>Zahlung von Streikgeld</li>
</ul>



<h2 class="wp-block-heading">Paritätische Kommissionen</h2>



<ul class="wp-block-list">
<li><strong>CP111.01-02-03</strong>: Metallherstellung, Monteure und Zimmerleute</li>



<li><strong>CP104</strong>: Stahlindustrie</li>



<li><strong>CP105</strong>: Nicht eisenhaltig</li>



<li><strong>CP112</strong>: Garagen</li>



<li><strong>CP142.01</strong>: Rückgewinnung von Metallen</li>



<li><strong>CP149.02</strong>: Karosseriebau</li>



<li><strong>CP149.01</strong>: Elektriker/in</li>



<li><strong>CP149.03</strong>: Edelmetalle</li>



<li><strong>CP149.04</strong>: Metallhandel</li>



<li><strong>CP315.02</strong>: Luftfahrt</li>
</ul>

<p>Die Sektion Metallerinnen und Metaller von Verviers-Ostbelgien kann Ihnen bei Fragen zu Ihrer Beschäftigung, Arbeitslosigkeit oder rechtlichen Fragen zur Erstversorgung behilflich sein.</p>

<!-- This site is optimized with the Yoast SEO plugin v27.4 - https://yoast.com/product/yoast-seo-wordpress/ -->
<title>Metallos Verviers-Ostbelgien - FGTB Verviers</title>
<meta name="robots" content="index, follow, max-snippet:-1, max-image-preview:large, max-video-preview:-1" />
<link rel="canonical" href="http://fgtb-verviers.be/de/centrales/metaller-verviers-ostbelgien/" />
<meta property="og:locale" content="de_DE" />
<meta property="og:type" content="article" />
<meta property="og:title" content="Metallos Verviers-Ostbelgien - FGTB Verviers" />
<meta property="og:description" content="Die Sektion Metallerinnen und Metaller von Verviers-Ostbelgien kann Ihnen bei Fragen zu Ihrer Beschäftigung, Arbeitslosigkeit oder rechtlichen Fragen zur Erstversorgung behilflich sein." />
<meta property="og:url" content="http://fgtb-verviers.be/de/centrales/metaller-verviers-ostbelgien/" />
<meta property="og:site_name" content="FGTB Verviers" />
<meta property="article:modified_time" content="2023-11-20T13:53:44+00:00" />
<meta property="og:image" content="http://fgtb-verviers.be/wp-content/uploads/2023/10/mwb-logo.png" />
	<meta property="og:image:width" content="234" />
	<meta property="og:image:height" content="112" />
	<meta property="og:image:type" content="image/png" />
<meta name="twitter:card" content="summary_large_image" />
<meta name="twitter:label1" content="Geschätzte Lesezeit" />
	<meta name="twitter:data1" content="1 Minute" />
<script type="application/ld+json" class="yoast-schema-graph">{"@context":"https:\/\/schema.org","@graph":[{"@type":"WebPage","@id":"http:\/\/fgtb-verviers.be\/de\/centrales\/metaller-verviers-ostbelgien\/","url":"http:\/\/fgtb-verviers.be\/de\/centrales\/metaller-verviers-ostbelgien\/","name":"Metallos Verviers-Ostbelgien - FGTB Verviers","isPartOf":{"@id":"http:\/\/fgtb-verviers.be\/#website"},"primaryImageOfPage":{"@id":"http:\/\/fgtb-verviers.be\/de\/centrales\/metaller-verviers-ostbelgien\/#primaryimage"},"image":{"@id":"http:\/\/fgtb-verviers.be\/de\/centrales\/metaller-verviers-ostbelgien\/#primaryimage"},"thumbnailUrl":"http:\/\/fgtb-verviers.be\/wp-content\/uploads\/2023\/10\/mwb-logo.png","datePublished":"2023-10-17T09:23:47+00:00","dateModified":"2023-11-20T13:53:44+00:00","breadcrumb":{"@id":"http:\/\/fgtb-verviers.be\/de\/centrales\/metaller-verviers-ostbelgien\/#breadcrumb"},"inLanguage":"de","potentialAction":[{"@type":"ReadAction","target":["http:\/\/fgtb-verviers.be\/de\/centrales\/metaller-verviers-ostbelgien\/"]}]},{"@type":"ImageObject","inLanguage":"de","@id":"http:\/\/fgtb-verviers.be\/de\/centrales\/metaller-verviers-ostbelgien\/#primaryimage","url":"http:\/\/fgtb-verviers.be\/wp-content\/uploads\/2023\/10\/mwb-logo.png","contentUrl":"http:\/\/fgtb-verviers.be\/wp-content\/uploads\/2023\/10\/mwb-logo.png","width":234,"height":112},{"@type":"BreadcrumbList","@id":"http:\/\/fgtb-verviers.be\/de\/centrales\/metaller-verviers-ostbelgien\/#breadcrumb","itemListElement":[{"@type":"ListItem","position":1,"name":"Accueil","item":"http:\/\/fgtb-verviers.be\/"},{"@type":"ListItem","position":2,"name":"Metallos Verviers-Ostbelgien"}]},{"@type":"WebSite","@id":"http:\/\/fgtb-verviers.be\/#website","url":"http:\/\/fgtb-verviers.be\/","name":"FGTB Verviers","description":"Ensemble, on est plus forts !","potentialAction":[{"@type":"SearchAction","target":{"@type":"EntryPoint","urlTemplate":"http:\/\/fgtb-verviers.be\/?s={search_term_string}"},"query-input":{"@type":"PropertyValueSpecification","valueRequired":true,"valueName":"search_term_string"}}],"inLanguage":"de"}]}</script>
<!-- / Yoast SEO plugin. -->

Die Sektion Metallerinnen und Metaller von Verviers-Ostbelgien kann Ihnen bei Fragen zu Ihrer Beschäftigung, Arbeitslosigkeit oder rechtlichen Fragen zur Erstversorgung behilflich sein.
