{"id":836,"date":"2024-11-26T10:28:20","date_gmt":"2024-11-26T10:28:20","guid":{"rendered":"https:\/\/fgtb-verviers.be\/agenda\/schliesung-unserer-buros-am-26-12-2024\/"},"modified":"2024-11-26T10:28:20","modified_gmt":"2024-11-26T10:28:20","slug":"schliesung-unserer-buros-am-26-12-2024","status":"publish","type":"agenda","link":"http:\/\/fgtb-verviers.be\/de\/agenda\/schliesung-unserer-buros-am-26-12-2024\/","title":{"rendered":"Schlie\u00dfung unserer B\u00fcros am 26.12.2024"},"content":{"rendered":"\n          \n          \n\n          <p>Die B\u00fcros der FGTB Verviers ostbelgien werden <strong>am 26. Dezember 2024 geschlossen<\/strong>.<\/p>\n          \n\n          \n          \n\n          \n\n          \n          \n\n          <p>Sie k\u00f6nnen Ihre Arbeitslosenversicherungskarten auf Papier ab dem 24.12.2024 und Ihre elektronischen EC3-Karten ab dem 26.12.24024 einreichen.<\/p>\n          \n\n          \n          \n\n          \n\n          \n          \n\n          <h2 class=\"wp-block-heading\">Die Zahlungen werden bis zum 30.12.2024 geleistet.<\/h2>\n          \n\n          \n          \n\n          \n\n          \n          \n\n          <h2 class=\"wp-block-heading\">Die FGTB Verviers ostbelgien w\u00fcnscht Ihnen ein frohes Weihnachtsfest und ein gutes neues Jahr.<\/h2>\n          \n\n          \n          \n\n          \n\n          \n          \n\n          <p><\/p>\n          \n\n          \n        ","protected":false},"excerpt":{"rendered":"<p>Die B\u00fcros der FGTB Verviers ostbelgien werden am 26. Dezember 2024 geschlossen. Sie k\u00f6nnen Ihre Arbeitslosenversicherungskarten auf Papier ab dem 24.12.2024 und Ihre elektronischen EC3-Karten ab dem 26.12.24024 einreichen. Die Zahlungen werden bis zum 30.12.2024 geleistet. Die FGTB Verviers ostbelgien w\u00fcnscht Ihnen ein frohes Weihnachtsfest und ein gutes neues Jahr.<\/p>\n","protected":false},"featured_media":688,"template":"","categories":[],"class_list":["post-836","agenda","type-agenda","status-publish","has-post-thumbnail","hentry"],"acf":[],"yoast_head":"<!-- This site is optimized with the Yoast SEO plugin v27.4 - https:\/\/yoast.com\/product\/yoast-seo-wordpress\/ -->\n<title>Schlie\u00dfung unserer B\u00fcros am 26.12.2024 - FGTB Verviers<\/title>\n<meta name=\"robots\" content=\"index, follow, max-snippet:-1, max-image-preview:large, max-video-preview:-1\" \/>\n<link rel=\"canonical\" href=\"http:\/\/fgtb-verviers.be\/de\/agenda\/schliesung-unserer-buros-am-26-12-2024\/\" \/>\n<meta property=\"og:locale\" content=\"de_DE\" \/>\n<meta property=\"og:type\" content=\"article\" \/>\n<meta property=\"og:title\" content=\"Schlie\u00dfung unserer B\u00fcros am 26.12.2024 - FGTB Verviers\" \/>\n<meta property=\"og:description\" content=\"Die B\u00fcros der FGTB Verviers ostbelgien werden am 26. Dezember 2024 geschlossen. Sie k\u00f6nnen Ihre Arbeitslosenversicherungskarten auf Papier ab dem 24.12.2024 und Ihre elektronischen EC3-Karten ab dem 26.12.24024 einreichen. Die Zahlungen werden bis zum 30.12.2024 geleistet. Die FGTB Verviers ostbelgien w\u00fcnscht Ihnen ein frohes Weihnachtsfest und ein gutes neues Jahr.\" \/>\n<meta property=\"og:url\" content=\"http:\/\/fgtb-verviers.be\/de\/agenda\/schliesung-unserer-buros-am-26-12-2024\/\" \/>\n<meta property=\"og:site_name\" content=\"FGTB Verviers\" \/>\n<meta property=\"og:image\" content=\"http:\/\/fgtb-verviers.be\/wp-content\/uploads\/2024\/03\/telechargement.png\" \/>\n\t<meta property=\"og:image:width\" content=\"225\" \/>\n\t<meta property=\"og:image:height\" content=\"225\" \/>\n\t<meta property=\"og:image:type\" content=\"image\/png\" \/>\n<meta name=\"twitter:card\" content=\"summary_large_image\" \/>\n<script type=\"application\/ld+json\" class=\"yoast-schema-graph\">{\"@context\":\"https:\\\/\\\/schema.org\",\"@graph\":[{\"@type\":\"WebPage\",\"@id\":\"http:\\\/\\\/fgtb-verviers.be\\\/de\\\/agenda\\\/schliesung-unserer-buros-am-26-12-2024\\\/\",\"url\":\"http:\\\/\\\/fgtb-verviers.be\\\/de\\\/agenda\\\/schliesung-unserer-buros-am-26-12-2024\\\/\",\"name\":\"Schlie\u00dfung unserer B\u00fcros am 26.12.2024 - FGTB Verviers\",\"isPartOf\":{\"@id\":\"http:\\\/\\\/fgtb-verviers.be\\\/#website\"},\"primaryImageOfPage\":{\"@id\":\"http:\\\/\\\/fgtb-verviers.be\\\/de\\\/agenda\\\/schliesung-unserer-buros-am-26-12-2024\\\/#primaryimage\"},\"image\":{\"@id\":\"http:\\\/\\\/fgtb-verviers.be\\\/de\\\/agenda\\\/schliesung-unserer-buros-am-26-12-2024\\\/#primaryimage\"},\"thumbnailUrl\":\"http:\\\/\\\/fgtb-verviers.be\\\/wp-content\\\/uploads\\\/2024\\\/03\\\/telechargement.png\",\"datePublished\":\"2024-11-26T10:28:20+00:00\",\"breadcrumb\":{\"@id\":\"http:\\\/\\\/fgtb-verviers.be\\\/de\\\/agenda\\\/schliesung-unserer-buros-am-26-12-2024\\\/#breadcrumb\"},\"inLanguage\":\"de\",\"potentialAction\":[{\"@type\":\"ReadAction\",\"target\":[\"http:\\\/\\\/fgtb-verviers.be\\\/de\\\/agenda\\\/schliesung-unserer-buros-am-26-12-2024\\\/\"]}]},{\"@type\":\"ImageObject\",\"inLanguage\":\"de\",\"@id\":\"http:\\\/\\\/fgtb-verviers.be\\\/de\\\/agenda\\\/schliesung-unserer-buros-am-26-12-2024\\\/#primaryimage\",\"url\":\"http:\\\/\\\/fgtb-verviers.be\\\/wp-content\\\/uploads\\\/2024\\\/03\\\/telechargement.png\",\"contentUrl\":\"http:\\\/\\\/fgtb-verviers.be\\\/wp-content\\\/uploads\\\/2024\\\/03\\\/telechargement.png\",\"width\":225,\"height\":225},{\"@type\":\"BreadcrumbList\",\"@id\":\"http:\\\/\\\/fgtb-verviers.be\\\/de\\\/agenda\\\/schliesung-unserer-buros-am-26-12-2024\\\/#breadcrumb\",\"itemListElement\":[{\"@type\":\"ListItem\",\"position\":1,\"name\":\"Accueil\",\"item\":\"http:\\\/\\\/fgtb-verviers.be\\\/\"},{\"@type\":\"ListItem\",\"position\":2,\"name\":\"Schlie\u00dfung unserer B\u00fcros am 26.12.2024\"}]},{\"@type\":\"WebSite\",\"@id\":\"http:\\\/\\\/fgtb-verviers.be\\\/#website\",\"url\":\"http:\\\/\\\/fgtb-verviers.be\\\/\",\"name\":\"FGTB Verviers\",\"description\":\"Ensemble, on est plus forts !\",\"potentialAction\":[{\"@type\":\"SearchAction\",\"target\":{\"@type\":\"EntryPoint\",\"urlTemplate\":\"http:\\\/\\\/fgtb-verviers.be\\\/?s={search_term_string}\"},\"query-input\":{\"@type\":\"PropertyValueSpecification\",\"valueRequired\":true,\"valueName\":\"search_term_string\"}}],\"inLanguage\":\"de\"}]}<\/script>\n<!-- \/ Yoast SEO plugin. -->","yoast_head_json":{"title":"Schlie\u00dfung unserer B\u00fcros am 26.12.2024 - FGTB Verviers","robots":{"index":"index","follow":"follow","max-snippet":"max-snippet:-1","max-image-preview":"max-image-preview:large","max-video-preview":"max-video-preview:-1"},"canonical":"http:\/\/fgtb-verviers.be\/de\/agenda\/schliesung-unserer-buros-am-26-12-2024\/","og_locale":"de_DE","og_type":"article","og_title":"Schlie\u00dfung unserer B\u00fcros am 26.12.2024 - FGTB Verviers","og_description":"Die B\u00fcros der FGTB Verviers ostbelgien werden am 26. Dezember 2024 geschlossen. Sie k\u00f6nnen Ihre Arbeitslosenversicherungskarten auf Papier ab dem 24.12.2024 und Ihre elektronischen EC3-Karten ab dem 26.12.24024 einreichen. Die Zahlungen werden bis zum 30.12.2024 geleistet. Die FGTB Verviers ostbelgien w\u00fcnscht Ihnen ein frohes Weihnachtsfest und ein gutes neues Jahr.","og_url":"http:\/\/fgtb-verviers.be\/de\/agenda\/schliesung-unserer-buros-am-26-12-2024\/","og_site_name":"FGTB Verviers","og_image":[{"width":225,"height":225,"url":"http:\/\/fgtb-verviers.be\/wp-content\/uploads\/2024\/03\/telechargement.png","type":"image\/png"}],"twitter_card":"summary_large_image","schema":{"@context":"https:\/\/schema.org","@graph":[{"@type":"WebPage","@id":"http:\/\/fgtb-verviers.be\/de\/agenda\/schliesung-unserer-buros-am-26-12-2024\/","url":"http:\/\/fgtb-verviers.be\/de\/agenda\/schliesung-unserer-buros-am-26-12-2024\/","name":"Schlie\u00dfung unserer B\u00fcros am 26.12.2024 - FGTB Verviers","isPartOf":{"@id":"http:\/\/fgtb-verviers.be\/#website"},"primaryImageOfPage":{"@id":"http:\/\/fgtb-verviers.be\/de\/agenda\/schliesung-unserer-buros-am-26-12-2024\/#primaryimage"},"image":{"@id":"http:\/\/fgtb-verviers.be\/de\/agenda\/schliesung-unserer-buros-am-26-12-2024\/#primaryimage"},"thumbnailUrl":"http:\/\/fgtb-verviers.be\/wp-content\/uploads\/2024\/03\/telechargement.png","datePublished":"2024-11-26T10:28:20+00:00","breadcrumb":{"@id":"http:\/\/fgtb-verviers.be\/de\/agenda\/schliesung-unserer-buros-am-26-12-2024\/#breadcrumb"},"inLanguage":"de","potentialAction":[{"@type":"ReadAction","target":["http:\/\/fgtb-verviers.be\/de\/agenda\/schliesung-unserer-buros-am-26-12-2024\/"]}]},{"@type":"ImageObject","inLanguage":"de","@id":"http:\/\/fgtb-verviers.be\/de\/agenda\/schliesung-unserer-buros-am-26-12-2024\/#primaryimage","url":"http:\/\/fgtb-verviers.be\/wp-content\/uploads\/2024\/03\/telechargement.png","contentUrl":"http:\/\/fgtb-verviers.be\/wp-content\/uploads\/2024\/03\/telechargement.png","width":225,"height":225},{"@type":"BreadcrumbList","@id":"http:\/\/fgtb-verviers.be\/de\/agenda\/schliesung-unserer-buros-am-26-12-2024\/#breadcrumb","itemListElement":[{"@type":"ListItem","position":1,"name":"Accueil","item":"http:\/\/fgtb-verviers.be\/"},{"@type":"ListItem","position":2,"name":"Schlie\u00dfung unserer B\u00fcros am 26.12.2024"}]},{"@type":"WebSite","@id":"http:\/\/fgtb-verviers.be\/#website","url":"http:\/\/fgtb-verviers.be\/","name":"FGTB Verviers","description":"Ensemble, on est plus forts !","potentialAction":[{"@type":"SearchAction","target":{"@type":"EntryPoint","urlTemplate":"http:\/\/fgtb-verviers.be\/?s={search_term_string}"},"query-input":{"@type":"PropertyValueSpecification","valueRequired":true,"valueName":"search_term_string"}}],"inLanguage":"de"}]}},"_links":{"self":[{"href":"http:\/\/fgtb-verviers.be\/de\/wp-json\/wp\/v2\/agenda\/836","targetHints":{"allow":["GET"]}}],"collection":[{"href":"http:\/\/fgtb-verviers.be\/de\/wp-json\/wp\/v2\/agenda"}],"about":[{"href":"http:\/\/fgtb-verviers.be\/de\/wp-json\/wp\/v2\/types\/agenda"}],"wp:featuredmedia":[{"embeddable":true,"href":"http:\/\/fgtb-verviers.be\/de\/wp-json\/wp\/v2\/media\/688"}],"wp:attachment":[{"href":"http:\/\/fgtb-verviers.be\/de\/wp-json\/wp\/v2\/media?parent=836"}],"wp:term":[{"taxonomy":"category","embeddable":true,"href":"http:\/\/fgtb-verviers.be\/de\/wp-json\/wp\/v2\/categories?post=836"}],"curies":[{"name":"wp","href":"https:\/\/api.w.org\/{rel}","templated":true}]}}

Schließung unserer Büros am 26.12.2024

<p>Die Büros der FGTB Verviers ostbelgien werden <strong>am 26. Dezember 2024 geschlossen</strong>.</p>
          

          
          

          

          
          

          <p>Sie können Ihre Arbeitslosenversicherungskarten auf Papier ab dem 24.12.2024 und Ihre elektronischen EC3-Karten ab dem 26.12.24024 einreichen.</p>
          

          
          

          

          
          

          <h2 class="wp-block-heading">Die Zahlungen werden bis zum 30.12.2024 geleistet.</h2>
          

          
          

          

          
          

          <h2 class="wp-block-heading">Die FGTB Verviers ostbelgien wünscht Ihnen ein frohes Weihnachtsfest und ein gutes neues Jahr.</h2>
          

          
          

          

          
          

          <p></p>

<p>Die Büros der FGTB Verviers ostbelgien werden am 26. Dezember 2024 geschlossen. Sie können Ihre Arbeitslosenversicherungskarten auf Papier ab dem 24.12.2024 und Ihre elektronischen EC3-Karten ab dem 26.12.24024 einreichen. Die Zahlungen werden bis zum 30.12.2024 geleistet. Die FGTB Verviers ostbelgien wünscht Ihnen ein frohes Weihnachtsfest und ein gutes neues Jahr.</p>

<!-- This site is optimized with the Yoast SEO plugin v27.4 - https://yoast.com/product/yoast-seo-wordpress/ -->
<title>Schließung unserer Büros am 26.12.2024 - FGTB Verviers</title>
<meta name="robots" content="index, follow, max-snippet:-1, max-image-preview:large, max-video-preview:-1" />
<link rel="canonical" href="http://fgtb-verviers.be/de/agenda/schliesung-unserer-buros-am-26-12-2024/" />
<meta property="og:locale" content="de_DE" />
<meta property="og:type" content="article" />
<meta property="og:title" content="Schließung unserer Büros am 26.12.2024 - FGTB Verviers" />
<meta property="og:description" content="Die Büros der FGTB Verviers ostbelgien werden am 26. Dezember 2024 geschlossen. Sie können Ihre Arbeitslosenversicherungskarten auf Papier ab dem 24.12.2024 und Ihre elektronischen EC3-Karten ab dem 26.12.24024 einreichen. Die Zahlungen werden bis zum 30.12.2024 geleistet. Die FGTB Verviers ostbelgien wünscht Ihnen ein frohes Weihnachtsfest und ein gutes neues Jahr." />
<meta property="og:url" content="http://fgtb-verviers.be/de/agenda/schliesung-unserer-buros-am-26-12-2024/" />
<meta property="og:site_name" content="FGTB Verviers" />
<meta property="og:image" content="http://fgtb-verviers.be/wp-content/uploads/2024/03/telechargement.png" />
	<meta property="og:image:width" content="225" />
	<meta property="og:image:height" content="225" />
	<meta property="og:image:type" content="image/png" />
<meta name="twitter:card" content="summary_large_image" />
<script type="application/ld+json" class="yoast-schema-graph">{"@context":"https:\/\/schema.org","@graph":[{"@type":"WebPage","@id":"http:\/\/fgtb-verviers.be\/de\/agenda\/schliesung-unserer-buros-am-26-12-2024\/","url":"http:\/\/fgtb-verviers.be\/de\/agenda\/schliesung-unserer-buros-am-26-12-2024\/","name":"Schließung unserer Büros am 26.12.2024 - FGTB Verviers","isPartOf":{"@id":"http:\/\/fgtb-verviers.be\/#website"},"primaryImageOfPage":{"@id":"http:\/\/fgtb-verviers.be\/de\/agenda\/schliesung-unserer-buros-am-26-12-2024\/#primaryimage"},"image":{"@id":"http:\/\/fgtb-verviers.be\/de\/agenda\/schliesung-unserer-buros-am-26-12-2024\/#primaryimage"},"thumbnailUrl":"http:\/\/fgtb-verviers.be\/wp-content\/uploads\/2024\/03\/telechargement.png","datePublished":"2024-11-26T10:28:20+00:00","breadcrumb":{"@id":"http:\/\/fgtb-verviers.be\/de\/agenda\/schliesung-unserer-buros-am-26-12-2024\/#breadcrumb"},"inLanguage":"de","potentialAction":[{"@type":"ReadAction","target":["http:\/\/fgtb-verviers.be\/de\/agenda\/schliesung-unserer-buros-am-26-12-2024\/"]}]},{"@type":"ImageObject","inLanguage":"de","@id":"http:\/\/fgtb-verviers.be\/de\/agenda\/schliesung-unserer-buros-am-26-12-2024\/#primaryimage","url":"http:\/\/fgtb-verviers.be\/wp-content\/uploads\/2024\/03\/telechargement.png","contentUrl":"http:\/\/fgtb-verviers.be\/wp-content\/uploads\/2024\/03\/telechargement.png","width":225,"height":225},{"@type":"BreadcrumbList","@id":"http:\/\/fgtb-verviers.be\/de\/agenda\/schliesung-unserer-buros-am-26-12-2024\/#breadcrumb","itemListElement":[{"@type":"ListItem","position":1,"name":"Accueil","item":"http:\/\/fgtb-verviers.be\/"},{"@type":"ListItem","position":2,"name":"Schließung unserer Büros am 26.12.2024"}]},{"@type":"WebSite","@id":"http:\/\/fgtb-verviers.be\/#website","url":"http:\/\/fgtb-verviers.be\/","name":"FGTB Verviers","description":"Ensemble, on est plus forts !","potentialAction":[{"@type":"SearchAction","target":{"@type":"EntryPoint","urlTemplate":"http:\/\/fgtb-verviers.be\/?s={search_term_string}"},"query-input":{"@type":"PropertyValueSpecification","valueRequired":true,"valueName":"search_term_string"}}],"inLanguage":"de"}]}</script>
<!-- / Yoast SEO plugin. -->

Schließung unserer Büros am 26.12.2024 - FGTB Verviers

Die Büros der FGTB Verviers ostbelgien werden am 26. Dezember 2024 geschlossen. Sie können Ihre Arbeitslosenversicherungskarten auf Papier ab dem 24.12.2024 und Ihre elektronischen EC3-Karten ab dem 26.12.24024 einreichen. Die Zahlungen werden bis zum 30.12.2024 geleistet. Die FGTB Verviers ostbelgien wünscht Ihnen ein frohes Weihnachtsfest und ein gutes neues Jahr.
