{"id":686,"date":"2024-03-05T08:49:23","date_gmt":"2024-03-05T08:49:23","guid":{"rendered":"https:\/\/fgtb-verviers.be\/agenda\/unsere-buros-bleiben-am-dienstag-den-12-marz-2024-ausnahmsweise-geschlossen-danke-fur-dein-verstandnis\/"},"modified":"2024-03-05T08:56:55","modified_gmt":"2024-03-05T08:56:55","slug":"unsere-buros-bleiben-am-dienstag-den-12-marz-2024-ausnahmsweise-geschlossen-danke-fur-dein-verstandnis","status":"publish","type":"agenda","link":"http:\/\/fgtb-verviers.be\/de\/agenda\/unsere-buros-bleiben-am-dienstag-den-12-marz-2024-ausnahmsweise-geschlossen-danke-fur-dein-verstandnis\/","title":{"rendered":"Unsere B\u00fcros bleiben am Dienstag, den 12. M\u00e4rz 2024, ausnahmsweise geschlossen. Danke f\u00fcr dein Verst\u00e4ndnis"},"content":{"rendered":"","protected":false},"excerpt":{"rendered":"","protected":false},"featured_media":269,"template":"","categories":[],"class_list":["post-686","agenda","type-agenda","status-publish","has-post-thumbnail","hentry"],"acf":[],"yoast_head":"<!-- This site is optimized with the Yoast SEO plugin v27.4 - https:\/\/yoast.com\/product\/yoast-seo-wordpress\/ -->\n<title>Unsere B\u00fcros bleiben am Dienstag, den 12. M\u00e4rz 2024, ausnahmsweise geschlossen. Danke f\u00fcr dein Verst\u00e4ndnis - FGTB Verviers<\/title>\n<meta name=\"robots\" content=\"index, follow, max-snippet:-1, max-image-preview:large, max-video-preview:-1\" \/>\n<link rel=\"canonical\" href=\"http:\/\/fgtb-verviers.be\/de\/agenda\/unsere-buros-bleiben-am-dienstag-den-12-marz-2024-ausnahmsweise-geschlossen-danke-fur-dein-verstandnis\/\" \/>\n<meta property=\"og:locale\" content=\"de_DE\" \/>\n<meta property=\"og:type\" content=\"article\" \/>\n<meta property=\"og:title\" content=\"Unsere B\u00fcros bleiben am Dienstag, den 12. M\u00e4rz 2024, ausnahmsweise geschlossen. Danke f\u00fcr dein Verst\u00e4ndnis - FGTB Verviers\" \/>\n<meta property=\"og:url\" content=\"http:\/\/fgtb-verviers.be\/de\/agenda\/unsere-buros-bleiben-am-dienstag-den-12-marz-2024-ausnahmsweise-geschlossen-danke-fur-dein-verstandnis\/\" \/>\n<meta property=\"og:site_name\" content=\"FGTB Verviers\" \/>\n<meta property=\"article:modified_time\" content=\"2024-03-05T08:56:55+00:00\" \/>\n<meta name=\"twitter:card\" content=\"summary_large_image\" \/>\n<script type=\"application\/ld+json\" class=\"yoast-schema-graph\">{\"@context\":\"https:\\\/\\\/schema.org\",\"@graph\":[{\"@type\":\"WebPage\",\"@id\":\"http:\\\/\\\/fgtb-verviers.be\\\/de\\\/agenda\\\/unsere-buros-bleiben-am-dienstag-den-12-marz-2024-ausnahmsweise-geschlossen-danke-fur-dein-verstandnis\\\/\",\"url\":\"http:\\\/\\\/fgtb-verviers.be\\\/de\\\/agenda\\\/unsere-buros-bleiben-am-dienstag-den-12-marz-2024-ausnahmsweise-geschlossen-danke-fur-dein-verstandnis\\\/\",\"name\":\"Unsere B\u00fcros bleiben am Dienstag, den 12. M\u00e4rz 2024, ausnahmsweise geschlossen. Danke f\u00fcr dein Verst\u00e4ndnis - FGTB Verviers\",\"isPartOf\":{\"@id\":\"http:\\\/\\\/fgtb-verviers.be\\\/#website\"},\"primaryImageOfPage\":{\"@id\":\"http:\\\/\\\/fgtb-verviers.be\\\/de\\\/agenda\\\/unsere-buros-bleiben-am-dienstag-den-12-marz-2024-ausnahmsweise-geschlossen-danke-fur-dein-verstandnis\\\/#primaryimage\"},\"image\":{\"@id\":\"http:\\\/\\\/fgtb-verviers.be\\\/de\\\/agenda\\\/unsere-buros-bleiben-am-dienstag-den-12-marz-2024-ausnahmsweise-geschlossen-danke-fur-dein-verstandnis\\\/#primaryimage\"},\"thumbnailUrl\":\"http:\\\/\\\/fgtb-verviers.be\\\/wp-content\\\/uploads\\\/2023\\\/10\\\/favicon.svg\",\"datePublished\":\"2024-03-05T08:49:23+00:00\",\"dateModified\":\"2024-03-05T08:56:55+00:00\",\"breadcrumb\":{\"@id\":\"http:\\\/\\\/fgtb-verviers.be\\\/de\\\/agenda\\\/unsere-buros-bleiben-am-dienstag-den-12-marz-2024-ausnahmsweise-geschlossen-danke-fur-dein-verstandnis\\\/#breadcrumb\"},\"inLanguage\":\"de\",\"potentialAction\":[{\"@type\":\"ReadAction\",\"target\":[\"http:\\\/\\\/fgtb-verviers.be\\\/de\\\/agenda\\\/unsere-buros-bleiben-am-dienstag-den-12-marz-2024-ausnahmsweise-geschlossen-danke-fur-dein-verstandnis\\\/\"]}]},{\"@type\":\"ImageObject\",\"inLanguage\":\"de\",\"@id\":\"http:\\\/\\\/fgtb-verviers.be\\\/de\\\/agenda\\\/unsere-buros-bleiben-am-dienstag-den-12-marz-2024-ausnahmsweise-geschlossen-danke-fur-dein-verstandnis\\\/#primaryimage\",\"url\":\"http:\\\/\\\/fgtb-verviers.be\\\/wp-content\\\/uploads\\\/2023\\\/10\\\/favicon.svg\",\"contentUrl\":\"http:\\\/\\\/fgtb-verviers.be\\\/wp-content\\\/uploads\\\/2023\\\/10\\\/favicon.svg\",\"width\":80,\"height\":26},{\"@type\":\"BreadcrumbList\",\"@id\":\"http:\\\/\\\/fgtb-verviers.be\\\/de\\\/agenda\\\/unsere-buros-bleiben-am-dienstag-den-12-marz-2024-ausnahmsweise-geschlossen-danke-fur-dein-verstandnis\\\/#breadcrumb\",\"itemListElement\":[{\"@type\":\"ListItem\",\"position\":1,\"name\":\"Accueil\",\"item\":\"http:\\\/\\\/fgtb-verviers.be\\\/\"},{\"@type\":\"ListItem\",\"position\":2,\"name\":\"Unsere B\u00fcros bleiben am Dienstag, den 12. M\u00e4rz 2024, ausnahmsweise geschlossen. Danke f\u00fcr dein Verst\u00e4ndnis\"}]},{\"@type\":\"WebSite\",\"@id\":\"http:\\\/\\\/fgtb-verviers.be\\\/#website\",\"url\":\"http:\\\/\\\/fgtb-verviers.be\\\/\",\"name\":\"FGTB Verviers\",\"description\":\"Ensemble, on est plus forts !\",\"potentialAction\":[{\"@type\":\"SearchAction\",\"target\":{\"@type\":\"EntryPoint\",\"urlTemplate\":\"http:\\\/\\\/fgtb-verviers.be\\\/?s={search_term_string}\"},\"query-input\":{\"@type\":\"PropertyValueSpecification\",\"valueRequired\":true,\"valueName\":\"search_term_string\"}}],\"inLanguage\":\"de\"}]}<\/script>\n<!-- \/ Yoast SEO plugin. -->","yoast_head_json":{"title":"Unsere B\u00fcros bleiben am Dienstag, den 12. M\u00e4rz 2024, ausnahmsweise geschlossen. Danke f\u00fcr dein Verst\u00e4ndnis - FGTB Verviers","robots":{"index":"index","follow":"follow","max-snippet":"max-snippet:-1","max-image-preview":"max-image-preview:large","max-video-preview":"max-video-preview:-1"},"canonical":"http:\/\/fgtb-verviers.be\/de\/agenda\/unsere-buros-bleiben-am-dienstag-den-12-marz-2024-ausnahmsweise-geschlossen-danke-fur-dein-verstandnis\/","og_locale":"de_DE","og_type":"article","og_title":"Unsere B\u00fcros bleiben am Dienstag, den 12. M\u00e4rz 2024, ausnahmsweise geschlossen. Danke f\u00fcr dein Verst\u00e4ndnis - FGTB Verviers","og_url":"http:\/\/fgtb-verviers.be\/de\/agenda\/unsere-buros-bleiben-am-dienstag-den-12-marz-2024-ausnahmsweise-geschlossen-danke-fur-dein-verstandnis\/","og_site_name":"FGTB Verviers","article_modified_time":"2024-03-05T08:56:55+00:00","twitter_card":"summary_large_image","schema":{"@context":"https:\/\/schema.org","@graph":[{"@type":"WebPage","@id":"http:\/\/fgtb-verviers.be\/de\/agenda\/unsere-buros-bleiben-am-dienstag-den-12-marz-2024-ausnahmsweise-geschlossen-danke-fur-dein-verstandnis\/","url":"http:\/\/fgtb-verviers.be\/de\/agenda\/unsere-buros-bleiben-am-dienstag-den-12-marz-2024-ausnahmsweise-geschlossen-danke-fur-dein-verstandnis\/","name":"Unsere B\u00fcros bleiben am Dienstag, den 12. M\u00e4rz 2024, ausnahmsweise geschlossen. Danke f\u00fcr dein Verst\u00e4ndnis - FGTB Verviers","isPartOf":{"@id":"http:\/\/fgtb-verviers.be\/#website"},"primaryImageOfPage":{"@id":"http:\/\/fgtb-verviers.be\/de\/agenda\/unsere-buros-bleiben-am-dienstag-den-12-marz-2024-ausnahmsweise-geschlossen-danke-fur-dein-verstandnis\/#primaryimage"},"image":{"@id":"http:\/\/fgtb-verviers.be\/de\/agenda\/unsere-buros-bleiben-am-dienstag-den-12-marz-2024-ausnahmsweise-geschlossen-danke-fur-dein-verstandnis\/#primaryimage"},"thumbnailUrl":"http:\/\/fgtb-verviers.be\/wp-content\/uploads\/2023\/10\/favicon.svg","datePublished":"2024-03-05T08:49:23+00:00","dateModified":"2024-03-05T08:56:55+00:00","breadcrumb":{"@id":"http:\/\/fgtb-verviers.be\/de\/agenda\/unsere-buros-bleiben-am-dienstag-den-12-marz-2024-ausnahmsweise-geschlossen-danke-fur-dein-verstandnis\/#breadcrumb"},"inLanguage":"de","potentialAction":[{"@type":"ReadAction","target":["http:\/\/fgtb-verviers.be\/de\/agenda\/unsere-buros-bleiben-am-dienstag-den-12-marz-2024-ausnahmsweise-geschlossen-danke-fur-dein-verstandnis\/"]}]},{"@type":"ImageObject","inLanguage":"de","@id":"http:\/\/fgtb-verviers.be\/de\/agenda\/unsere-buros-bleiben-am-dienstag-den-12-marz-2024-ausnahmsweise-geschlossen-danke-fur-dein-verstandnis\/#primaryimage","url":"http:\/\/fgtb-verviers.be\/wp-content\/uploads\/2023\/10\/favicon.svg","contentUrl":"http:\/\/fgtb-verviers.be\/wp-content\/uploads\/2023\/10\/favicon.svg","width":80,"height":26},{"@type":"BreadcrumbList","@id":"http:\/\/fgtb-verviers.be\/de\/agenda\/unsere-buros-bleiben-am-dienstag-den-12-marz-2024-ausnahmsweise-geschlossen-danke-fur-dein-verstandnis\/#breadcrumb","itemListElement":[{"@type":"ListItem","position":1,"name":"Accueil","item":"http:\/\/fgtb-verviers.be\/"},{"@type":"ListItem","position":2,"name":"Unsere B\u00fcros bleiben am Dienstag, den 12. M\u00e4rz 2024, ausnahmsweise geschlossen. Danke f\u00fcr dein Verst\u00e4ndnis"}]},{"@type":"WebSite","@id":"http:\/\/fgtb-verviers.be\/#website","url":"http:\/\/fgtb-verviers.be\/","name":"FGTB Verviers","description":"Ensemble, on est plus forts !","potentialAction":[{"@type":"SearchAction","target":{"@type":"EntryPoint","urlTemplate":"http:\/\/fgtb-verviers.be\/?s={search_term_string}"},"query-input":{"@type":"PropertyValueSpecification","valueRequired":true,"valueName":"search_term_string"}}],"inLanguage":"de"}]}},"_links":{"self":[{"href":"http:\/\/fgtb-verviers.be\/de\/wp-json\/wp\/v2\/agenda\/686","targetHints":{"allow":["GET"]}}],"collection":[{"href":"http:\/\/fgtb-verviers.be\/de\/wp-json\/wp\/v2\/agenda"}],"about":[{"href":"http:\/\/fgtb-verviers.be\/de\/wp-json\/wp\/v2\/types\/agenda"}],"wp:featuredmedia":[{"embeddable":true,"href":"http:\/\/fgtb-verviers.be\/de\/wp-json\/wp\/v2\/media\/269"}],"wp:attachment":[{"href":"http:\/\/fgtb-verviers.be\/de\/wp-json\/wp\/v2\/media?parent=686"}],"wp:term":[{"taxonomy":"category","embeddable":true,"href":"http:\/\/fgtb-verviers.be\/de\/wp-json\/wp\/v2\/categories?post=686"}],"curies":[{"name":"wp","href":"https:\/\/api.w.org\/{rel}","templated":true}]}}

Unsere Büros bleiben am Dienstag, den 12. März 2024, ausnahmsweise geschlossen. Danke für dein Verständnis

<!-- This site is optimized with the Yoast SEO plugin v27.4 - https://yoast.com/product/yoast-seo-wordpress/ -->
<title>Unsere Büros bleiben am Dienstag, den 12. März 2024, ausnahmsweise geschlossen. Danke für dein Verständnis - FGTB Verviers</title>
<meta name="robots" content="index, follow, max-snippet:-1, max-image-preview:large, max-video-preview:-1" />
<link rel="canonical" href="http://fgtb-verviers.be/de/agenda/unsere-buros-bleiben-am-dienstag-den-12-marz-2024-ausnahmsweise-geschlossen-danke-fur-dein-verstandnis/" />
<meta property="og:locale" content="de_DE" />
<meta property="og:type" content="article" />
<meta property="og:title" content="Unsere Büros bleiben am Dienstag, den 12. März 2024, ausnahmsweise geschlossen. Danke für dein Verständnis - FGTB Verviers" />
<meta property="og:url" content="http://fgtb-verviers.be/de/agenda/unsere-buros-bleiben-am-dienstag-den-12-marz-2024-ausnahmsweise-geschlossen-danke-fur-dein-verstandnis/" />
<meta property="og:site_name" content="FGTB Verviers" />
<meta property="article:modified_time" content="2024-03-05T08:56:55+00:00" />
<meta name="twitter:card" content="summary_large_image" />
<script type="application/ld+json" class="yoast-schema-graph">{"@context":"https:\/\/schema.org","@graph":[{"@type":"WebPage","@id":"http:\/\/fgtb-verviers.be\/de\/agenda\/unsere-buros-bleiben-am-dienstag-den-12-marz-2024-ausnahmsweise-geschlossen-danke-fur-dein-verstandnis\/","url":"http:\/\/fgtb-verviers.be\/de\/agenda\/unsere-buros-bleiben-am-dienstag-den-12-marz-2024-ausnahmsweise-geschlossen-danke-fur-dein-verstandnis\/","name":"Unsere Büros bleiben am Dienstag, den 12. März 2024, ausnahmsweise geschlossen. Danke für dein Verständnis - FGTB Verviers","isPartOf":{"@id":"http:\/\/fgtb-verviers.be\/#website"},"primaryImageOfPage":{"@id":"http:\/\/fgtb-verviers.be\/de\/agenda\/unsere-buros-bleiben-am-dienstag-den-12-marz-2024-ausnahmsweise-geschlossen-danke-fur-dein-verstandnis\/#primaryimage"},"image":{"@id":"http:\/\/fgtb-verviers.be\/de\/agenda\/unsere-buros-bleiben-am-dienstag-den-12-marz-2024-ausnahmsweise-geschlossen-danke-fur-dein-verstandnis\/#primaryimage"},"thumbnailUrl":"http:\/\/fgtb-verviers.be\/wp-content\/uploads\/2023\/10\/favicon.svg","datePublished":"2024-03-05T08:49:23+00:00","dateModified":"2024-03-05T08:56:55+00:00","breadcrumb":{"@id":"http:\/\/fgtb-verviers.be\/de\/agenda\/unsere-buros-bleiben-am-dienstag-den-12-marz-2024-ausnahmsweise-geschlossen-danke-fur-dein-verstandnis\/#breadcrumb"},"inLanguage":"de","potentialAction":[{"@type":"ReadAction","target":["http:\/\/fgtb-verviers.be\/de\/agenda\/unsere-buros-bleiben-am-dienstag-den-12-marz-2024-ausnahmsweise-geschlossen-danke-fur-dein-verstandnis\/"]}]},{"@type":"ImageObject","inLanguage":"de","@id":"http:\/\/fgtb-verviers.be\/de\/agenda\/unsere-buros-bleiben-am-dienstag-den-12-marz-2024-ausnahmsweise-geschlossen-danke-fur-dein-verstandnis\/#primaryimage","url":"http:\/\/fgtb-verviers.be\/wp-content\/uploads\/2023\/10\/favicon.svg","contentUrl":"http:\/\/fgtb-verviers.be\/wp-content\/uploads\/2023\/10\/favicon.svg","width":80,"height":26},{"@type":"BreadcrumbList","@id":"http:\/\/fgtb-verviers.be\/de\/agenda\/unsere-buros-bleiben-am-dienstag-den-12-marz-2024-ausnahmsweise-geschlossen-danke-fur-dein-verstandnis\/#breadcrumb","itemListElement":[{"@type":"ListItem","position":1,"name":"Accueil","item":"http:\/\/fgtb-verviers.be\/"},{"@type":"ListItem","position":2,"name":"Unsere Büros bleiben am Dienstag, den 12. März 2024, ausnahmsweise geschlossen. Danke für dein Verständnis"}]},{"@type":"WebSite","@id":"http:\/\/fgtb-verviers.be\/#website","url":"http:\/\/fgtb-verviers.be\/","name":"FGTB Verviers","description":"Ensemble, on est plus forts !","potentialAction":[{"@type":"SearchAction","target":{"@type":"EntryPoint","urlTemplate":"http:\/\/fgtb-verviers.be\/?s={search_term_string}"},"query-input":{"@type":"PropertyValueSpecification","valueRequired":true,"valueName":"search_term_string"}}],"inLanguage":"de"}]}</script>
<!-- / Yoast SEO plugin. -->

Unsere Büros bleiben am Dienstag, den 12. März 2024, ausnahmsweise geschlossen. Danke für dein Verständnis - FGTB Verviers
