{"id":633,"date":"2023-12-19T09:18:17","date_gmt":"2023-12-19T09:18:17","guid":{"rendered":"https:\/\/fgtb-verviers.be\/agenda\/schliesung-der-arbeitslosenabteilung-am-28-12-2023\/"},"modified":"2023-12-19T09:18:17","modified_gmt":"2023-12-19T09:18:17","slug":"schliesung-der-arbeitslosenabteilung-am-28-12-2023","status":"publish","type":"agenda","link":"http:\/\/fgtb-verviers.be\/de\/agenda\/schliesung-der-arbeitslosenabteilung-am-28-12-2023\/","title":{"rendered":"Schlie\u00dfung der Arbeitslosenabteilung am 28.12.2023"},"content":{"rendered":"\n          \n          \n\n          <p>\n            <strong>Die Arbeitslosenbeh\u00f6rde ist ausnahmsweise geschlossen am<\/strong>\n          <\/p>\n          \n\n          \n          \n\n          \n\n          \n          \n\n          <p>\n            <strong>\n              <u>Donnerstag 28\/12\/2023<\/u>\n            <\/strong>\n          <\/p>\n          \n\n          \n          \n\n          \n\n          \n          \n\n          <p>\n            <strong>F\u00fcr die Kodierung von Zahlungen<\/strong>\n          <\/p>\n          \n\n          \n          \n\n          \n\n          \n          \n\n          <p>\n            <strong>Vielen Dank f\u00fcr Ihr Verst\u00e4ndnis.<\/strong>\n          <\/p>\n          \n\n          \n        ","protected":false},"excerpt":{"rendered":"<p>Die Arbeitslosenbeh\u00f6rde ist ausnahmsweise geschlossen am Donnerstag 28\/12\/2023 F\u00fcr die Kodierung von Zahlungen Vielen Dank f\u00fcr Ihr Verst\u00e4ndnis.<\/p>\n","protected":false},"featured_media":0,"template":"","categories":[],"class_list":["post-633","agenda","type-agenda","status-publish","hentry"],"acf":[],"yoast_head":"<!-- This site is optimized with the Yoast SEO plugin v27.4 - https:\/\/yoast.com\/product\/yoast-seo-wordpress\/ -->\n<title>Schlie\u00dfung der Arbeitslosenabteilung am 28.12.2023 - FGTB Verviers<\/title>\n<meta name=\"robots\" content=\"index, follow, max-snippet:-1, max-image-preview:large, max-video-preview:-1\" \/>\n<link rel=\"canonical\" href=\"http:\/\/fgtb-verviers.be\/de\/agenda\/schliesung-der-arbeitslosenabteilung-am-28-12-2023\/\" \/>\n<meta property=\"og:locale\" content=\"de_DE\" \/>\n<meta property=\"og:type\" content=\"article\" \/>\n<meta property=\"og:title\" content=\"Schlie\u00dfung der Arbeitslosenabteilung am 28.12.2023 - FGTB Verviers\" \/>\n<meta property=\"og:description\" content=\"Die Arbeitslosenbeh\u00f6rde ist ausnahmsweise geschlossen am Donnerstag 28\/12\/2023 F\u00fcr die Kodierung von Zahlungen Vielen Dank f\u00fcr Ihr Verst\u00e4ndnis.\" \/>\n<meta property=\"og:url\" content=\"http:\/\/fgtb-verviers.be\/de\/agenda\/schliesung-der-arbeitslosenabteilung-am-28-12-2023\/\" \/>\n<meta property=\"og:site_name\" content=\"FGTB Verviers\" \/>\n<meta name=\"twitter:card\" content=\"summary_large_image\" \/>\n<script type=\"application\/ld+json\" class=\"yoast-schema-graph\">{\"@context\":\"https:\\\/\\\/schema.org\",\"@graph\":[{\"@type\":\"WebPage\",\"@id\":\"http:\\\/\\\/fgtb-verviers.be\\\/de\\\/agenda\\\/schliesung-der-arbeitslosenabteilung-am-28-12-2023\\\/\",\"url\":\"http:\\\/\\\/fgtb-verviers.be\\\/de\\\/agenda\\\/schliesung-der-arbeitslosenabteilung-am-28-12-2023\\\/\",\"name\":\"Schlie\u00dfung der Arbeitslosenabteilung am 28.12.2023 - FGTB Verviers\",\"isPartOf\":{\"@id\":\"http:\\\/\\\/fgtb-verviers.be\\\/#website\"},\"datePublished\":\"2023-12-19T09:18:17+00:00\",\"breadcrumb\":{\"@id\":\"http:\\\/\\\/fgtb-verviers.be\\\/de\\\/agenda\\\/schliesung-der-arbeitslosenabteilung-am-28-12-2023\\\/#breadcrumb\"},\"inLanguage\":\"de\",\"potentialAction\":[{\"@type\":\"ReadAction\",\"target\":[\"http:\\\/\\\/fgtb-verviers.be\\\/de\\\/agenda\\\/schliesung-der-arbeitslosenabteilung-am-28-12-2023\\\/\"]}]},{\"@type\":\"BreadcrumbList\",\"@id\":\"http:\\\/\\\/fgtb-verviers.be\\\/de\\\/agenda\\\/schliesung-der-arbeitslosenabteilung-am-28-12-2023\\\/#breadcrumb\",\"itemListElement\":[{\"@type\":\"ListItem\",\"position\":1,\"name\":\"Accueil\",\"item\":\"http:\\\/\\\/fgtb-verviers.be\\\/\"},{\"@type\":\"ListItem\",\"position\":2,\"name\":\"Schlie\u00dfung der Arbeitslosenabteilung am 28.12.2023\"}]},{\"@type\":\"WebSite\",\"@id\":\"http:\\\/\\\/fgtb-verviers.be\\\/#website\",\"url\":\"http:\\\/\\\/fgtb-verviers.be\\\/\",\"name\":\"FGTB Verviers\",\"description\":\"Ensemble, on est plus forts !\",\"potentialAction\":[{\"@type\":\"SearchAction\",\"target\":{\"@type\":\"EntryPoint\",\"urlTemplate\":\"http:\\\/\\\/fgtb-verviers.be\\\/?s={search_term_string}\"},\"query-input\":{\"@type\":\"PropertyValueSpecification\",\"valueRequired\":true,\"valueName\":\"search_term_string\"}}],\"inLanguage\":\"de\"}]}<\/script>\n<!-- \/ Yoast SEO plugin. -->","yoast_head_json":{"title":"Schlie\u00dfung der Arbeitslosenabteilung am 28.12.2023 - FGTB Verviers","robots":{"index":"index","follow":"follow","max-snippet":"max-snippet:-1","max-image-preview":"max-image-preview:large","max-video-preview":"max-video-preview:-1"},"canonical":"http:\/\/fgtb-verviers.be\/de\/agenda\/schliesung-der-arbeitslosenabteilung-am-28-12-2023\/","og_locale":"de_DE","og_type":"article","og_title":"Schlie\u00dfung der Arbeitslosenabteilung am 28.12.2023 - FGTB Verviers","og_description":"Die Arbeitslosenbeh\u00f6rde ist ausnahmsweise geschlossen am Donnerstag 28\/12\/2023 F\u00fcr die Kodierung von Zahlungen Vielen Dank f\u00fcr Ihr Verst\u00e4ndnis.","og_url":"http:\/\/fgtb-verviers.be\/de\/agenda\/schliesung-der-arbeitslosenabteilung-am-28-12-2023\/","og_site_name":"FGTB Verviers","twitter_card":"summary_large_image","schema":{"@context":"https:\/\/schema.org","@graph":[{"@type":"WebPage","@id":"http:\/\/fgtb-verviers.be\/de\/agenda\/schliesung-der-arbeitslosenabteilung-am-28-12-2023\/","url":"http:\/\/fgtb-verviers.be\/de\/agenda\/schliesung-der-arbeitslosenabteilung-am-28-12-2023\/","name":"Schlie\u00dfung der Arbeitslosenabteilung am 28.12.2023 - FGTB Verviers","isPartOf":{"@id":"http:\/\/fgtb-verviers.be\/#website"},"datePublished":"2023-12-19T09:18:17+00:00","breadcrumb":{"@id":"http:\/\/fgtb-verviers.be\/de\/agenda\/schliesung-der-arbeitslosenabteilung-am-28-12-2023\/#breadcrumb"},"inLanguage":"de","potentialAction":[{"@type":"ReadAction","target":["http:\/\/fgtb-verviers.be\/de\/agenda\/schliesung-der-arbeitslosenabteilung-am-28-12-2023\/"]}]},{"@type":"BreadcrumbList","@id":"http:\/\/fgtb-verviers.be\/de\/agenda\/schliesung-der-arbeitslosenabteilung-am-28-12-2023\/#breadcrumb","itemListElement":[{"@type":"ListItem","position":1,"name":"Accueil","item":"http:\/\/fgtb-verviers.be\/"},{"@type":"ListItem","position":2,"name":"Schlie\u00dfung der Arbeitslosenabteilung am 28.12.2023"}]},{"@type":"WebSite","@id":"http:\/\/fgtb-verviers.be\/#website","url":"http:\/\/fgtb-verviers.be\/","name":"FGTB Verviers","description":"Ensemble, on est plus forts !","potentialAction":[{"@type":"SearchAction","target":{"@type":"EntryPoint","urlTemplate":"http:\/\/fgtb-verviers.be\/?s={search_term_string}"},"query-input":{"@type":"PropertyValueSpecification","valueRequired":true,"valueName":"search_term_string"}}],"inLanguage":"de"}]}},"_links":{"self":[{"href":"http:\/\/fgtb-verviers.be\/de\/wp-json\/wp\/v2\/agenda\/633","targetHints":{"allow":["GET"]}}],"collection":[{"href":"http:\/\/fgtb-verviers.be\/de\/wp-json\/wp\/v2\/agenda"}],"about":[{"href":"http:\/\/fgtb-verviers.be\/de\/wp-json\/wp\/v2\/types\/agenda"}],"wp:attachment":[{"href":"http:\/\/fgtb-verviers.be\/de\/wp-json\/wp\/v2\/media?parent=633"}],"wp:term":[{"taxonomy":"category","embeddable":true,"href":"http:\/\/fgtb-verviers.be\/de\/wp-json\/wp\/v2\/categories?post=633"}],"curies":[{"name":"wp","href":"https:\/\/api.w.org\/{rel}","templated":true}]}}

Schließung der Arbeitslosenabteilung am 28.12.2023

<p>
            <strong>Die Arbeitslosenbehörde ist ausnahmsweise geschlossen am</strong>
          </p>
          

          
          

          

          
          

          <p>
            <strong>
              <u>Donnerstag 28/12/2023</u>
            </strong>
          </p>
          

          
          

          

          
          

          <p>
            <strong>Für die Kodierung von Zahlungen</strong>
          </p>
          

          
          

          

          
          

          <p>
            <strong>Vielen Dank für Ihr Verständnis.</strong>
          </p>

<p>Die Arbeitslosenbehörde ist ausnahmsweise geschlossen am Donnerstag 28/12/2023 Für die Kodierung von Zahlungen Vielen Dank für Ihr Verständnis.</p>

<!-- This site is optimized with the Yoast SEO plugin v27.4 - https://yoast.com/product/yoast-seo-wordpress/ -->
<title>Schließung der Arbeitslosenabteilung am 28.12.2023 - FGTB Verviers</title>
<meta name="robots" content="index, follow, max-snippet:-1, max-image-preview:large, max-video-preview:-1" />
<link rel="canonical" href="http://fgtb-verviers.be/de/agenda/schliesung-der-arbeitslosenabteilung-am-28-12-2023/" />
<meta property="og:locale" content="de_DE" />
<meta property="og:type" content="article" />
<meta property="og:title" content="Schließung der Arbeitslosenabteilung am 28.12.2023 - FGTB Verviers" />
<meta property="og:description" content="Die Arbeitslosenbehörde ist ausnahmsweise geschlossen am Donnerstag 28/12/2023 Für die Kodierung von Zahlungen Vielen Dank für Ihr Verständnis." />
<meta property="og:url" content="http://fgtb-verviers.be/de/agenda/schliesung-der-arbeitslosenabteilung-am-28-12-2023/" />
<meta property="og:site_name" content="FGTB Verviers" />
<meta name="twitter:card" content="summary_large_image" />
<script type="application/ld+json" class="yoast-schema-graph">{"@context":"https:\/\/schema.org","@graph":[{"@type":"WebPage","@id":"http:\/\/fgtb-verviers.be\/de\/agenda\/schliesung-der-arbeitslosenabteilung-am-28-12-2023\/","url":"http:\/\/fgtb-verviers.be\/de\/agenda\/schliesung-der-arbeitslosenabteilung-am-28-12-2023\/","name":"Schließung der Arbeitslosenabteilung am 28.12.2023 - FGTB Verviers","isPartOf":{"@id":"http:\/\/fgtb-verviers.be\/#website"},"datePublished":"2023-12-19T09:18:17+00:00","breadcrumb":{"@id":"http:\/\/fgtb-verviers.be\/de\/agenda\/schliesung-der-arbeitslosenabteilung-am-28-12-2023\/#breadcrumb"},"inLanguage":"de","potentialAction":[{"@type":"ReadAction","target":["http:\/\/fgtb-verviers.be\/de\/agenda\/schliesung-der-arbeitslosenabteilung-am-28-12-2023\/"]}]},{"@type":"BreadcrumbList","@id":"http:\/\/fgtb-verviers.be\/de\/agenda\/schliesung-der-arbeitslosenabteilung-am-28-12-2023\/#breadcrumb","itemListElement":[{"@type":"ListItem","position":1,"name":"Accueil","item":"http:\/\/fgtb-verviers.be\/"},{"@type":"ListItem","position":2,"name":"Schließung der Arbeitslosenabteilung am 28.12.2023"}]},{"@type":"WebSite","@id":"http:\/\/fgtb-verviers.be\/#website","url":"http:\/\/fgtb-verviers.be\/","name":"FGTB Verviers","description":"Ensemble, on est plus forts !","potentialAction":[{"@type":"SearchAction","target":{"@type":"EntryPoint","urlTemplate":"http:\/\/fgtb-verviers.be\/?s={search_term_string}"},"query-input":{"@type":"PropertyValueSpecification","valueRequired":true,"valueName":"search_term_string"}}],"inLanguage":"de"}]}</script>
<!-- / Yoast SEO plugin. -->

Schließung der Arbeitslosenabteilung am 28.12.2023 - FGTB Verviers

Die Arbeitslosenbehörde ist ausnahmsweise geschlossen am Donnerstag 28/12/2023 Für die Kodierung von Zahlungen Vielen Dank für Ihr Verständnis.
